{"id":1501,"date":"2020-11-25T18:39:17","date_gmt":"2020-11-25T17:39:17","guid":{"rendered":"http:\/\/34.65.96.88\/index.php\/product\/shp-miel-120ml\/"},"modified":"2024-09-21T16:35:00","modified_gmt":"2024-09-21T14:35:00","slug":"shp-miel-120ml","status":"publish","type":"product","link":"https:\/\/healthstore.mc\/index.php\/product\/shp-miel-120ml\/","title":{"rendered":"Shp miel 120ml"},"content":{"rendered":"<p>Particuli\u00e8rement adapt\u00e9 aux cheveux fins et courts, ce shampooing leur redonne volume et vitalit\u00e9 ainsi qu&rsquo;une brillance exceptionnelle. Sa formule douce, \u00e0 base de v\u00e9ritable miel d&rsquo;acacia, permet un usage quotidien si n\u00e9cessaire.<\/p>\n<p>R\u00e9partir une faible quantit\u00e9 de shampooing sur le cuir chevelu abondamment mouill\u00e9. Masser en ajoutant progressivement de faibles quantit\u00e9s d&rsquo;eau. Finir en rin\u00e7ant abondamment jusqu&rsquo;\u00e0 ce que les cheveux crissent entre les doigts.<\/p>\n<p>Aqua<br \/>\n**Ammonium Lauryl Sulfate<br \/>\n**Lauryl Glucose Carboxylate<br \/>\n**Lauryl Glucoside<br \/>\n**Sodium Lauroyl Oat Aminoacids<br \/>\nAcrylates\/Hydroxyesters Acrylates Copolymer<br \/>\n*Glycereth-2 cocoate<br \/>\n*Honey<br \/>\n*Juglans regia (walnut) nut extract<br \/>\n*Hydrolysed Wheat Protein<br \/>\n*Parfum (Fragrance)<br \/>\nPropylene Glycol<br \/>\nTrietanolamine<br \/>\n*Rosa Canina<br \/>\n*Polyquaternium-70<br \/>\n*Dipropylene Glycol<br \/>\nPolyimide-1<br \/>\n*PEG-15 Cocopolyamine<br \/>\nMethylchloroisothiazolinone<br \/>\nMethylisothiazolinone<br \/>\nButylphenyl Methylpropional<br \/>\nLinalool<br \/>\nAmyl Cinnamal<br \/>\nGeraniol<\/p>\n<p>*Origin Natural<br \/>\n**Certified BIO<\/p>\n<p>Sans silicone, sans coaltar, sans paraben et sans sodium laureth sulfate.<\/p>\n","protected":false},"excerpt":{"rendered":"<p>Shampooing doux volumateur. 120 ml<\/p>\n","protected":false},"featured_media":1770,"comment_status":"open","ping_status":"closed","template":"","meta":[],"product_brand":[],"product_cat":[37],"product_tag":[],"class_list":{"0":"post-1501","1":"product","2":"type-product","3":"status-publish","4":"has-post-thumbnail","6":"product_cat-leonor-greyl","7":"entry","9":"first","10":"instock","11":"taxable","12":"shipping-taxable","13":"purchasable","14":"product-type-simple"},"jetpack_sharing_enabled":true,"_links":{"self":[{"href":"https:\/\/healthstore.mc\/index.php\/wp-json\/wp\/v2\/product\/1501","targetHints":{"allow":["GET"]}}],"collection":[{"href":"https:\/\/healthstore.mc\/index.php\/wp-json\/wp\/v2\/product"}],"about":[{"href":"https:\/\/healthstore.mc\/index.php\/wp-json\/wp\/v2\/types\/product"}],"replies":[{"embeddable":true,"href":"https:\/\/healthstore.mc\/index.php\/wp-json\/wp\/v2\/comments?post=1501"}],"wp:featuredmedia":[{"embeddable":true,"href":"https:\/\/healthstore.mc\/index.php\/wp-json\/wp\/v2\/media\/1770"}],"wp:attachment":[{"href":"https:\/\/healthstore.mc\/index.php\/wp-json\/wp\/v2\/media?parent=1501"}],"wp:term":[{"taxonomy":"product_brand","embeddable":true,"href":"https:\/\/healthstore.mc\/index.php\/wp-json\/wp\/v2\/product_brand?post=1501"},{"taxonomy":"product_cat","embeddable":true,"href":"https:\/\/healthstore.mc\/index.php\/wp-json\/wp\/v2\/product_cat?post=1501"},{"taxonomy":"product_tag","embeddable":true,"href":"https:\/\/healthstore.mc\/index.php\/wp-json\/wp\/v2\/product_tag?post=1501"}],"curies":[{"name":"wp","href":"https:\/\/api.w.org\/{rel}","templated":true}]}}