{"id":2895,"date":"2022-03-14T15:25:28","date_gmt":"2022-03-14T14:25:28","guid":{"rendered":"https:\/\/healthstore.mc\/?post_type=product&#038;p=2895"},"modified":"2024-09-21T16:31:47","modified_gmt":"2024-09-21T14:31:47","slug":"lipaseam-84gel","status":"publish","type":"product","link":"https:\/\/healthstore.mc\/index.php\/product\/lipaseam-84gel\/","title":{"rendered":"Lipas\u00e9am 84gel"},"content":{"rendered":"<h3>Lipas\u00e9am vous apporte :<\/h3>\n<p>2 actifs d\u2019origine v\u00e9g\u00e9tale, qui aident \u00e0\u00a0<strong>r\u00e9duire l\u2019apport calorique\u00a0<\/strong>et aident ainsi au\u00a0<strong>contr\u00f4le du poids\u00a0<\/strong>:<\/p>\n<p>de la caroube :\u00a0<strong>aide \u00e0 r\u00e9duire l\u2019app\u00e9tit<\/strong>\u00a0et \u00e0 favoriser ainsi la\u00a0<strong>sati\u00e9t\u00e9<\/strong><\/p>\n<p>un extrait d\u2019<em>Ascophyllum nodosum\u00a0<\/em>: contribue \u00e0\u00a0<strong>diminuer l\u2019absorption des graisses alimentaires<\/strong><\/p>\n<p>De l\u2019opuntia, du chitosane v\u00e9g\u00e9tal et un extrait de romarin<\/p>\n<p><strong>3 acides amin\u00e9s\u00a0<\/strong>: la L-Tyrosine, la L-Ph\u00e9nylalanine et le 5-Hydroxytryptophane (5-HTP)<\/p>\n<h3 style=\"text-align: left;\">\u00c0 qui s\u2019adresse Lipas\u00e9am ?<\/h3>\n<p style=\"text-align: left;\">Le compl\u00e9ment alimentaire Lipas\u00e9am est recommand\u00e9 aux personnes :<\/p>\n<ul>\n<li style=\"text-align: left;\">Souhaitant mod\u00e9rer leur app\u00e9tit<\/li>\n<li style=\"text-align: left;\">D\u00e9sirant r\u00e9duire l\u2019absorption des graisses provenant de leur alimentation<\/li>\n<li style=\"text-align: left;\">Dont le rythme de vie les am\u00e8ne \u00e0 souvent manger au restaurant<\/li>\n<\/ul>\n<h4 class=\"et_pb_toggle_title\">Conseils d&rsquo;utilisation<\/h4>\n<div class=\"et_pb_toggle_content clearfix\">\n<ul>\n<li>Programme de 3 \u00e0 4 semaines.<\/li>\n<li>\u00c0 consommer avec un grand verre d\u2019eau.<em><br \/>\n<\/em><\/li>\n<li>Convient aux v\u00e9g\u00e9tariens et aux v\u00e9g\u00e9taliens.<\/li>\n<li>\u00c0 consommer de pr\u00e9f\u00e9rence avant la date indiqu\u00e9e sous l\u2019\u00e9tui.<\/li>\n<li>Bien refermer apr\u00e8s ouverture. \u00c0 conserver dans un endroit sec et frais.<\/li>\n<li>Doit \u00eatre consomm\u00e9 en association avec des mesures hygi\u00e9no-di\u00e9t\u00e9tiques, telles que la pratique d\u2019une activit\u00e9 physique r\u00e9guli\u00e8re et une alimentation \u00e9quilibr\u00e9e.<\/li>\n<li><strong>R\u00e9serv\u00e9 \u00e0 l\u2019adulte except\u00e9 la femme enceinte ou allaitante.<\/strong><\/li>\n<li><strong>Les personnes sous contr\u00f4le m\u00e9dical doivent demander conseil \u00e0 leur m\u00e9decin traitant.<\/strong><\/li>\n<\/ul>\n<table border=\"0\" width=\"100%\" cellspacing=\"0\" cellpadding=\"10\">\n<tbody>\n<tr>\n<td bgcolor=\"#fdb414\" width=\"60%\"><strong>Conseils d\u2019utilisation<\/strong><\/td>\n<td bgcolor=\"#fdb414\" width=\"20%\">Midi<\/td>\n<td bgcolor=\"#fdb414\" width=\"20%\">Soir<\/td>\n<\/tr>\n<tr>\n<td bgcolor=\"#fdd273\" width=\"60%\">En d\u00e9but de repas<\/td>\n<td bgcolor=\"#fbe3ad\" width=\"20%\"><strong>2 g\u00e9lules<\/strong><\/td>\n<td bgcolor=\"#fdd273\" width=\"20%\"><strong>2 g\u00e9lules<\/strong><\/td>\n<\/tr>\n<\/tbody>\n<\/table>\n<table border=\"0\" width=\"100%\" cellspacing=\"0\" cellpadding=\"10\">\n<tbody>\n<tr>\n<td bgcolor=\"#fdd273\" width=\"60%\">Ou pendant un repas riche<\/td>\n<td align=\"center\" bgcolor=\"#FBF8EF\" width=\"40%\"><strong>3 g\u00e9lules<\/strong><\/td>\n<\/tr>\n<\/tbody>\n<\/table>\n<h5>Ce compl\u00e9ment alimentaire n\u2019est pas un m\u00e9dicament. Il est recommand\u00e9 de respecter la dose journali\u00e8re indiqu\u00e9e, de le consommer dans le cadre d\u2019une alimentation vari\u00e9e et \u00e9quilibr\u00e9e, d\u2019un mode de vie sain, et de le tenir hors de port\u00e9e des jeunes enfants.<\/h5>\n<h4 class=\"et_pb_toggle_title\">Composition<\/h4>\n<div class=\"et_pb_toggle_content clearfix\">\n<p>Ingr\u00e9dients : cladode de figuier de Barbarie\u00a0<em>(Opuntia ficus-indica)<\/em>, pulpe (fruit) de caroube\u00a0<em>(Ceratonia siliqua)<\/em>, chitosane v\u00e9g\u00e9tal, extrait sec d\u2019algue brune\u00a0<em>(Ascophyllum nodosum)<\/em>, extrait de feuille de romarin\u00a0<em>(Rosmarinus officinalis)<\/em>, L-Tyrosine, extrait de graine de haricot blanc\u00a0<em>(Phaseolus vulgaris)<\/em>, L-Ph\u00e9nylalanine, 5-Hydroxytryptophane (5-HTP) extrait de\u00a0<em>Griffonia simplicifolia<\/em>, anti-agglom\u00e9rant : st\u00e9arate de magn\u00e9sium v\u00e9g\u00e9tal, vitamine E naturelle (D-alpha tocoph\u00e9rol), choline bitartrate, chlorhydrate de b\u00e9ta\u00efne, inositol, vitamine B3 (nicotinamide), vitamine B6 (chlorhydrate de pyridoxine). G\u00e9lule : hydroxypropylmethylcellulose, colorant : complexes cuivriques de chlorophyllines.<\/p>\n<table border=\"0\" width=\"100%\" cellspacing=\"0\" cellpadding=\"10\">\n<tbody>\n<tr>\n<td bgcolor=\"#666666\"><strong>Composition moyenne pour 4 g\u00e9lules\/jour (2912 mg)<\/strong><\/td>\n<\/tr>\n<\/tbody>\n<\/table>\n<table border=\"0\" width=\"100%\" cellspacing=\"0\" cellpadding=\"10\">\n<tbody>\n<tr>\n<td align=\"left\" bgcolor=\"#A2A2A2\" width=\"50\">Ingr\u00e9dients<\/td>\n<td align=\"right\" bgcolor=\"#A2A2A2\" width=\"20%\">Dosage<\/td>\n<\/tr>\n<tr>\n<td align=\"left\" bgcolor=\"#CCCCCC\"><strong>Kitopure<\/strong><\/td>\n<td align=\"right\" bgcolor=\"#CCCCCC\"><strong>1680 mg<\/strong><\/td>\n<\/tr>\n<\/tbody>\n<\/table>\n<table border=\"0\" width=\"100%\" cellspacing=\"0\" cellpadding=\"10\">\n<tbody>\n<tr>\n<td bgcolor=\"#f1efee\">\n<h5><em>Opuntia ficus-Indica<\/em>\u00a01280 mg, Chitosane v\u00e9g\u00e9tal 400 mg<\/h5>\n<\/td>\n<\/tr>\n<\/tbody>\n<\/table>\n<table border=\"0\" width=\"100%\" cellspacing=\"0\" cellpadding=\"10\">\n<tbody>\n<tr>\n<td align=\"left\" bgcolor=\"#CCCCCC\" width=\"50\"><strong>FibroSat-NL900<\/strong><\/td>\n<td align=\"right\" bgcolor=\"#CCCCCC\" width=\"20%\"><strong>900 mg<\/strong><\/td>\n<\/tr>\n<\/tbody>\n<\/table>\n<table border=\"0\" width=\"100%\" cellspacing=\"0\" cellpadding=\"10\">\n<tbody>\n<tr>\n<td bgcolor=\"#f1efee\">\n<h5>Caroube 450 mg, extrait d\u2019<em>Ascophyllum nodosum\u00a0<\/em>200 mg, extrait de romarin 150 mg, extrait de\u00a0<em>Phaseolus<\/em>\u00a0<em>vulgaris<\/em>\u00a0100 mg<\/h5>\n<\/td>\n<\/tr>\n<\/tbody>\n<\/table>\n<table border=\"0\" cellspacing=\"0\" cellpadding=\"10\">\n<tbody>\n<tr>\n<td align=\"left\" bgcolor=\"#CCCCCC\" width=\"1316\"><strong>AminoSat-300<\/strong><\/td>\n<td align=\"right\" bgcolor=\"#CCCCCC\" width=\"326\"><strong>249 mg<\/strong><\/td>\n<\/tr>\n<\/tbody>\n<\/table>\n<table border=\"0\" width=\"100%\" cellspacing=\"0\" cellpadding=\"10\">\n<tbody>\n<tr>\n<td bgcolor=\"#f1efee\">\n<h5>L-Tyrosine 120 mg, L-Ph\u00e9nylalanine 80 mg, 5-Hydroxytryptophane 48 mg, Vitamine B6 1,4 mg (100 % VNR*)<\/h5>\n<\/td>\n<\/tr>\n<\/tbody>\n<\/table>\n<table border=\"0\" cellspacing=\"0\" cellpadding=\"10\">\n<tbody>\n<tr>\n<td align=\"left\" bgcolor=\"#CCCCCC\" width=\"1316\"><strong>Complexe \u03b2-lipochol<\/strong><\/td>\n<td align=\"right\" bgcolor=\"#CCCCCC\" width=\"326\"><strong>83 mg<\/strong><\/td>\n<\/tr>\n<\/tbody>\n<\/table>\n<table border=\"0\" width=\"100%\" cellspacing=\"0\" cellpadding=\"10\">\n<tbody>\n<tr>\n<td bgcolor=\"#f1efee\">\n<h5>Choline bitartrate 20 mg \u00e9quivalent \u00e0 5 mg de choline, b\u00e9ta\u00efne HCl 20 mg \u00e9quivalent \u00e0 15 mg de b\u00e9ta\u00efne, inositol 20 mg, vitamine B3 16 mg (100 % VNR*), vitamine E naturelle 7,2 mg (60 % VNR*)<\/h5>\n<\/td>\n<\/tr>\n<\/tbody>\n<\/table>\n<h5><em>* Valeurs Nutritionnelles de R\u00e9f\u00e9rence.<\/em><\/h5>\n<p>Poids net : 70 g. \u2013 Code ACL : 3401520517929<\/p>\n<\/div>\n<\/div>\n<p>&nbsp;<\/p>\n","protected":false},"excerpt":{"rendered":"<div class=\"et_pb_module et_pb_wc_title et_pb_wc_title_0_tb_body et_pb_bg_layout_light\">\n<div class=\"et_pb_module_inner\">\n<h2>Lipas\u00e9am<\/h2>\n<\/div>\n<\/div>\n<div id=\"fp-tags\" class=\"et_pb_module et_pb_text et_pb_text_1_tb_body et_pb_text_align_left et_pb_bg_layout_light\">\n<div class=\"et_pb_text_inner\">\n<div class=\"woocommerce et-dynamic-content-woo et-dynamic-content-woo--product_short_description\">\n<p>Capteur de graisses<\/p>\n<\/div>\n<\/div>\n<\/div>\n<div class=\"et_pb_module et_pb_wc_description et_pb_wc_description_0_tb_body produit-description et_pb_bg_layout_light et_pb_text_align_left\">\n<div class=\"et_pb_module_inner\">\n<p>R\u00e9duire l\u2019absorption des graisses pour aider \u00e0 perdre du poids. Lipas\u00e9am, compl\u00e9ment alimentaire\u00a0<strong>issu de la recherche en micronutrition<\/strong>\u00a0:<\/p>\n<ul>\n<li>Contient\u00a0<strong>15 actifs<\/strong><\/li>\n<li>Prise\u00a0<strong>ponctuelle<\/strong>\u00a0ou en\u00a0<strong>programme<\/strong><\/li>\n<li><strong>1 bo\u00eete : programme de 3 \u00e0 4 semaines.<\/strong><\/li>\n<\/ul>\n<\/div>\n<\/div>\n","protected":false},"featured_media":2896,"comment_status":"open","ping_status":"closed","template":"","meta":[],"product_brand":[],"product_cat":[23],"product_tag":[],"class_list":{"0":"post-2895","1":"product","2":"type-product","3":"status-publish","4":"has-post-thumbnail","6":"product_cat-23","7":"entry","9":"first","10":"instock","11":"taxable","12":"shipping-taxable","13":"purchasable","14":"product-type-simple"},"jetpack_sharing_enabled":true,"_links":{"self":[{"href":"https:\/\/healthstore.mc\/index.php\/wp-json\/wp\/v2\/product\/2895","targetHints":{"allow":["GET"]}}],"collection":[{"href":"https:\/\/healthstore.mc\/index.php\/wp-json\/wp\/v2\/product"}],"about":[{"href":"https:\/\/healthstore.mc\/index.php\/wp-json\/wp\/v2\/types\/product"}],"replies":[{"embeddable":true,"href":"https:\/\/healthstore.mc\/index.php\/wp-json\/wp\/v2\/comments?post=2895"}],"wp:featuredmedia":[{"embeddable":true,"href":"https:\/\/healthstore.mc\/index.php\/wp-json\/wp\/v2\/media\/2896"}],"wp:attachment":[{"href":"https:\/\/healthstore.mc\/index.php\/wp-json\/wp\/v2\/media?parent=2895"}],"wp:term":[{"taxonomy":"product_brand","embeddable":true,"href":"https:\/\/healthstore.mc\/index.php\/wp-json\/wp\/v2\/product_brand?post=2895"},{"taxonomy":"product_cat","embeddable":true,"href":"https:\/\/healthstore.mc\/index.php\/wp-json\/wp\/v2\/product_cat?post=2895"},{"taxonomy":"product_tag","embeddable":true,"href":"https:\/\/healthstore.mc\/index.php\/wp-json\/wp\/v2\/product_tag?post=2895"}],"curies":[{"name":"wp","href":"https:\/\/api.w.org\/{rel}","templated":true}]}}