{"id":2898,"date":"2022-03-14T17:00:45","date_gmt":"2022-03-14T16:00:45","guid":{"rendered":"https:\/\/healthstore.mc\/?post_type=product&#038;p=2898"},"modified":"2024-09-21T16:37:11","modified_gmt":"2024-09-21T14:37:11","slug":"lait-serum-corps-anti-age-raffermissant-150ml","status":"publish","type":"product","link":"https:\/\/healthstore.mc\/index.php\/product\/lait-serum-corps-anti-age-raffermissant-150ml\/","title":{"rendered":"Lait S\u00e9rum Corps ANTI-\u00c2GE &#038; RAFFERMISSANT 150ml"},"content":{"rendered":"<div>\n<div class=\"z-main-product__extra-item-wrap-title summary__title\">\n<h2 class=\"z-main-product__extra-item-title accordion__title\">MODE D&rsquo;EMPLOI<\/h2>\n<\/div>\n<\/div>\n<div class=\"z-main-product__extra-item-content accordion__content rte\">\n<p><span class=\"metafield-multi_line_text_field\">Appliquer sur le corps, sur une peau propre, s\u00e8che, voire exfoli\u00e9e, en r\u00e9alisant des massages circulaires jusqu&rsquo;\u00e0 ce que le lait concentr\u00e9 soit compl\u00e8tement absorb\u00e9. Renouveler l&rsquo;application aussi souvent que n\u00e9cessaire.<\/span><\/p>\n<div>\n<div class=\"z-main-product__extra-item-wrap-title summary__title\">\n<h2 class=\"z-main-product__extra-item-title accordion__title\">INGR\u00c9DIENTS ACTIFS<\/h2>\n<\/div>\n<\/div>\n<div class=\"z-main-product__extra-item-content accordion__content rte\">\n<p><span class=\"metafield-multi_line_text_field\">HYDRATANT<br \/>\n\u2022 Complexe hydratant osmoprotecteur (Erythritol + Homarine)<br \/>\n\u2022 Polysaccharide<br \/>\nHYDRATANT +<br \/>\n\u2022 Acide hyaluronique<br \/>\n\u2022 Beurre de Karit\u00e9<\/span><\/p>\n<p>ANTIOXYDANT<br \/>\n\u2022 Micro-algue verte &#8211; Scenedesmus<br \/>\n\u2022 Huile de grenade<br \/>\nFERMETE<br \/>\n\u2022 Peptide de petit pois<br \/>\n\u2022 Extrait de Centella<br \/>\nAsiatica<\/p>\n<p>ANTI-AGE GLOBAL<br \/>\n\u2022 Cellules souches de Chardon bleu maritime &#8211; Eryngium maritimum<\/p>\n<div>\n<div class=\"z-main-product__extra-item-wrap-title summary__title\">\n<h2 class=\"z-main-product__extra-item-title accordion__title\">INCI<\/h2>\n<\/div>\n<\/div>\n<div class=\"z-main-product__extra-item-content accordion__content rte\">\n<p><span class=\"metafield-multi_line_text_field\">INGR\u00c9DIENTS*: AQUA (WATER), BUTYROSPERMUM PARKII (SHEA BUTTER), LINOLEIC ACID, ADANSONIA DIGITATA (BAOBAB) SEED OIL, PUNICA GRANATUM SEED OIL, CAPRYLIC\/CAPRIC TRIGLYCERIDE, BUTYLENE GLYCOL, PROPANEDIOL, ERYTHRITOL, LAUROYL LYSINE, JOJOBA ESTERS, SODIUM HYALURONATE, ERYNGIUM MARITIMUM (SEA HOLME) EXTRACT, CENTELLA ASIATICA EXTRACT, ACACIA DECURRENS FLOWER WAX, SPILANTHES ACMELLA FLOWER EXTRACT, PISUM SATIVUM (PEA) EXTRACT, ACACIA SENEGAL GUM, BIOSACCHARIDE GUM-1, BACILLUS FERMENT, GLYCERIN, PLANKTON EXTRACT, CETYL ALCOHOL, HELIANTHUS ANNUUS (SUNFLOWER) SEED WAX, GLYCERYL STEARATE, DARUTOSIDE, LINOLENIC ACID, PEG-75 STEARATE, HOMARINE HCL, CYCLODEXTRIN, CETETH-20, PROPYLENE GLYCOL, STEARETH-20, XANTHAN GUM, POLYACRYLATE CROSSPOLYMER-6, CAPRYLHYDROXAMIC ACID, SODIUM LEVULINATE, POLYGLYCERIN-3, SODIUM ANISATE, GLYCERYL CAPRYLATE, 1,2-HEXANEDIOL, DIMETHYLMETHOXY CHROMANOL, SODIUM HYDROXIDE, POTASSIUM SORBATE, SODIUM BENZOATE, SODIUM GLUCONATE, PARFUM (FRAGRANCE).<br \/>\n*Les listes d&rsquo;ingr\u00e9dients entrant dans la composition des produits CODAGE Paris sont r\u00e9guli\u00e8rement mises \u00e0 jour. Avant d&rsquo;utiliser un produit, veuillez consulter la liste d&rsquo;ingr\u00e9dients figurant sur son emballage qui pr\u00e9vaut, afin de vous assurer que les ingr\u00e9dients sont adapt\u00e9s \u00e0 votre utilisation personnelle.<\/span><\/p>\n<div class=\"s-faq__item-title c-body\" data-accordion-trigger=\"\" aria-expanded=\"true\" aria-controls=\"#s-faq__item-7a3f7825-2083-4497-9b95-3011581f8d17\">\n<p>LES CONSEILS DE NOTRE DERMATOLOGUE<\/p>\n<\/div>\n<div id=\"s-faq__item-7a3f7825-2083-4497-9b95-3011581f8d17\" class=\"s-faq__item-txt\" data-accordion-panel=\"\">\n<p><span class=\"metafield-multi_line_text_field\">Le Lait Concentr\u00e9 Anti-\u00e2ge et Raffermissant est un v\u00e9ritable S\u00e9rum Anti-\u00e2ge global. La perte de fermet\u00e9 est trait\u00e9 gr\u00e2ce \u00e0 un Peptide de Petit Pois, la peau prot\u00e9g\u00e9e par de l&rsquo;Huile de Grenade \u00e0 l&rsquo;action antioxydante, et tous les signes de l&rsquo;\u00e2ge sont trait\u00e9 gr\u00e2ce \u00e0 des Cellules Souches de Charbon Bleu Maritime qui reprogramme la cr\u00e9ation des cellules. La peau est \u00e9galement profond\u00e9ment hydrat\u00e9e sur toutes les couches cutan\u00e9es gr\u00e2ce \u00e0 un Complexe Hydratant Protecteur et du Beurre de Karit\u00e9. Comme un S\u00e9rum visage, il p\u00e9n\u00e9trera plus profond\u00e9ment votre peau pour lui apporter des actifs ultra-concentr\u00e9s et r\u00e9pondre \u00e0 ses besoins.<\/span><\/p>\n<div class=\"s-faq__item-title c-body\" data-accordion-trigger=\"\" aria-expanded=\"true\" aria-controls=\"#s-faq__item-343cd3e8-c20c-4538-8461-8f0e6f08e590\">\n<p>LE LAIT CONCENTR\u00c9 CORPS ANTI-A\u0302GE &amp; RAFFERMISSANT EST-IL FAIT POUR MOI ?<\/p>\n<\/div>\n<div id=\"s-faq__item-343cd3e8-c20c-4538-8461-8f0e6f08e590\" class=\"s-faq__item-txt\" data-accordion-panel=\"\">\n<p><span class=\"metafield-multi_line_text_field\">Vous souhaitez maintenir l&rsquo;hydratation et la jeunesse de votre peau de mani\u00e8re globale ou localis\u00e9e. Pour vous accorder un moment de d\u00e9tente, de r\u00e9confort et de bien-\u00eatre.<\/span><\/p>\n<div class=\"s-faq__item-title c-body\" data-accordion-trigger=\"\" aria-expanded=\"true\" aria-controls=\"#s-faq__item-9d9df6ae-32ea-4ca3-b7b0-2a382d81b728\">\n<p>COMMENT INT\u00c9GRER LE LAIT CONCENTR\u00c9 CORPS ANTI-A\u0302GE &amp; RAFFERMISSANT DANS MA ROUTINE ?<\/p>\n<\/div>\n<div id=\"s-faq__item-9d9df6ae-32ea-4ca3-b7b0-2a382d81b728\" class=\"s-faq__item-txt\" data-accordion-panel=\"\">\n<p><span class=\"metafield-multi_line_text_field\">Apr\u00e8s avoir nettoy\u00e9 votre peau, appliquez votre Lait Concentr\u00e9 Anti-\u00e2ge et Raffermissant sur les zones souhait\u00e9es ou sur tout votre corps, puis d\u00e9cuplez ses effets et prot\u00e9gez votre peau \u00e0 l&rsquo;aide du Lait Mains et Corps ou d&rsquo;une Huile de votre choix.<\/span><\/p>\n<div class=\"s-faq__item-title c-body\" data-accordion-trigger=\"\" aria-expanded=\"true\" aria-controls=\"#s-faq__item-f0c18871-cf34-407e-9482-2c7737c9699a\">\n<p>QUELLE EST LA TEXTURE ET LE PARFUM DE CE PRODUIT ?<\/p>\n<\/div>\n<div id=\"s-faq__item-f0c18871-cf34-407e-9482-2c7737c9699a\" class=\"s-faq__item-txt\" data-accordion-panel=\"\">\n<p><span class=\"metafield-multi_line_text_field\">Texture fondante et cr\u00e9meuse qui p\u00e9n\u00e8tre rapidement et laisse un fini velout\u00e9 et satin\u00e9, et une peau d\u00e9licatement parfum\u00e9e d&rsquo;un parfum mixte et sans allerg\u00e8nes aux notes de Bergamote, Rhubarbe, Violette, Coco, Lilas, Patchouli, Vanille et Musc.<\/span><\/p>\n<div class=\"s-faq__item-title c-body\" data-accordion-trigger=\"\" aria-expanded=\"true\" aria-controls=\"#s-faq__item-e8bc0233-8c5f-4572-9419-53acdc2d101f\">\n<p>CE QUE JE NE TROUVERAI PAS DANS CETTE COMPOSITION ?<\/p>\n<\/div>\n<div id=\"s-faq__item-e8bc0233-8c5f-4572-9419-53acdc2d101f\" class=\"s-faq__item-txt\" data-accordion-panel=\"\">\n<p><span class=\"metafield-multi_line_text_field\">Sans silicone<br \/>\nSans BHT \/ BHA<br \/>\nSans EDTA<br \/>\nSans ph\u00e9noxy\u00e9thanol<br \/>\nSans parab\u00e8nes<br \/>\nSans Chlorph\u00e9n\u00e9sine<br \/>\nSans Triclosan<br \/>\nSans huile min\u00e9rale<br \/>\nSans colorant<br \/>\nSans sulfates (SLES \/ SLS)<br \/>\nSans de phtalates<br \/>\nSans alcool<br \/>\nSans d&rsquo;ingr\u00e9dients d&rsquo;origine animale (100% VEGAN)<br \/>\nSans huile essentielle<br \/>\nSans allerg\u00e8ne<\/span><\/p>\n<\/div>\n<\/div>\n<\/div>\n<\/div>\n<\/div>\n<\/div>\n<\/div>\n<\/div>\n","protected":false},"excerpt":{"rendered":"<p>Le LAIT S\u00c9RUM CORPS ANTI-A\u0302GE SUPR\u00caME est un ve\u0301ritable concentre\u0301 de technologies anti-a\u0302ge: un alliage pre\u0301cieux de peptides, d\u2019acide hyaluronique, de Centella asiatica, et de cellules souches de chardon maritime hydrate et ame\u0301liore visiblement la fermete\u0301 et l\u2019e\u0301lasticite\u0301 de la peau tout en favorisant la re\u0301paration cutane\u0301e. L\u2019huile de grenade au pouvoir antioxydant prote\u0300ge la peau des agressions exte\u0301rieures et pre\u0301vient ainsi la perte de fermete\u0301. La peau est nourrie, lisse\u0301e et visiblement raffermie. Convient a\u0300 tous types de peaux, recommande\u0301 pour les peaux se\u0300ches en perte de fermete\u0301. Il s\u2019utilise sous forme de cure d\u2019un a\u0300 trois mois. Appliquer sur le corps, sur une peau propre, s\u00e8che voir exfoli\u00e9e, en r\u00e9alisant des massages circulaires jusqu&rsquo;\u00e0 ce que le lait concentr\u00e9 soit compl\u00e8tement absorb\u00e9. Renouveler l&rsquo;application aussi souvent que n\u00e9cessaire.<\/p>\n","protected":false},"featured_media":2899,"comment_status":"open","ping_status":"closed","template":"","meta":[],"product_brand":[],"product_cat":[33],"product_tag":[],"class_list":{"0":"post-2898","1":"product","2":"type-product","3":"status-publish","4":"has-post-thumbnail","6":"product_cat-codage","7":"entry","9":"first","10":"outofstock","11":"taxable","12":"shipping-taxable","13":"purchasable","14":"product-type-simple"},"jetpack_sharing_enabled":true,"_links":{"self":[{"href":"https:\/\/healthstore.mc\/index.php\/wp-json\/wp\/v2\/product\/2898","targetHints":{"allow":["GET"]}}],"collection":[{"href":"https:\/\/healthstore.mc\/index.php\/wp-json\/wp\/v2\/product"}],"about":[{"href":"https:\/\/healthstore.mc\/index.php\/wp-json\/wp\/v2\/types\/product"}],"replies":[{"embeddable":true,"href":"https:\/\/healthstore.mc\/index.php\/wp-json\/wp\/v2\/comments?post=2898"}],"wp:featuredmedia":[{"embeddable":true,"href":"https:\/\/healthstore.mc\/index.php\/wp-json\/wp\/v2\/media\/2899"}],"wp:attachment":[{"href":"https:\/\/healthstore.mc\/index.php\/wp-json\/wp\/v2\/media?parent=2898"}],"wp:term":[{"taxonomy":"product_brand","embeddable":true,"href":"https:\/\/healthstore.mc\/index.php\/wp-json\/wp\/v2\/product_brand?post=2898"},{"taxonomy":"product_cat","embeddable":true,"href":"https:\/\/healthstore.mc\/index.php\/wp-json\/wp\/v2\/product_cat?post=2898"},{"taxonomy":"product_tag","embeddable":true,"href":"https:\/\/healthstore.mc\/index.php\/wp-json\/wp\/v2\/product_tag?post=2898"}],"curies":[{"name":"wp","href":"https:\/\/api.w.org\/{rel}","templated":true}]}}