{"id":2901,"date":"2022-03-14T17:15:51","date_gmt":"2022-03-14T16:15:51","guid":{"rendered":"https:\/\/healthstore.mc\/?post_type=product&#038;p=2901"},"modified":"2024-09-21T16:35:53","modified_gmt":"2024-09-21T14:35:53","slug":"skin-recovery-10ml","status":"publish","type":"product","link":"https:\/\/healthstore.mc\/index.php\/product\/skin-recovery-10ml\/","title":{"rendered":"Skin Recovery 10ml"},"content":{"rendered":"<div>\n<div class=\"z-main-product__extra-item-wrap-title summary__title\">\n<h2 class=\"z-main-product__extra-item-title accordion__title\">B\u00c9N\u00c9FICES<\/h2>\n<\/div>\n<\/div>\n<div class=\"z-main-product__extra-item-content accordion__content rte\">\n<p><span class=\"metafield-multi_line_text_field\">R\u00e9pare la peau fragilis\u00e9e (peeling, laser, chirurgie)<br \/>\nNourrit et apaise intens\u00e9ment<br \/>\nCorrige les troubles pigmentaires (taches, rougeurs)<br \/>\nLisse les rides et raffermit la peau<br \/>\nR\u00e9hausse le seuil de tol\u00e9rance cutan\u00e9e<br \/>\nEstompe les rougeurs<\/span><\/p>\n<div>\n<div class=\"z-main-product__extra-item-wrap-title summary__title\">\n<h2 class=\"z-main-product__extra-item-title accordion__title\">MODE D&rsquo;EMPLOI<\/h2>\n<\/div>\n<\/div>\n<div class=\"z-main-product__extra-item-content accordion__content rte\">\n<p><span class=\"metafield-multi_line_text_field\">Flacon ferm\u00e9, appuyer fermement sur le compte-gouttes pendant 3 secondes pour le charger. L\u00e2cher la pression, d\u00e9visser le compte-goutte et appuyer dessus pour verser quelques gouttes de s\u00e9rum dans le creux de votre main.<br \/>\nAppliquer matin et\/ou soir sur la peau pr\u00e9alablement nettoy\u00e9e (visage, cou et d\u00e9collet\u00e9). Quelques gouttes suffisent. Appliquer sur les zones cibl\u00e9es et \u00e9taler le s\u00e9rum du bout des doigts par mouvements ascendants. Finir par quelques tapotements pour favoriser l&rsquo;absorption. Les s\u00e9rums de la Collection CODAGE peuvent \u00eatre m\u00e9lang\u00e9s ou superpos\u00e9s, afin de r\u00e9pondre \u00e0 diff\u00e9rents besoins. Une fois le(s) s\u00e9rum(s) absorb\u00e9(s), appliquer votre Cr\u00e8me Jour\/Nuit pour prot\u00e9ger la peau.<\/span><strong><br \/>\n<\/strong><strong>Tous types de peau<\/strong><\/p>\n<div>\n<div class=\"z-main-product__extra-item-wrap-title summary__title\">\n<h2 class=\"z-main-product__extra-item-title accordion__title\">NGR\u00c9DIENTS ACTIFS<\/h2>\n<\/div>\n<\/div>\n<div class=\"z-main-product__extra-item-content accordion__content rte\">\n<p><span class=\"metafield-multi_line_text_field\">HYDRATANT<br \/>\nAcide Hyaluronique Bas Poids Mol\u00e9culaire, Complexe Hydratant Osmoprotecteur Erythritol et Homarine HCL, Cellules Souches de Rose aux Cent Feuilles<\/p>\n<p>HYDRATANT +<br \/>\nAcide Hyaluronique Haut Poids Mol\u00e9culaire, Extrait de Salicorne<\/p>\n<p>APAISANT<br \/>\nEau Florale d&rsquo;Immortelle, Extrait de Belle de Nuit &#8211; Mirabilis Jalapa, Mad\u00e9cassoside<\/p>\n<p>ANTI-AGE GLOBAL<br \/>\nExtrait d&rsquo;Algue des Neiges, Peptide \u00c9pig\u00e9n\u00e9tique<\/p>\n<p>REPARATEUR<br \/>\nAcide Hyaluronique Moyen Poids Mol\u00e9culaire, Extrait d&rsquo;Herbe Saint-Paul, Sodium Carboxymethyl Beta-glucan, Extrait de Centella Asiatica<\/p>\n<p>ANTI-ROUGEURS<br \/>\nExtrait de Baies de Schisandra \u00e0 Fleurs Orange, Extrait de Pins des Alpes Suisses<\/p>\n<p>DETOXIFIANT<br \/>\nExtrait d&rsquo;Arbre \u00e0 Soie, Extrait d&rsquo;Algue Janie Rouge &#8211; Jania Rubens<\/p>\n<p>ANTI-TACHES<br \/>\nExtrait de Lys de Mer, Exopolysaccharides Marins, Complexe de Plantes M\u00e9dicinales Chinoises Astragalus : membranaceus, Bupleurum falcatum, Atractylodes macrocephala<\/span><\/p>\n<div>\n<div class=\"z-main-product__extra-item-wrap-title summary__title\">\n<h2 class=\"z-main-product__extra-item-title accordion__title\">INCI<\/h2>\n<\/div>\n<\/div>\n<div class=\"z-main-product__extra-item-content accordion__content rte\">\n<p><span class=\"metafield-multi_line_text_field\">INGR\u00c9DIENTS*:<br \/>\nAQUA (WATER), GLYCERIN, MALTODEXTRIN, BUTYLENE GLYCOL, C15-19 ALKANE, ALBIZIA JULIBRISSIN BARK EXTRACT, PENTYLENE GLYCOL, PASSIFLORA EDULIS SEED OIL, ADANSONIA DIGITATA (BAOBAB) SEED OIL, CENTELLA ASIATICA EXTRACT, COENOCHLORIS SIGNIENSIS EXTRACT, SALICORNIA HERBACEA EXTRACT, SODIUM HYALURONATE, MADECASSOSIDE, ROSA CENTIFOLIA FLOWER EXTRACT, MIRABILIS JALAPA EXTRACT, SCHIZANDRA SPHENANTHERA FRUIT EXTRACT, PINUS CEMBRA WOOD EXTRACT, HYDROLYZED HYALURONIC ACID, ASTRAGALUS MEMBRANACEUS ROOT EXTRACT, MADECASSIC ACID, PANCRATIUM MARITIMUM (SEA LILY) EXTRACT, ERYTHRITOL, ZINC GLUCONATE, HELICHRYSUM ITALICUM EXTRACT, COPPER GLUCONATE, JANIA RUBENS EXTRACT, METHYL METHACRYLATE CROSSPOLYMER, ATRACTYLODES MACROCEPHALA ROOT EXTRACT, HOMARINE HCL, LECITHIN, MAGNESIUM ASPARTATE, ASIATICOSIDE, LAUROYL LYSINE, SODIUM CARBOXYMETHYL BETA-GLUCAN, SACCHARIDE ISOMERATE, ASIATIC ACID, BUPLEURUM FALCATUM ROOT EXTRACT, DARUTOSIDE, ACETYL HEXAPEPTIDE-8, CAPRYLIC \/ CAPRIC TRIGLYCERIDE, HYDROXYETHYL ACRYLATE\/SODIUM ACRYLOYLDIMETHYL TAURATE COPOLYMER, CAPRYLYL GLYCOL, XANTHAN GUM, PROPANEDIOL, SORBITAN ISOSTEARATE, SODIUM PHOSPHATE, DISODIUM PHOSPHATE, HYDROXYACETOPHENONE, PHENETHYL ALCOHOL, POTASSIUM SORBATE, SODIUM BENZOATE, SODIUM HYDROXIDE, ACACIA SENEGAL GUM, SODIUM GLUCONATE, PARFUM (FRAGRANCE).<\/p>\n<p>*Les listes d&rsquo;ingr\u00e9dients entrant dans la composition des produits CODAGE Paris sont r\u00e9guli\u00e8rement mises \u00e0 jour. Avant d&rsquo;utiliser un produit, veuillez consulter la liste d&rsquo;ingr\u00e9dients figurant sur son emballage qui pr\u00e9vaut, afin de vous assurer que les ingr\u00e9dients sont adapt\u00e9s \u00e0 votre utilisation personnelle.<\/span><\/p>\n<\/div>\n<\/div>\n<\/div>\n<\/div>\n","protected":false},"excerpt":{"rendered":"<h2 class=\"z-main-product__subtitle\">R\u00c9PARATION CUTAN\u00c9E ULTIME<\/h2>\n<p>SKIN RECOVERY est une \u00e9dition sp\u00e9ciale \u00e9labor\u00e9e pour r\u00e9parer les peaux fragilis\u00e9es notamment suite \u00e0 une intervention esth\u00e9tique abrasive (peeling, laser, chirurgie, injection, etc.). En ciblant son action sur les cellules souches et les facteurs de croissance de la peau, ce s\u00e9rum est un puissant booster de r\u00e9g\u00e9n\u00e9ration cutan\u00e9e. Apaisant, d\u00e9toxifiant et anti-taches, il minimise les rougeurs et autres troubles pigmentaires. Le teint est uniforme et lumineux.<\/p>\n","protected":false},"featured_media":2902,"comment_status":"open","ping_status":"closed","template":"","meta":[],"product_brand":[],"product_cat":[33],"product_tag":[],"class_list":{"0":"post-2901","1":"product","2":"type-product","3":"status-publish","4":"has-post-thumbnail","6":"product_cat-codage","7":"entry","9":"first","10":"outofstock","11":"taxable","12":"shipping-taxable","13":"purchasable","14":"product-type-simple"},"jetpack_sharing_enabled":true,"_links":{"self":[{"href":"https:\/\/healthstore.mc\/index.php\/wp-json\/wp\/v2\/product\/2901","targetHints":{"allow":["GET"]}}],"collection":[{"href":"https:\/\/healthstore.mc\/index.php\/wp-json\/wp\/v2\/product"}],"about":[{"href":"https:\/\/healthstore.mc\/index.php\/wp-json\/wp\/v2\/types\/product"}],"replies":[{"embeddable":true,"href":"https:\/\/healthstore.mc\/index.php\/wp-json\/wp\/v2\/comments?post=2901"}],"wp:featuredmedia":[{"embeddable":true,"href":"https:\/\/healthstore.mc\/index.php\/wp-json\/wp\/v2\/media\/2902"}],"wp:attachment":[{"href":"https:\/\/healthstore.mc\/index.php\/wp-json\/wp\/v2\/media?parent=2901"}],"wp:term":[{"taxonomy":"product_brand","embeddable":true,"href":"https:\/\/healthstore.mc\/index.php\/wp-json\/wp\/v2\/product_brand?post=2901"},{"taxonomy":"product_cat","embeddable":true,"href":"https:\/\/healthstore.mc\/index.php\/wp-json\/wp\/v2\/product_cat?post=2901"},{"taxonomy":"product_tag","embeddable":true,"href":"https:\/\/healthstore.mc\/index.php\/wp-json\/wp\/v2\/product_tag?post=2901"}],"curies":[{"name":"wp","href":"https:\/\/api.w.org\/{rel}","templated":true}]}}