{"id":2925,"date":"2022-03-15T18:20:07","date_gmt":"2022-03-15T17:20:07","guid":{"rendered":"https:\/\/healthstore.mc\/?post_type=product&#038;p=2925"},"modified":"2024-09-21T16:33:22","modified_gmt":"2024-09-21T14:33:22","slug":"nutragest-maternite-60gel-30caps","status":"publish","type":"product","link":"https:\/\/healthstore.mc\/index.php\/product\/nutragest-maternite-60gel-30caps\/","title":{"rendered":"Nutragest Maternit\u00e9 60gel 30caps"},"content":{"rendered":"<h5 class=\"et_pb_toggle_title\">Quoi ? Pour qui ?<\/h5>\n<div class=\"et_pb_toggle_content clearfix\">\n<p><strong>Pour les besoins nutritionnels pendant la grossesse et en p\u00e9riode de conception\u00a0:<\/strong><\/p>\n<p>Pendant la grossesse, les besoins nutritionnels \u00e9voluent afin d\u2019assurer le bon d\u00e9veloppement du f\u0153tus. Un apport adapt\u00e9 en nutriments est alors important pour le bon d\u00e9roulement de la grossesse, le bien-\u00eatre et la vitalit\u00e9 de la future maman.<\/p>\n<p>Nutragest Maternit\u00e9 est une formule compl\u00e8te et adapt\u00e9e aux femmes enceintes ou souhaitant concevoir. Elle apporte des nutriments, destin\u00e9s \u00e0 la fois \u00e0 la m\u00e8re et au f\u0153tus, soigneusement s\u00e9lectionn\u00e9s selon des crit\u00e8res de qualit\u00e9 et de s\u00e9curit\u00e9\u00a0:<\/p>\n<ol>\n<li><strong>9 vitamines<\/strong>, notamment une source d\u2019<strong>acide folique<\/strong>\u00a0hautement biodisponible\u00a0: Optifolic<\/li>\n<li><strong>6 min\u00e9raux<\/strong>\u00a0dont du\u00a0<strong>Fer<\/strong>\u00a0qui contribue \u00e0 r\u00e9duire la fatigue<\/li>\n<li>Du DHA, un<strong>\u00a0om\u00e9ga-3<\/strong>, qui participe au d\u00e9veloppement normal du cerveau du f\u0153tus*<\/li>\n<\/ol>\n<p>* L\u2019effet b\u00e9n\u00e9fique est obtenu par la consommation journali\u00e8re de 250 mg des om\u00e9ga-3 EPA et DHA.<\/p>\n<p>De la conception \u00e0 la naissance, ainsi que tout au long de leur d\u00e9veloppement,\u00a0la physiologie et les besoins des enfants \u00e9voluent. La gamme\u00a0NHCO Optimage a \u00e9t\u00e9 sp\u00e9cifiquement d\u00e9velopp\u00e9e pour r\u00e9pondre \u00e0 ces \u00e9volutions, en fonction de l\u2019\u00e2ge des enfants. NHCO Optimage\u00a0: des solutions\u00a0innovantes, formul\u00e9es avec des\u00a0ingr\u00e9dients de\u00a0qualit\u00e9, tout en assurant une\u00a0tr\u00e8s bonne tol\u00e9rance.<\/p>\n<h4 class=\"et_pb_toggle_title\">Conseils d&rsquo;utilisation<\/h4>\n<div class=\"et_pb_toggle_content clearfix\">\n<ul>\n<li>Dur\u00e9e : 1 mois, renouvelable durant toute la p\u00e9riode de grossesse sous avis m\u00e9dical.<\/li>\n<li>Conseill\u00e9 tout au long de la grossesse et lors de la phase de conception.<\/li>\n<li>Peut \u00eatre poursuivi apr\u00e8s l\u2019accouchement, lors de l\u2019allaitement.<\/li>\n<li>Il est conseill\u00e9 de prendre Nutragest Maternit\u00e9 pendant un repas ou une collation.<\/li>\n<li>\u00c0 consommer de pr\u00e9f\u00e9rence avant la date indiqu\u00e9e sous l\u2019\u00e9tui.<\/li>\n<li>Conserver dans un endroit sec et frais, \u00e0 l\u2019abri de la lumi\u00e8re.<\/li>\n<li><strong>R\u00e9serv\u00e9 \u00e0 l\u2019adulte. Destin\u00e9 aux femmes enceintes et souhaitant concevoir.<\/strong><\/li>\n<li><strong>Il est recommand\u00e9 aux femmes enceintes de demander l\u2019avis d\u2019un professionnel de sant\u00e9 avant de prendre Nutragest Maternit\u00e9.<\/strong><\/li>\n<li><strong>D\u00e9conseill\u00e9 en cas de troubles de la thyro\u00efde.<\/strong><\/li>\n<\/ul>\n<table class=\"tg\">\n<thead>\n<tr>\n<th>Conseils d\u2019utilisation<\/th>\n<th>Matin<\/th>\n<th>Soir<\/th>\n<\/tr>\n<\/thead>\n<tbody>\n<tr>\n<td>Pendant le repas ou une collation<\/td>\n<td>2 g\u00e9lules<\/td>\n<td>1 capsule<\/td>\n<\/tr>\n<tr>\n<td colspan=\"3\">Programme d\u20191 mois. Renouvelable<\/td>\n<\/tr>\n<\/tbody>\n<\/table>\n<p>Ce compl\u00e9ment alimentaire n\u2019est pas un m\u00e9dicament. Il est recommand\u00e9 de respecter la dose journali\u00e8re indiqu\u00e9e, de le consommer dans le cadre d\u2019une alimentation vari\u00e9e et \u00e9quilibr\u00e9e et d\u2019un mode de vie sain, de le tenir hors de port\u00e9e des jeunes enfants.<\/p>\n<h4 class=\"et_pb_toggle_title\">Composition<\/h4>\n<div class=\"et_pb_toggle_content clearfix\">\n<p><strong>Ingr\u00e9dients g\u00e9lule Matin :\u00a0<\/strong><em>Lithothamnium calcareum\u00a0<\/em>source de Calcium, graines de sarrasin germ\u00e9es sources de vitamines B naturelles, VitaCholine\u00ae (choline bitartrate), anti-agglom\u00e9rants : carbonate de magn\u00e9sium et st\u00e9arate de magn\u00e9sium v\u00e9g\u00e9tal, f\u00e9cule de pomme de terre, L-Citrulline, vitamine B9 (L-m\u00e9thylfolate de Calcium), bisglycinate de Fer, bisglycinate de Zinc, S\u00e9l\u00e9nium (s\u00e9l\u00e9nom\u00e9thionine), picolinate de Chrome, Iode (Iodure de potassium). G\u00e9lule v\u00e9g\u00e9tale : hydroxypropylm\u00e9thylcellulose.<\/p>\n<p><strong>Ingr\u00e9dients capsule Soir :\u00a0<\/strong>huile de\u00a0<strong>poisson\u00a0<\/strong>riche en om\u00e9ga-3, lut\u00e9ine naturelle extraite de fleur de\u00a0<em>Tagetes erecta<\/em>, \u00e9mulsifiants : mono et diglyc\u00e9rides d\u2019acides gras et l\u00e9cithine de tournesol, vitamine D3 naturelle (chol\u00e9calcif\u00e9rol). Capsule marine : g\u00e9latine de\u00a0<strong>poisson<\/strong>, humectant : glyc\u00e9rol.<\/p>\n<table class=\"tg\">\n<thead>\n<tr>\n<th colspan=\"2\">Composition pour 2 g\u00e9lules matin (898 mg)<\/th>\n<\/tr>\n<\/thead>\n<tbody>\n<tr>\n<td>Ingr\u00e9dients<\/td>\n<td>Dosage<\/td>\n<\/tr>\n<tr>\n<td>Choline (VitaCholine\u00ae)<\/td>\n<td>85 mg<\/td>\n<\/tr>\n<tr>\n<td>L-Citrulline<\/td>\n<td>50 mg<\/td>\n<\/tr>\n<tr>\n<td>Graines de\u00a0\u00a0\u00a0sarrasin, sources de vitamines B naturelles<\/td>\n<td>350 mg<\/td>\n<\/tr>\n<tr>\n<td colspan=\"2\">Vitamine B1 0,56 mg (51%*), vitamine B2 0,8 mg\u00a0\u00a0\u00a0(58%*), vitamine B3 9,94 mg (62%*), vitamine B5 3,85 mg (64%*), vitamine B6 0,53\u00a0\u00a0\u00a0mg (38%*), vitamine B8 34,65 \u03bcg (69%*), vitamine B12 1,26 \u03bcg (50%*), acide folique (vitamine B9) 120 \u03bcg (60%*)<\/td>\n<\/tr>\n<tr>\n<td>Acide folique Optifolic<\/td>\n<td>280 \u00b5g\u00a0\u00a0\u00a0(140%*)<\/td>\n<\/tr>\n<tr>\n<td>Soit acide folique total<\/td>\n<td>400 \u00b5g\u00a0\u00a0\u00a0(200%*)<\/td>\n<\/tr>\n<tr>\n<td>Min\u00e9raux<\/td>\n<td><\/td>\n<\/tr>\n<tr>\n<td>Calcium<br \/>\nprovenant de lithothamne<\/td>\n<td>120 mg (15%*)<br \/>\n400 mg<\/td>\n<\/tr>\n<tr>\n<td>Fer amino-ch\u00e9lat\u00e9\u00ae<\/td>\n<td>7 mg (50%*)<\/td>\n<\/tr>\n<tr>\n<td>Zinc amino-ch\u00e9lat\u00e9\u00ae<\/td>\n<td>5 mg (50%*)<\/td>\n<\/tr>\n<tr>\n<td>Iode (iodure de potassium)<\/td>\n<td>150 \u03bcg (100%*)<\/td>\n<\/tr>\n<tr>\n<td>S\u00e9l\u00e9nium (s\u00e9l\u00e9nom\u00e9thionine)<\/td>\n<td>55 \u03bcg (100%*)<\/td>\n<\/tr>\n<tr>\n<td>Chrome (picolinate)<\/td>\n<td>40 \u03bcg (100%*)<\/td>\n<\/tr>\n<\/tbody>\n<\/table>\n<p>&nbsp;<\/p>\n<table class=\"tg\">\n<thead>\n<tr>\n<th colspan=\"2\">Composition\u00a0\u00a0\u00a0pour 1 capsule soir (390 mg)<\/th>\n<\/tr>\n<\/thead>\n<tbody>\n<tr>\n<td>Ingr\u00e9dients<\/td>\n<td>Dosage<\/td>\n<\/tr>\n<tr>\n<td>Huile de\u00a0\u00a0\u00a0poisson<\/td>\n<td>385 mg<\/td>\n<\/tr>\n<tr>\n<td>dont Om\u00e9ga-3 totaux<\/td>\n<td>250 mg<\/td>\n<\/tr>\n<tr>\n<td>dont DHA**<\/td>\n<td>220 mg<\/td>\n<\/tr>\n<tr>\n<td>dont EPA***<\/td>\n<td>7,5 mg<\/td>\n<\/tr>\n<tr>\n<td>Lut\u00e9ine naturelle<\/td>\n<td>5 mg<\/td>\n<\/tr>\n<tr>\n<td>Vitamine D3 naturelle<\/td>\n<td>5 \u03bcg (100 %*)<\/td>\n<\/tr>\n<\/tbody>\n<\/table>\n<p>* Valeurs Nutritionnelles de R\u00e9f\u00e9rence.<\/p>\n<p>** Acide docosahexa\u00e9no\u00efque.<\/p>\n<p>*** Acide eicosapenta\u00e9no\u00efque.<\/p>\n<p>Poids net : 65 g \u2013 Code ACL : 6304243<\/p>\n<\/div>\n<\/div>\n<\/div>\n","protected":false},"excerpt":{"rendered":"<div class=\"et_pb_module et_pb_wc_title et_pb_wc_title_0_tb_body et_pb_bg_layout_light\">\n<div class=\"et_pb_module_inner\">\n<h2>Nutragest Maternit\u00e9<\/h2>\n<\/div>\n<\/div>\n<div id=\"fp-tags\" class=\"et_pb_module et_pb_text et_pb_text_1_tb_body et_pb_text_align_left et_pb_bg_layout_light\">\n<div class=\"et_pb_text_inner\">\n<div class=\"woocommerce et-dynamic-content-woo et-dynamic-content-woo--product_short_description\">\n<p>Femme enceinte ou souhaitant avoir un enfant<\/p>\n<\/div>\n<\/div>\n<\/div>\n<div class=\"et_pb_module et_pb_wc_description et_pb_wc_description_0_tb_body produit-description et_pb_bg_layout_light et_pb_text_align_left\">\n<div class=\"et_pb_module_inner\">\n<p>Compl\u00e9ment alimentaire adapt\u00e9 aux besoins sp\u00e9cifiques de la grossesse :<\/p>\n<ul>\n<li><strong>Acide folique<\/strong>\u00a0premium, hautement biodisponible<\/li>\n<li><strong>Vitamines d\u2019origine naturelle<\/strong><\/li>\n<li><strong>Fer bien tol\u00e9r\u00e9 et absorb\u00e9<\/strong>, qui contribue \u00e0 r\u00e9duire la fatigue<\/li>\n<li>1 bo\u00eete : programme de 1 mois. Renouvelable. Peut \u00eatre poursuivi apr\u00e8s l&rsquo;accouchement, lors de l&rsquo;allaitement.<\/li>\n<\/ul>\n<\/div>\n<\/div>\n","protected":false},"featured_media":2926,"comment_status":"open","ping_status":"closed","template":"","meta":[],"product_brand":[],"product_cat":[23],"product_tag":[],"class_list":{"0":"post-2925","1":"product","2":"type-product","3":"status-publish","4":"has-post-thumbnail","6":"product_cat-23","7":"entry","9":"first","10":"instock","11":"taxable","12":"shipping-taxable","13":"purchasable","14":"product-type-simple"},"jetpack_sharing_enabled":true,"_links":{"self":[{"href":"https:\/\/healthstore.mc\/index.php\/wp-json\/wp\/v2\/product\/2925","targetHints":{"allow":["GET"]}}],"collection":[{"href":"https:\/\/healthstore.mc\/index.php\/wp-json\/wp\/v2\/product"}],"about":[{"href":"https:\/\/healthstore.mc\/index.php\/wp-json\/wp\/v2\/types\/product"}],"replies":[{"embeddable":true,"href":"https:\/\/healthstore.mc\/index.php\/wp-json\/wp\/v2\/comments?post=2925"}],"wp:featuredmedia":[{"embeddable":true,"href":"https:\/\/healthstore.mc\/index.php\/wp-json\/wp\/v2\/media\/2926"}],"wp:attachment":[{"href":"https:\/\/healthstore.mc\/index.php\/wp-json\/wp\/v2\/media?parent=2925"}],"wp:term":[{"taxonomy":"product_brand","embeddable":true,"href":"https:\/\/healthstore.mc\/index.php\/wp-json\/wp\/v2\/product_brand?post=2925"},{"taxonomy":"product_cat","embeddable":true,"href":"https:\/\/healthstore.mc\/index.php\/wp-json\/wp\/v2\/product_cat?post=2925"},{"taxonomy":"product_tag","embeddable":true,"href":"https:\/\/healthstore.mc\/index.php\/wp-json\/wp\/v2\/product_tag?post=2925"}],"curies":[{"name":"wp","href":"https:\/\/api.w.org\/{rel}","templated":true}]}}