{"id":365,"date":"2020-04-23T19:22:41","date_gmt":"2020-04-23T17:22:41","guid":{"rendered":"http:\/\/10.0.0.17\/wordpress\/produit\/leptium-28stks-2\/"},"modified":"2024-09-21T16:30:31","modified_gmt":"2024-09-21T14:30:31","slug":"leptium-28stks-2","status":"publish","type":"product","link":"https:\/\/healthstore.mc\/index.php\/product\/leptium-28stks-2\/","title":{"rendered":"Leptium 28stks"},"content":{"rendered":"<p>Lors d\u2019un programme minceur, il est syst\u00e9matiquement recommand\u00e9 de pratiquer une activit\u00e9 physique r\u00e9guli\u00e8re, mais aussi, et surtout, d\u2019adopter un r\u00e9gime alimentaire vari\u00e9 et \u00e9quilibr\u00e9, tout en r\u00e9duisant l\u2019apport calorique des repas.<br \/>\nSelon l\u2019app\u00e9tit et les habitudes alimentaires de chacun, le contr\u00f4le de l\u2019app\u00e9tit peut s\u2019av\u00e9rer \u00eatre un atout de taille pour favoriser la perte de poids.<br \/>\nLa formule innovante de\u00a0<strong>LEPTIUM<\/strong>\u2122 a \u00e9t\u00e9 d\u00e9velopp\u00e9e par les Laboratoires\u00a0<strong>NHCO Nutrition<\/strong><sup>\u00ae<\/sup>\u00a0dans le but de vous aider \u00e0 r\u00e9duire votre poids corporel. Elle contient des ingr\u00e9dients uniques.<\/p>\n<p>Le complexe\u00a0<strong>Satietyl<\/strong>\u00a0contient deux actifs test\u00e9s scientifiquement : des peptides de levure brevet\u00e9s, constitu\u00e9s par les vingt acides amin\u00e9s prot\u00e9inog\u00e8nes, et de la gomme de guar hydrolys\u00e9e renfermant des galactomannanes. Il contient aussi de la caroube qui favorise l\u2019augmentation de la sati\u00e9t\u00e9 et r\u00e9duit les envies de grignotage, aidant ainsi \u00e0 perdre du poids.<br \/>\nLe complexe novateur\u00a0<strong>ProSyn-6<\/strong>\u00a0associe trois souches de lactobacilles s\u00e9lectionn\u00e9es et \u00e9tudi\u00e9es. Ces lactobacilles, naturellement pr\u00e9sentes au sein du microbiote intestinal, ont \u00e9t\u00e9 concentr\u00e9es pour un dosage optimal.<\/p>\n<table border=\"0\" width=\"100%\" cellspacing=\"0\" cellpadding=\"10\">\n<tbody>\n<tr>\n<td bgcolor=\"#f8a273\" width=\"40%\"><strong>Conseils d\u2019utilisation<\/strong><\/td>\n<\/tr>\n<\/tbody>\n<\/table>\n<table border=\"0\" width=\"100%\" cellspacing=\"0\" cellpadding=\"10\">\n<tbody>\n<tr>\n<td bgcolor=\"#fcceb1\" width=\"50%\">30 minutes avant le principal repas<\/td>\n<td bgcolor=\"#feebdc\" width=\"50%\"><strong>1 stick par jour*<\/strong><\/td>\n<\/tr>\n<\/tbody>\n<\/table>\n<table border=\"0\" width=\"100%\" cellspacing=\"0\" cellpadding=\"10\">\n<tbody>\n<tr>\n<td bgcolor=\"#f8a273\">Programme de 4 semaines. Renouvelable.<\/td>\n<\/tr>\n<\/tbody>\n<\/table>\n<h5>* A dissoudre dans un grand verre d\u2019eau en m\u00e9langeant \u00e9nerg\u00e9tiquement avec une cuill\u00e8re. Consommez aussit\u00f4t.<\/h5>\n<h5>Ce compl\u00e9ment alimentaire n\u2019est pas un m\u00e9dicament. Il est recommand\u00e9 de respecter les doses journali\u00e8res indiqu\u00e9es, de le consommer dans le cadre d\u2019une alimentation vari\u00e9e et \u00e9quilibr\u00e9e et d\u2019un mode de vie sain, de le tenir hors de port\u00e9e des jeunes enfants. R\u00e9serv\u00e9 \u00e0 l\u2019adulte, except\u00e9 la femme enceinte ou allaitante. Les personnes sous contr\u00f4le m\u00e9dical doivent demander l\u2019avis de leur m\u00e9decin traitant. Contre-indiqu\u00e9 en cas d\u2019obstructions intestinales.<\/h5>\n<h5>\u00c0 consommer avec une quantit\u00e9 suffisante de liquide.<br \/>\n\u00c0 consommer de pr\u00e9f\u00e9rence avant la date indiqu\u00e9e sous l\u2019\u00e9tui. \u00c0 conserver dans un endroit sec et frais.<\/h5>\n<p><strong>Compl\u00e9ment alimentaire<\/strong><br \/>\n<strong>Ingr\u00e9dients :<\/strong>\u00a0gomme de guar\u00a0<em>(Cyamopsis tetragonoloba L. Taub.)<\/em>\u00a0partiellement hydrolys\u00e9e, peptides de levure de bi\u00e8re\u00a0<em>(<\/em>hydrolysat de<em>\u00a0Saccharomyces cerevisiae)<\/em>, gomme de caroube\u00a0<em>(Ceratonia siliqua L.)<\/em>, ar\u00f4me naturel, souches de\u00a0<em>Lactobacillus acidophilus<\/em>\u00a0DSM 24936,\u00a0<em>Lactobacillus reuteri<\/em>\u00a0DSM 25175,\u00a0<em>Lactobacillus plantarum<\/em>\u00a0DSM 24937, \u00e9dulcorant d\u2019origine naturelle : glycosides de st\u00e9viol.<\/p>\n<table border=\"0\" width=\"100%\" cellspacing=\"0\" cellpadding=\"10\">\n<tbody>\n<tr>\n<td bgcolor=\"#666666\"><strong>Composition moyenne pour 1 stick par jour (3 010 mg)<\/strong><\/td>\n<\/tr>\n<\/tbody>\n<\/table>\n<table border=\"0\" width=\"100%\" cellspacing=\"0\" cellpadding=\"10\">\n<tbody>\n<tr>\n<td align=\"left\" bgcolor=\"#a2a2a2\" width=\"50\">Ingr\u00e9dients<\/td>\n<td align=\"right\" bgcolor=\"#a2a2a2\" width=\"20%\">Dosage<\/td>\n<\/tr>\n<\/tbody>\n<\/table>\n<table border=\"0\" width=\"100%\" cellspacing=\"0\" cellpadding=\"10\">\n<tbody>\n<tr>\n<td align=\"left\" bgcolor=\"#cccccc\"><strong>Satietyl<\/strong><\/td>\n<td align=\"right\" bgcolor=\"#cccccc\"><strong>2950 mg<\/strong><\/td>\n<\/tr>\n<\/tbody>\n<\/table>\n<table border=\"0\" width=\"100%\" cellspacing=\"0\" cellpadding=\"10\">\n<tbody>\n<tr>\n<td bgcolor=\"#f1efee\">\n<h5>Gomme de guar\u00a0<em>(Cyamopsis tetragonoloba L. Taub.<\/em>) partiellement hydrolys\u00e9e 2 000 mg dont 1700 mg de galactomannanes, peptides de levure de bi\u00e8re\u00a0<em>(<\/em>hydrolysat de\u00a0<em>Saccharomyces cerevisiae)<\/em>\u00a0500 mg, gomme de caroube\u00a0<em>(Ceratonia siliqua L.)<\/em>\u00a0450 mg<\/h5>\n<\/td>\n<\/tr>\n<\/tbody>\n<\/table>\n<table border=\"0\" width=\"100%\" cellspacing=\"0\" cellpadding=\"10\">\n<tbody>\n<tr>\n<td align=\"left\" bgcolor=\"#cccccc\"><strong>ProSyn-6<\/strong><\/td>\n<td align=\"right\" bgcolor=\"#cccccc\"><strong>60 mg<\/strong><\/td>\n<\/tr>\n<\/tbody>\n<\/table>\n<table border=\"0\" width=\"100%\" cellspacing=\"0\" cellpadding=\"10\">\n<tbody>\n<tr>\n<td bgcolor=\"#f1efee\">\n<h5>Lactobacilles 6 milliards d\u2019UFC* (<em>Lactobacillus acidophilus<\/em>\u00a02 milliards d\u2019UFC*,\u00a0<em>Lactobacillus reuteri<\/em>\u00a02 milliards d\u2019UFC*,\u00a0<em>Lactobacillus plantarum<\/em>\u00a02 milliards d\u2019UFC*)<\/h5>\n<\/td>\n<\/tr>\n<\/tbody>\n<\/table>\n<h5><em>* Unit\u00e9 Formant Colonie.<\/em><\/h5>\n<p>Poids net : 88 g. \u2013 Code ACL : 6233566<\/p>\n","protected":false},"excerpt":{"rendered":"<table border=\"0\" cellspacing=\"0\" cellpadding=\"0\">\n<tbody>\n<tr>\n<td valign=\"top\">\n<h1><strong>Leptium\u2122<\/strong><\/h1>\n<\/td>\n<\/tr>\n<tr>\n<td valign=\"top\" height=\"50\">\n<h5>Satietyl, ProSyn-6<br \/>\n(APT#2,006,500)<\/h5>\n<\/td>\n<\/tr>\n<\/tbody>\n<\/table>\n<h3><strong>Sati\u00e9t\u00e9<br \/>\nPerte de poids<\/strong><\/h3>\n<p><img loading=\"lazy\" decoding=\"async\" class=\"alignnone size-full wp-image-18564\" src=\"https:\/\/nhco-nutrition.com\/france\/wp-content\/uploads\/2020\/01\/carre-leptium.png\" alt=\"\" width=\"18\" height=\"10\" \/>Formule innovante associant plus de 3000 mg d\u2019actifs par jour, dont des peptides brevet\u00e9s, associ\u00e9s \u00e0 de la caroube qui\u00a0<strong>soutient la perte de poids<\/strong>\u00a0gr\u00e2ce \u00e0 une action sur la\u00a0<strong>r\u00e9duction de l\u2019app\u00e9tit<\/strong>. Contient \u00e9galement des souches microbiotiques uniques concentr\u00e9es.<\/p>\n<p><strong><img loading=\"lazy\" decoding=\"async\" class=\"alignnone size-full wp-image-18565\" src=\"https:\/\/nhco-nutrition.com\/france\/wp-content\/uploads\/2020\/01\/log-microbiotiques2020.png\" alt=\"\" width=\"109\" height=\"95\" \/><\/strong><\/p>\n<p><strong>28 sticks saveur abricot \u2013 28 jours<\/strong><\/p>\n","protected":false},"featured_media":2232,"comment_status":"open","ping_status":"closed","template":"","meta":[],"product_brand":[],"product_cat":[23],"product_tag":[],"class_list":{"0":"post-365","1":"product","2":"type-product","3":"status-publish","4":"has-post-thumbnail","6":"product_cat-23","7":"entry","9":"first","10":"instock","11":"taxable","12":"shipping-taxable","13":"purchasable","14":"product-type-simple"},"jetpack_sharing_enabled":true,"_links":{"self":[{"href":"https:\/\/healthstore.mc\/index.php\/wp-json\/wp\/v2\/product\/365","targetHints":{"allow":["GET"]}}],"collection":[{"href":"https:\/\/healthstore.mc\/index.php\/wp-json\/wp\/v2\/product"}],"about":[{"href":"https:\/\/healthstore.mc\/index.php\/wp-json\/wp\/v2\/types\/product"}],"replies":[{"embeddable":true,"href":"https:\/\/healthstore.mc\/index.php\/wp-json\/wp\/v2\/comments?post=365"}],"wp:featuredmedia":[{"embeddable":true,"href":"https:\/\/healthstore.mc\/index.php\/wp-json\/wp\/v2\/media\/2232"}],"wp:attachment":[{"href":"https:\/\/healthstore.mc\/index.php\/wp-json\/wp\/v2\/media?parent=365"}],"wp:term":[{"taxonomy":"product_brand","embeddable":true,"href":"https:\/\/healthstore.mc\/index.php\/wp-json\/wp\/v2\/product_brand?post=365"},{"taxonomy":"product_cat","embeddable":true,"href":"https:\/\/healthstore.mc\/index.php\/wp-json\/wp\/v2\/product_cat?post=365"},{"taxonomy":"product_tag","embeddable":true,"href":"https:\/\/healthstore.mc\/index.php\/wp-json\/wp\/v2\/product_tag?post=365"}],"curies":[{"name":"wp","href":"https:\/\/api.w.org\/{rel}","templated":true}]}}