{"id":374,"date":"2020-04-23T19:23:23","date_gmt":"2020-04-23T17:23:23","guid":{"rendered":"http:\/\/10.0.0.17\/wordpress\/produit\/uv-skin-56gel-2\/"},"modified":"2024-09-21T16:34:16","modified_gmt":"2024-09-21T14:34:16","slug":"uv-skin-56gel-2","status":"publish","type":"product","link":"https:\/\/healthstore.mc\/index.php\/product\/uv-skin-56gel-2\/","title":{"rendered":"UV.Skin 56gel"},"content":{"rendered":"<p>Au coeur des cellules, les U.V. sont \u00e0 l\u2019origine d\u2019une forte production de radicaux libres, dommageables pour l\u2019organisme.<br \/>\nLors d\u2019une exposition prolong\u00e9e, les U.V. favorisent \u00e9galement le vieillissement acc\u00e9l\u00e9r\u00e9 de la peau, notamment en agissant sur la d\u00e9gradation du collag\u00e8ne.<\/p>\n<p>Pour r\u00e9pondre aux besoins de la peau expos\u00e9e au soleil, les Laboratoires\u00a0<strong>NHCO Nutrition<sup>\u00ae<\/sup><\/strong>\u00a0ont \u00e9labor\u00e9\u00a0<strong>UV.SKIN\u2122<\/strong>, un compl\u00e9ment alimentaire bas\u00e9 sur l\u2019<strong>Aminoscience<\/strong><sup>\u00ae<\/sup>.<br \/>\n<img loading=\"lazy\" decoding=\"async\" title=\"\" src=\"https:\/\/nhco-nutrition.com\/france\/wp-content\/uploads\/2018\/03\/carre-or-uvskin.gif\" alt=\"\" width=\"18\" height=\"10\" \/><strong>DNA-lactoB9\u00a0<\/strong>renferme un extrait de polypode dor\u00e9 et\u00a0<strong>Nucl\u00e9o-PS<\/strong>, m\u00e9lange sp\u00e9cifique de nucl\u00e9otides \u00e9labor\u00e9 par\u00a0<strong>NHCO Nutrition<sup>\u00ae<\/sup><\/strong>. Les nucl\u00e9otides sont les constituants de l\u2019ADN et participent \u00e0 des processus fondamentaux dans l\u2019organisme.\u00a0<strong>DNA-lactoB9\u00a0<\/strong>contient \u00e9galement de la lactoferrine, et de la vitamine B9 qui contribue au fonctionnement normal du syst\u00e8me immunitaire.<br \/>\n<img loading=\"lazy\" decoding=\"async\" title=\"\" src=\"https:\/\/nhco-nutrition.com\/france\/wp-content\/uploads\/2018\/03\/carre-or-uvskin.gif\" alt=\"\" width=\"18\" height=\"10\" \/>Le complexe\u00a0<strong>PromelanTX\u00a0<\/strong>est compos\u00e9 de L-Tyrosine, acide amin\u00e9 pr\u00e9curseur notamment de la m\u00e9lanine, associ\u00e9 \u00e0 3 pigments v\u00e9g\u00e9taux, le b\u00eata-carot\u00e8ne, le lycop\u00e8ne et la lut\u00e9ine qui embellissent naturellement le teint en favorisant un h\u00e2le naturel.<br \/>\n<img loading=\"lazy\" decoding=\"async\" title=\"\" src=\"https:\/\/nhco-nutrition.com\/france\/wp-content\/uploads\/2018\/03\/carre-or-uvskin.gif\" alt=\"\" width=\"18\" height=\"10\" \/>Le complexe\u00a0<strong>Oxyprotect-140<\/strong>\u00a0contient 4 antioxydants, la vitamine E, le S\u00e9l\u00e9nium et des extraits de p\u00e9pins de raisin et de chardon-marie, qui contribuent \u00e0 prot\u00e9ger les cellules du stress oxydatif. Pour renforcer l\u2019effet bouclier,\u00a0<strong>Oxyprotect-140<\/strong>\u00a0contient aussi un extrait de th\u00e9 vert standardis\u00e9 en polyph\u00e9nols favorisant la protection de la peau contre les dommages induits par les U.V.<br \/>\n<img loading=\"lazy\" decoding=\"async\" title=\"\" src=\"https:\/\/nhco-nutrition.com\/france\/wp-content\/uploads\/2018\/03\/carre-or-uvskin.gif\" alt=\"\" width=\"18\" height=\"10\" \/><strong>UV.SKIN\u2122<\/strong>\u00a0est compos\u00e9 \u00e9galement de collag\u00e8ne, un composant naturel du derme contribuant \u00e0 une action anti-rides, d\u2019huile de bourrache et de vitamine B3 qui contribue au maintien d\u2019une peau normale.<\/p>\n<p><strong>UV.SKIN\u2122<\/strong>\u00a0est adapt\u00e9 \u00e0 tous les types de peau.<\/p>\n<table border=\"0\" width=\"100%\" cellspacing=\"0\" cellpadding=\"10\">\n<tbody>\n<tr>\n<td bgcolor=\"#ddc7b3\" width=\"40%\"><strong>Conseils d\u2019utilisation<\/strong><\/td>\n<td bgcolor=\"#ddc7b3\" width=\"30%\">les 2 premi\u00e8res semaines<\/td>\n<td bgcolor=\"#ddc7b3\" width=\"30%\">les semaines suivantes<\/td>\n<\/tr>\n<tr>\n<td bgcolor=\"#bea58f\" width=\"40%\"><strong>Phototypes I et II<\/strong><\/td>\n<td bgcolor=\"#bea58f\" width=\"30%\">2 g\u00e9lules\/jour<\/td>\n<td bgcolor=\"#bea58f\" width=\"30%\">2 g\u00e9lules\/jour<\/td>\n<\/tr>\n<tr>\n<td bgcolor=\"#d0b7a2\"><strong>Phototypes III, IV et V<br \/>\n<\/strong><\/td>\n<td bgcolor=\"#d0b7a2\">2 g\u00e9lules\/jour<\/td>\n<td bgcolor=\"#d0b7a2\">1 g\u00e9lule\/jour<\/td>\n<\/tr>\n<\/tbody>\n<\/table>\n<p>&nbsp;<\/p>\n<p><strong>UV.Skin<\/strong>\u2122 \u2013 Quel est votre phototype ?<br \/>\nIl existe six types de peau diff\u00e9rents, auxquels correspondent des r\u00e9actions bien sp\u00e9cifiques face aux rayons du soleil. Pour conna\u00eetre le v\u00f4tre, reportez-vous au tableau des phototypes.<\/p>\n<table border=\"0\" width=\"100%\" cellspacing=\"0\" cellpadding=\"10\">\n<tbody>\n<tr>\n<td bgcolor=\"#ddc7b3\" width=\"20%\"><strong>Phototypes<\/strong><\/td>\n<td bgcolor=\"#ddc7b3\" width=\"40%\"><strong>Types de peau<\/strong><\/td>\n<td bgcolor=\"#ddc7b3\" width=\"40%\"><strong>R\u00e9actions au soleil<\/strong><\/td>\n<\/tr>\n<tr>\n<td bgcolor=\"#bea58f\" width=\"20%\"><strong>I<\/strong><\/td>\n<td bgcolor=\"#bea58f\" width=\"40%\">Peau laiteuse, nombreuses t\u00e2ches de rousseur, cheveux blonds ou roux<\/td>\n<td bgcolor=\"#bea58f\" width=\"40%\">Coups de soleil rapides et fr\u00e9quents,<br \/>\nne bronze pas<\/td>\n<\/tr>\n<tr>\n<td bgcolor=\"#d0b7a2\"><strong>II<\/strong><\/td>\n<td bgcolor=\"#d0b7a2\">Peau claire, cheveux blonds ou ch\u00e2tains, avec ou sans t\u00e2che de rousseur<\/td>\n<td bgcolor=\"#d0b7a2\">Coup de soleil fr\u00e9quents,<br \/>\nbronze difficilement<\/td>\n<\/tr>\n<tr>\n<td bgcolor=\"#bea58f\" width=\"20%\"><strong>III<\/strong><\/td>\n<td bgcolor=\"#bea58f\" width=\"40%\">Peau claire \u00e0 mate, cheveux chatains ou bruns<\/td>\n<td bgcolor=\"#bea58f\" width=\"40%\">Coups de soleil occasionnels,<br \/>\nbronze graduellement<\/td>\n<\/tr>\n<tr>\n<td bgcolor=\"#d0b7a2\"><strong>IV<\/strong><\/td>\n<td bgcolor=\"#d0b7a2\">Peau mate, cheveux bruns<\/td>\n<td bgcolor=\"#d0b7a2\">Peu de coups de soleil,<br \/>\nbronze bien<\/td>\n<\/tr>\n<tr>\n<td bgcolor=\"#bea58f\"><strong>V<br \/>\n<\/strong><\/td>\n<td bgcolor=\"#bea58f\">Peau fonc\u00e9e, cheveux bruns<\/td>\n<td bgcolor=\"#bea58f\">Coups de soleil rares,<br \/>\nbronze intens\u00e9ment<\/td>\n<\/tr>\n<\/tbody>\n<\/table>\n<h5>L\u2019utilisation d\u2019<strong>UV.Skin<\/strong>\u2122 ne dispense pas des recommandations contre une exposition solaire excessive : \u00e9viter l\u2019exposition prolong\u00e9e au soleil, notamment en milieu de journ\u00e9e et appliquer r\u00e9guli\u00e8rement une cr\u00e8me solaire avec un indice adapt\u00e9.<\/h5>\n<h5>Ce compl\u00e9ment alimentaire n\u2019est pas un m\u00e9dicament. Il est recommand\u00e9 de respecter la dose journali\u00e8re indiqu\u00e9e, de le consommer pendant les repas dans le cadre d\u2019une alimentation vari\u00e9e et \u00e9quilibr\u00e9e et d\u2019un mode de vie sain et de le tenir hors de port\u00e9e des jeunes enfants. R\u00e9serv\u00e9 \u00e0 l\u2019adulte except\u00e9 la femme enceinte ou allaitante. Les personnes sous contr\u00f4le m\u00e9dical doivent demander conseil \u00e0 leur m\u00e9decin.<\/h5>\n<h5>Bien refermer apr\u00e8s ouverture. \u00c0 conserver dans un endroit sec et frais.<\/h5>\n<p><strong>Compl\u00e9ment alimentaire<\/strong><br \/>\n<strong>Ingr\u00e9dients :\u00a0<\/strong>L-Tyrosine, peptides de collag\u00e8ne de\u00a0<strong>poisson<\/strong>, chlorhydrate de L-Lysine, extrait de feuilles de polypode dor\u00e9 (<em>Polypodium leucotomos<\/em>), Nucl\u00e9o-PS\u2122 (sels disodiques de Guanosine-5\u2019- monophosphate \u00abGMP\u00bb, d\u2019Inosine-5\u2019-monophosphate \u00abIMP\u00bb et d\u2019Uridine-5\u2019-monophosphate \u00abUMP\u00bb, Cytidine-5\u2019-monophosphate \u00abCMP\u00bb, Ad\u00e9nosine- 5\u2019-monophosphate \u00abAMP\u00bb), Glycine, lycop\u00e8ne de tomate, extrait de p\u00e9pins de raisin (<em>Vitis vinifera<\/em>), lut\u00e9ine extraite de Tagetes erecta, extrait de feuilles de th\u00e9 vert (<em>Camellia sinensis<\/em>), huile de bourrache (<em>Borago officinalis<\/em>), b\u00eata-carot\u00e8ne, L-Proline, lactoferrine (prot\u00e9ine de\u00a0<strong>lait<\/strong>), antiagglom\u00e9rant : st\u00e9arate de magn\u00e9sium v\u00e9g\u00e9tal, extrait de fruits de chardon-marie (<em>Silybum marianum<\/em>), vitamine E naturelle (succinate acide de D-alphatocoph\u00e9ryle), coenzyme Q10, S\u00e9l\u00e9nium (sous forme de s\u00e9l\u00e9nom\u00e9thionine), vitamine B3 (nicotinamide), vitamine B5 (D-pantoth\u00e9nate de Calcium), vitamine D (chol\u00e9calcif\u00e9rol), vitamine B6 (chlorhydrate de pyridoxine), vitamine B9 (acide folique). G\u00e9lule : hydroxypropylm\u00e9thylcellulose, colorant : complexes cuivriques de chlorophylline.<\/p>\n<p><strong>G\u00e9lules v\u00e9g\u00e9tales vertes GreenCaps\u2122<\/strong><\/p>\n<table border=\"0\" width=\"100%\" cellspacing=\"0\" cellpadding=\"10\">\n<tbody>\n<tr>\n<td bgcolor=\"#666666\"><strong>Composition moyenne pour 2 g\u00e9lules \/jour (1069 mg)<\/strong><\/td>\n<\/tr>\n<\/tbody>\n<\/table>\n<table border=\"0\" width=\"100%\" cellspacing=\"0\" cellpadding=\"10\">\n<tbody>\n<tr>\n<td align=\"left\" bgcolor=\"#A2A2A2\" width=\"50\">Ingr\u00e9dients<\/td>\n<td align=\"right\" bgcolor=\"#A2A2A2\" width=\"20%\">Dosage<\/td>\n<\/tr>\n<tr>\n<td align=\"left\" bgcolor=\"#CCCCCC\"><strong>DNA-lactoB9<\/strong><\/td>\n<td align=\"right\" bgcolor=\"#CCCCCC\"><strong>210 mg<\/strong><\/td>\n<\/tr>\n<\/tbody>\n<\/table>\n<table border=\"0\" width=\"100%\" cellspacing=\"0\" cellpadding=\"10\">\n<tbody>\n<tr>\n<td bgcolor=\"#f1efee\">\n<h5>Extrait de polypode dor\u00e9 100 mg, Nucl\u00e9o-PS (standardis\u00e9 \u00e0 77 % de CMP, GMP, IMP, UMP et AMP) 80 mg, lactoferrine 30 mg, acide folique 100 \u03bcg (50 % VNR*)<\/h5>\n<\/td>\n<\/tr>\n<\/tbody>\n<\/table>\n<table border=\"0\" width=\"100%\" cellspacing=\"0\" cellpadding=\"10\">\n<tbody>\n<tr>\n<td align=\"left\" bgcolor=\"#CCCCCC\" width=\"50\"><strong>PromelanTX<\/strong><\/td>\n<td align=\"right\" bgcolor=\"#CCCCCC\" width=\"20%\"><strong>257 mg<\/strong><\/td>\n<\/tr>\n<\/tbody>\n<\/table>\n<table border=\"0\" width=\"100%\" cellspacing=\"0\" cellpadding=\"10\">\n<tbody>\n<tr>\n<td bgcolor=\"#f1efee\">\n<h5>L-Tyrosine 240 mg, lut\u00e9ine 6 mg, lycop\u00e8ne 6 mg, b\u00eata-carot\u00e8ne 4,8 mg (100 % VNR*), vitamine D3 5 \u03bcg (100 % VNR*)<\/h5>\n<\/td>\n<\/tr>\n<\/tbody>\n<\/table>\n<table border=\"0\" cellspacing=\"0\" cellpadding=\"10\">\n<tbody>\n<tr>\n<td align=\"left\" bgcolor=\"#CCCCCC\" width=\"1316\"><strong>Collag\u00e8ne-Q10<\/strong><\/td>\n<td align=\"right\" bgcolor=\"#CCCCCC\" width=\"326\"><strong>450 mg<\/strong><\/td>\n<\/tr>\n<\/tbody>\n<\/table>\n<table border=\"0\" width=\"100%\" cellspacing=\"0\" cellpadding=\"10\">\n<tbody>\n<tr>\n<td bgcolor=\"#f1efee\">\n<h5>Collag\u00e8ne marin 197 mg, L-Lysine 81 mg, Glycine 80 mg, huile de bourrache en poudre 40 mg, L-Proline 30 mg, coenzyme Q10 10 mg, vitamine B3 8 mg (50 % VNR*), vitamine B5 3 mg (50 % VNR*), vitamine B6 0,7 mg (50 % VNR*)<\/h5>\n<\/td>\n<\/tr>\n<\/tbody>\n<\/table>\n<table border=\"0\" cellspacing=\"0\" cellpadding=\"10\">\n<tbody>\n<tr>\n<td align=\"left\" bgcolor=\"#CCCCCC\" width=\"1316\"><strong>Oxyprotect-140<\/strong><\/td>\n<td align=\"right\" bgcolor=\"#CCCCCC\" width=\"326\"><strong>152 mg<\/strong><\/td>\n<\/tr>\n<\/tbody>\n<\/table>\n<table border=\"0\" width=\"100%\" cellspacing=\"0\" cellpadding=\"10\">\n<tbody>\n<tr>\n<td bgcolor=\"#f1efee\">\n<h5>Extrait de p\u00e9pins de raisin 60 mg, extrait de feuilles de th\u00e9 vert 60 mg dont polyph\u00e9nols 18 mg, extrait de graines de chardon-marie 20 mg, vitamine E naturelle 12 mg (100 % VNR*), S\u00e9l\u00e9nium (sous forme de s\u00e9l\u00e9nom\u00e9thionine) 50 \u03bcg (91 % VNR*)<\/h5>\n<\/td>\n<\/tr>\n<\/tbody>\n<\/table>\n<h5><em>* Valeurs Nutritionnelles de R\u00e9f\u00e9rence.<\/em><\/h5>\n<p>&nbsp;<\/p>\n<p>Poids net : 40 g. \u2013 Code ACL : 6044833<\/p>\n","protected":false},"excerpt":{"rendered":"<table border=\"0\" cellspacing=\"0\" cellpadding=\"0\">\n<tbody>\n<tr>\n<td valign=\"top\">\n<h1><strong>UV.Skin\u2122<\/strong><\/h1>\n<\/td>\n<\/tr>\n<tr>\n<td valign=\"top\" height=\"40\">\n<h5>Phototype Scan Process, PromelanTX, Oxyprotect-140<\/h5>\n<\/td>\n<\/tr>\n<\/tbody>\n<\/table>\n<h3><strong>Autobronzant<br \/>\n<\/strong><strong>Protection cellulaire<\/strong><\/h3>\n<p><img loading=\"lazy\" decoding=\"async\" title=\"\" src=\"https:\/\/nhco-nutrition.com\/france\/wp-content\/uploads\/2018\/03\/carre-or-uvskin.gif\" alt=\"\" width=\"18\" height=\"10\" \/>R\u00e9unit 27 actifs dont la L-Tyrosine, 3 pigments favorisant un h\u00e2le naturel, du collag\u00e8ne, un extrait de p\u00e9pins de raisin antioxydant et des polyph\u00e9nols de th\u00e9 vert stimulant la protection contre les dommages induits par le rayonnement solaire.<\/p>\n<p><strong>56 g\u00e9lules GreenCaps\u2122<\/strong><\/p>\n<p><img loading=\"lazy\" decoding=\"async\" class=\"alignnone size-full wp-image-16876\" src=\"https:\/\/nhco-nutrition.com\/france\/wp-content\/uploads\/2018\/03\/picto-nhco-premium.png\" alt=\"\" width=\"61\" height=\"55\" \/><\/p>\n","protected":false},"featured_media":2279,"comment_status":"open","ping_status":"closed","template":"","meta":[],"product_brand":[],"product_cat":[23],"product_tag":[],"class_list":{"0":"post-374","1":"product","2":"type-product","3":"status-publish","4":"has-post-thumbnail","6":"product_cat-23","7":"entry","9":"first","10":"instock","11":"taxable","12":"shipping-taxable","13":"purchasable","14":"product-type-simple"},"jetpack_sharing_enabled":true,"_links":{"self":[{"href":"https:\/\/healthstore.mc\/index.php\/wp-json\/wp\/v2\/product\/374","targetHints":{"allow":["GET"]}}],"collection":[{"href":"https:\/\/healthstore.mc\/index.php\/wp-json\/wp\/v2\/product"}],"about":[{"href":"https:\/\/healthstore.mc\/index.php\/wp-json\/wp\/v2\/types\/product"}],"replies":[{"embeddable":true,"href":"https:\/\/healthstore.mc\/index.php\/wp-json\/wp\/v2\/comments?post=374"}],"wp:featuredmedia":[{"embeddable":true,"href":"https:\/\/healthstore.mc\/index.php\/wp-json\/wp\/v2\/media\/2279"}],"wp:attachment":[{"href":"https:\/\/healthstore.mc\/index.php\/wp-json\/wp\/v2\/media?parent=374"}],"wp:term":[{"taxonomy":"product_brand","embeddable":true,"href":"https:\/\/healthstore.mc\/index.php\/wp-json\/wp\/v2\/product_brand?post=374"},{"taxonomy":"product_cat","embeddable":true,"href":"https:\/\/healthstore.mc\/index.php\/wp-json\/wp\/v2\/product_cat?post=374"},{"taxonomy":"product_tag","embeddable":true,"href":"https:\/\/healthstore.mc\/index.php\/wp-json\/wp\/v2\/product_tag?post=374"}],"curies":[{"name":"wp","href":"https:\/\/api.w.org\/{rel}","templated":true}]}}