{"id":382,"date":"2020-04-23T19:24:00","date_gmt":"2020-04-23T17:24:00","guid":{"rendered":"http:\/\/10.0.0.17\/wordpress\/produit\/myactide-rx-56gel56gel-2\/"},"modified":"2024-09-21T16:42:41","modified_gmt":"2024-09-21T14:42:41","slug":"myactide-rx-56gel56gel-2","status":"publish","type":"product","link":"https:\/\/healthstore.mc\/index.php\/product\/myactide-rx-56gel56gel-2\/","title":{"rendered":"Myactide-RX 56gel+56gel"},"content":{"rendered":"<h3>Myactide-RX vous apporte :<\/h3>\n<ul>\n<li>Un extrait de th\u00e9 vert : stimule la\u00a0<strong>combustion des graisses<\/strong><\/li>\n<li>Un extrait de guarana : participe \u00e0 l\u2019<strong>augmentation des d\u00e9penses \u00e9nerg\u00e9tiques<\/strong>\u00a0de l\u2019organisme et aide \u00e0\u00a0<strong>limiter la sensation de faim<\/strong>. Il contribue ainsi \u00e0 la perte de poids<\/li>\n<li>Du pissenlit : participe aux fonctions\u00a0<strong>d\u2019\u00e9limination<\/strong>\u00a0et de\u00a0<strong>d\u00e9toxication<\/strong>\u00a0de l\u2019organisme<\/li>\n<li>Du Chrome : contribue au\u00a0<strong>m\u00e9tabolisme normal des macronutriments\u00a0<\/strong>(dont les sucres et les graisses) et au maintien d\u2019une\u00a0<strong>glyc\u00e9mie normale<\/strong><\/li>\n<li>Du Zinc : contribue \u00e0 une\u00a0<strong>synth\u00e8se prot\u00e9ique normale<\/strong><\/li>\n<li>De la\u00a0<strong>vitamine B6<\/strong>\u00a0: contribue au m\u00e9tabolisme normal des prot\u00e9ines et du glycog\u00e8ne<\/li>\n<li>Des\u00a0<strong>acides amin\u00e9s<\/strong>,\u00a0 dont : le L-Tryptophane (pr\u00e9curseur de la s\u00e9rotonine) et la L-Arginine (pr\u00e9curseur de NO, l\u2019Oxyde Nitrique)<\/li>\n<\/ul>\n<h3>\u00c0 qui s\u2019adresse Myactide-RX ?<\/h3>\n<p>Le compl\u00e9ment alimentaire Myactide-RX est recommand\u00e9 aux personnes :<\/p>\n<ul>\n<li>Souhaitant perdre du poids tout en conservant leur tonicit\u00e9<\/li>\n<li>Ayant tendance \u00e0 stocker les graisses au niveau de la ceinture abdominale<\/li>\n<li>\n<h4 class=\"et_pb_toggle_title\">Conseils d&rsquo;utilisation<\/h4>\n<div class=\"et_pb_toggle_content clearfix\">\n<ul>\n<li>Programme de 4 semaines. Renouvelable.<\/li>\n<li>Convient aux v\u00e9g\u00e9tariens et aux v\u00e9g\u00e9taliens.<\/li>\n<li>\u00c0 consommer de pr\u00e9f\u00e9rence avant la date indiqu\u00e9e sous l\u2019\u00e9tui.<\/li>\n<li>Bien refermer apr\u00e8s ouverture. \u00c0 conserver dans un endroit sec et frais.<\/li>\n<li>Doit \u00eatre consomm\u00e9 en association avec des mesures hygi\u00e9no-di\u00e9t\u00e9tiques, telles que la pratique d\u2019une activit\u00e9 physique r\u00e9guli\u00e8re et une alimentation \u00e9quilibr\u00e9e.<\/li>\n<li><strong>R\u00e9serv\u00e9 \u00e0 l\u2019adulte except\u00e9 la femme enceinte ou allaitante.<\/strong><\/li>\n<li><strong>Contient de la caf\u00e9ine, d\u00e9conseill\u00e9 aux enfants et aux femmes enceintes ou allaitantes (66 mg pour 2 g\u00e9lules Matin).<\/strong><\/li>\n<li><strong>Les personnes sous contr\u00f4le m\u00e9dical doivent demander conseil \u00e0 leur m\u00e9decin traitant.<\/strong><\/li>\n<\/ul>\n<table border=\"0\" width=\"100%\" cellspacing=\"0\" cellpadding=\"10\">\n<tbody>\n<tr>\n<td bgcolor=\"#000000\" width=\"60%\"><strong>Conseils d\u2019utilisation<\/strong><\/td>\n<td bgcolor=\"#000000\" width=\"40%\"><strong>Pendant les repas<\/strong><\/td>\n<\/tr>\n<tr>\n<td bgcolor=\"#b1b2b3\" width=\"60%\">Le matin<\/td>\n<td bgcolor=\"#cdced0\" width=\"40%\"><strong>2 g\u00e9lules vertes<br \/>\n<\/strong><\/td>\n<\/tr>\n<tr>\n<td bgcolor=\"#b1b2b3\">Le soir<\/td>\n<td bgcolor=\"#cdced0\"><strong>2 g\u00e9lules caramel<\/strong><\/td>\n<\/tr>\n<\/tbody>\n<\/table>\n<table border=\"0\" width=\"100%\" cellspacing=\"0\" cellpadding=\"10\">\n<tbody>\n<tr>\n<td bgcolor=\"#58585a\">4 semaines. Renouvelable.<\/td>\n<\/tr>\n<\/tbody>\n<\/table>\n<h5>Ce compl\u00e9ment alimentaire n\u2019est pas un m\u00e9dicament. Il est recommand\u00e9 de respecter la dose journali\u00e8re indiqu\u00e9e, de le consommer pendant les repas dans le cadre d\u2019une alimentation vari\u00e9e et \u00e9quilibr\u00e9e et d\u2019un mode de vie sain et de le tenir hors de port\u00e9e des jeunes enfants.<\/h5>\n<p>Ingr\u00e9dients g\u00e9lule matin (verte) : extrait de graines de guarana (<em>Paullinia cupana<\/em>), chlorhydrate de L-Arginine, L-Ph\u00e9nylalanine, L-Tyrosine, extrait de feuilles de th\u00e9 vert (<em>Camellia sinensis<\/em>), feuilles de mat\u00e9 (<em>Ilex paraguariensis<\/em>), L-Tryptophane, racines de pissenlit (<em>Taraxacum officinale<\/em>), chlorhydrate de b\u00e9ta\u00efne, bitartrate de choline, L-Carnitine, bisglycinate de Zinc, anti-agglom\u00e9rants : phosphate de Calcium et st\u00e9arate de magn\u00e9sium v\u00e9g\u00e9tal, vitamine B3 (nicotinamide), Pipermax (extrait de fruits de\u00a0<em>Piper nigrum<\/em>), vitamine B5 (D-pantoth\u00e9nate de Calcium), vitamine B6 (chlorhydrate de pyridoxine), picolinate de Chrome. G\u00e9lule : hydroxypropylm\u00e9thylcellulose, colorant : complexes cuivriques de chlorophyllines.<\/p>\n<p>Ingr\u00e9dients g\u00e9lule soir (caramel) : chlorhydrate de L-Arginine, fructo-oligosaccharides, L-Tryptophane, chlorhydrate de b\u00e9ta\u00efne, bitartrate de choline, anti-agglom\u00e9rants : phosphate de calcium et st\u00e9arate de magn\u00e9sium v\u00e9g\u00e9tal, inositol, L-Carnitine, vitamine B3 (nicotinamide), bisglycinate de Zinc, vitamine B5 (D-pantoth\u00e9nate de Calcium), vitamine B6 (chlorhydrate de pyridoxine). G\u00e9lule : hydroxypropylm\u00e9thylcellulose, colorant : caramel ordinaire.<\/p>\n<table border=\"0\" width=\"100%\" cellspacing=\"0\" cellpadding=\"10\">\n<tbody>\n<tr>\n<td bgcolor=\"#666666\"><strong>Composition pour 2 g\u00e9lules matin (1388 mg)<\/strong><\/td>\n<\/tr>\n<\/tbody>\n<\/table>\n<table border=\"0\" width=\"100%\" cellspacing=\"0\" cellpadding=\"10\">\n<tbody>\n<tr>\n<td align=\"left\" bgcolor=\"#A2A2A2\" width=\"50\">Ingr\u00e9dients<\/td>\n<td align=\"right\" bgcolor=\"#A2A2A2\" width=\"20%\">Dosage<\/td>\n<\/tr>\n<tr>\n<td align=\"left\" bgcolor=\"#CCCCCC\"><strong>Complexe THERMO-D<\/strong><\/td>\n<td align=\"right\" bgcolor=\"#CCCCCC\"><strong>600 mg<\/strong><\/td>\n<\/tr>\n<\/tbody>\n<\/table>\n<table border=\"0\" width=\"100%\" cellspacing=\"0\" cellpadding=\"10\">\n<tbody>\n<tr>\n<td bgcolor=\"#f1efee\">\n<h5>Extrait de guarana 260 mg, extrait de th\u00e9 vert 160 mg, mat\u00e9 100 mg, pissenlit 80 mg, caf\u00e9ine totale 66 mg<\/h5>\n<\/td>\n<\/tr>\n<\/tbody>\n<\/table>\n<table border=\"0\" width=\"100%\" cellspacing=\"0\" cellpadding=\"10\">\n<tbody>\n<tr>\n<td align=\"left\" bgcolor=\"#CCCCCC\" width=\"50\"><strong>Complexe CFM-SP 480<\/strong><\/td>\n<td align=\"right\" bgcolor=\"#CCCCCC\" width=\"20%\"><strong>410 mg<\/strong><\/td>\n<\/tr>\n<\/tbody>\n<\/table>\n<table border=\"0\" width=\"100%\" cellspacing=\"0\" cellpadding=\"10\">\n<tbody>\n<tr>\n<td bgcolor=\"#f1efee\">\n<h5>L-Ph\u00e9nylalanine 170 mg, L-Tyrosine 160 mg, L-Tryptophane 80 mg, Chrome 25 \u03bcg sous forme de picolinate (62% VNR*)<\/h5>\n<\/td>\n<\/tr>\n<\/tbody>\n<\/table>\n<table border=\"0\" cellspacing=\"0\" cellpadding=\"10\">\n<tbody>\n<tr>\n<td align=\"left\" bgcolor=\"#CCCCCC\" width=\"1316\"><strong>MAP-proNO\u2022<\/strong><\/td>\n<td align=\"right\" bgcolor=\"#CCCCCC\" width=\"326\"><strong>255 mg<\/strong><\/td>\n<\/tr>\n<\/tbody>\n<\/table>\n<table border=\"0\" width=\"100%\" cellspacing=\"0\" cellpadding=\"10\">\n<tbody>\n<tr>\n<td bgcolor=\"#f1efee\">\n<h5>Chlorhydrate de L-Arginine 204 mg (\u00e9quivalent \u00e0 168,7 mg d\u2019Arginine), bitartrate de choline 40 mg (\u00e9quivalent \u00e0 16,4 mg de choline), Zinc 10 mg sous forme amino-ch\u00e9lat\u00e9\u00ae (100% VNR*), vitamine B6 0,6 mg (43% VNR*)<\/h5>\n<\/td>\n<\/tr>\n<\/tbody>\n<\/table>\n<table border=\"0\" cellspacing=\"0\" cellpadding=\"10\">\n<tbody>\n<tr>\n<td align=\"left\" bgcolor=\"#CCCCCC\" width=\"1316\"><strong>LIPO-AS 320<\/strong><\/td>\n<td align=\"right\" bgcolor=\"#CCCCCC\" width=\"326\"><strong>117 mg<\/strong><\/td>\n<\/tr>\n<\/tbody>\n<\/table>\n<table border=\"0\" width=\"100%\" cellspacing=\"0\" cellpadding=\"10\">\n<tbody>\n<tr>\n<td bgcolor=\"#f1efee\">\n<h5>Chlorhydrate de b\u00e9ta\u00efne 60 mg (\u00e9quivalent \u00e0 45,8 mg de b\u00e9ta\u00efne) , L-Carnitine 40 mg, vitamine B3 11,2 mg (70% VNR*), vitamine B5 5,4 mg (90% VNR*)<\/h5>\n<\/td>\n<\/tr>\n<\/tbody>\n<\/table>\n<table border=\"0\" cellspacing=\"0\" cellpadding=\"10\">\n<tbody>\n<tr>\n<td align=\"left\" bgcolor=\"#CCCCCC\" width=\"1316\">Pipermax (extrait de poivre noir)<\/td>\n<td align=\"right\" bgcolor=\"#CCCCCC\" width=\"326\">6 mg<\/td>\n<\/tr>\n<\/tbody>\n<\/table>\n<table border=\"0\" width=\"100%\" cellspacing=\"0\" cellpadding=\"10\">\n<tbody>\n<tr>\n<td bgcolor=\"#666666\"><strong>Composition pour 2 g\u00e9lules soir (1202 mg)<\/strong><\/td>\n<\/tr>\n<\/tbody>\n<\/table>\n<table border=\"0\" width=\"100%\" cellspacing=\"0\" cellpadding=\"10\">\n<tbody>\n<tr>\n<td align=\"left\" bgcolor=\"#A2A2A2\" width=\"50\">Ingr\u00e9dients<\/td>\n<td align=\"right\" bgcolor=\"#A2A2A2\" width=\"20%\">Dosage<\/td>\n<\/tr>\n<tr>\n<td align=\"left\" bgcolor=\"#CCCCCC\"><strong>MAP-proNO\u2022<\/strong><\/td>\n<td align=\"right\" bgcolor=\"#CCCCCC\"><strong>606 mg<\/strong><\/td>\n<\/tr>\n<\/tbody>\n<\/table>\n<table border=\"0\" width=\"100%\" cellspacing=\"0\" cellpadding=\"10\">\n<tbody>\n<tr>\n<td bgcolor=\"#f1efee\">\n<h5>Chlorhydrate de L-Arginine 500 mg (\u00e9quivalent \u00e0 413,5 mg d\u2019Arginine), bitartrate de choline 100 mg (\u00e9quivalent \u00e0 41 mg de choline), Zinc 5 mg sous forme amino-ch\u00e9lat\u00e9e\u00ae (50% VNR*), vitamince B6 1,4 mg (100% VNR*)<\/h5>\n<\/td>\n<\/tr>\n<\/tbody>\n<\/table>\n<table border=\"0\" width=\"100%\" cellspacing=\"0\" cellpadding=\"10\">\n<tbody>\n<tr>\n<td align=\"left\" bgcolor=\"#CCCCCC\" width=\"50\"><strong>LIPO-AS 320<\/strong><\/td>\n<td align=\"right\" bgcolor=\"#CCCCCC\" width=\"20%\"><strong>215 mg<\/strong><\/td>\n<\/tr>\n<\/tbody>\n<\/table>\n<table border=\"0\" width=\"100%\" cellspacing=\"0\" cellpadding=\"10\">\n<tbody>\n<tr>\n<td bgcolor=\"#f1efee\">\n<h5>Chlorhydrate de b\u00e9ta\u00efne 140 mg (\u00e9quivalent \u00e0 107 mg de b\u00e9ta\u00efne), L-Carnitine 42 mg, vitamine B3 20,8 mg (130% VNR*), vitamine B5 12,6 mg (210% VNR*)<\/h5>\n<\/td>\n<\/tr>\n<\/tbody>\n<\/table>\n<table border=\"0\" cellspacing=\"0\" cellpadding=\"10\">\n<tbody>\n<tr>\n<td align=\"left\" bgcolor=\"#CCCCCC\" width=\"1316\">Fructo oligosaccharides<\/td>\n<td align=\"right\" bgcolor=\"#CCCCCC\" width=\"326\">180 mg<\/td>\n<\/tr>\n<\/tbody>\n<\/table>\n<table border=\"0\" cellspacing=\"0\" cellpadding=\"10\">\n<tbody>\n<tr>\n<td align=\"left\" bgcolor=\"#CCCCCC\" width=\"1316\">L-Tryptophane<\/td>\n<td align=\"right\" bgcolor=\"#CCCCCC\" width=\"326\">140 mg<\/td>\n<\/tr>\n<\/tbody>\n<\/table>\n<table border=\"0\" cellspacing=\"0\" cellpadding=\"10\">\n<tbody>\n<tr>\n<td align=\"left\" bgcolor=\"#CCCCCC\" width=\"1316\">Inositol<\/td>\n<td align=\"right\" bgcolor=\"#CCCCCC\" width=\"326\">60 mg<\/td>\n<\/tr>\n<\/tbody>\n<\/table>\n<h5><em>* Valeurs Nutritionnelles de R\u00e9f\u00e9rence.<\/em><\/h5>\n<p>Poids net : 87 g. \u2013 Code ACL : 3401596697563<\/p>\n<\/div>\n<\/li>\n<\/ul>\n","protected":false},"excerpt":{"rendered":"<div class=\"et_pb_module et_pb_wc_title et_pb_wc_title_0_tb_body et_pb_bg_layout_light\">\n<div class=\"et_pb_module_inner\">\n<h1>Myactide-RX<\/h1>\n<\/div>\n<\/div>\n<div id=\"fp-tags\" class=\"et_pb_module et_pb_text et_pb_text_1_tb_body  et_pb_text_align_left et_pb_bg_layout_light\">\n<div class=\"et_pb_text_inner\">\n<div class=\"woocommerce et-dynamic-content-woo et-dynamic-content-woo--product_short_description\">\n<p>Ceinture abdominale \u2013 graisses<\/p>\n<\/div>\n<\/div>\n<\/div>\n<div class=\"et_pb_module et_pb_wc_description et_pb_wc_description_0_tb_body produit-description et_pb_bg_layout_light  et_pb_text_align_left\">\n<div class=\"et_pb_module_inner\">\n<p>Compl\u00e9ment alimentaire<strong>\u00a0issu de la recherche en micronutrition<\/strong>\u00a0:<\/p>\n<ul>\n<li>Pour les personnes qui stockent\u00a0les\u00a0<strong>graisses au niveau de la ceinture abdominale<\/strong><\/li>\n<li>Contient\u00a0<strong>19 actifs minceur<\/strong>, dont du th\u00e9 vert (stimule la\u00a0<strong>combustion des graisses<\/strong>)<\/li>\n<li><strong>Formule matin et soir<\/strong>\u00a0pour une action cibl\u00e9e sur les graisses<\/li>\n<li><strong>1 bo\u00eete\u00a0: programme de 4 semaines<\/strong>. Renouvelable.<\/li>\n<\/ul>\n<\/div>\n<\/div>\n","protected":false},"featured_media":2891,"comment_status":"open","ping_status":"closed","template":"","meta":[],"product_brand":[],"product_cat":[23],"product_tag":[],"class_list":{"0":"post-382","1":"product","2":"type-product","3":"status-publish","4":"has-post-thumbnail","6":"product_cat-23","7":"entry","9":"first","10":"instock","11":"taxable","12":"shipping-taxable","13":"purchasable","14":"product-type-simple"},"jetpack_sharing_enabled":true,"_links":{"self":[{"href":"https:\/\/healthstore.mc\/index.php\/wp-json\/wp\/v2\/product\/382","targetHints":{"allow":["GET"]}}],"collection":[{"href":"https:\/\/healthstore.mc\/index.php\/wp-json\/wp\/v2\/product"}],"about":[{"href":"https:\/\/healthstore.mc\/index.php\/wp-json\/wp\/v2\/types\/product"}],"replies":[{"embeddable":true,"href":"https:\/\/healthstore.mc\/index.php\/wp-json\/wp\/v2\/comments?post=382"}],"wp:featuredmedia":[{"embeddable":true,"href":"https:\/\/healthstore.mc\/index.php\/wp-json\/wp\/v2\/media\/2891"}],"wp:attachment":[{"href":"https:\/\/healthstore.mc\/index.php\/wp-json\/wp\/v2\/media?parent=382"}],"wp:term":[{"taxonomy":"product_brand","embeddable":true,"href":"https:\/\/healthstore.mc\/index.php\/wp-json\/wp\/v2\/product_brand?post=382"},{"taxonomy":"product_cat","embeddable":true,"href":"https:\/\/healthstore.mc\/index.php\/wp-json\/wp\/v2\/product_cat?post=382"},{"taxonomy":"product_tag","embeddable":true,"href":"https:\/\/healthstore.mc\/index.php\/wp-json\/wp\/v2\/product_tag?post=382"}],"curies":[{"name":"wp","href":"https:\/\/api.w.org\/{rel}","templated":true}]}}