{"id":383,"date":"2020-04-23T19:24:04","date_gmt":"2020-04-23T17:24:04","guid":{"rendered":"http:\/\/10.0.0.17\/wordpress\/produit\/cellustepper-56gel56gel-2\/"},"modified":"2024-09-21T16:42:42","modified_gmt":"2024-09-21T14:42:42","slug":"cellustepper-56gel56gel-2","status":"publish","type":"product","link":"https:\/\/healthstore.mc\/index.php\/product\/cellustepper-56gel56gel-2\/","title":{"rendered":"CelluStepper 56gel+56gel"},"content":{"rendered":"<p>Physiologiquement, chez la femme, les hanches, les fessiers et les cuisses sont des zones d\u2019accumulation s\u00e9lective d\u2019eau et de graisse responsables de la cellulite. Cette pr\u00e9sence de cellulite est la cons\u00e9quence de facteurs hormonaux, g\u00e9n\u00e9tiques et le fruit \u00e9galement d\u2019une alimentation trop riche et d\u2019une s\u00e9dentarit\u00e9 trop importante.<\/p>\n<p>Les Laboratoires\u00a0<strong>NHCO Nutrition<\/strong>\u00ae ont sp\u00e9cialement d\u00e9velopp\u00e9\u00a0<strong>CELLUSTEPPER<\/strong>\u2122\u00a0<strong>Matin et Soir<\/strong>\u00a0pour aider \u00e0 affiner la silhouette, notamment au niveau des hanches, cuisses et fessiers.<br \/>\n<strong>CELLUSTEPPER<\/strong>\u2122\u00a0<strong>Matin<\/strong>\u00a0est constitu\u00e9 de 3 complexes :<br \/>\n<strong><img loading=\"lazy\" decoding=\"async\" title=\"\" src=\"http:\/\/www.nhco-nutrition.com\/images\/carre02_rose.gif\" alt=\"\" width=\"18\" height=\"10\" \/>Le complexe Leptopriv<\/strong>\u00a0: \u00e0 base de L-Tyrosine, un acide amin\u00e9 essentiel, et de Chrome qui contribue au m\u00e9tabolisme normal des macronutriments, notamment des sucres.<br \/>\n<strong><img loading=\"lazy\" decoding=\"async\" title=\"\" src=\"http:\/\/www.nhco-nutrition.com\/images\/carre02_rose.gif\" alt=\"\" width=\"18\" height=\"10\" \/>Le complexe TGC 550<\/strong>\u00a0: association de guarana riche en caf\u00e9ine qui aide \u00e0 lutter contre les capitons de la peau, de\u00a0<em>Camellia sinensis<\/em>\u00a0qui stimule la thermogen\u00e8se (d\u00e9pense \u00e9nerg\u00e9tique) contribuant ainsi \u00e0 br\u00fbler les graisses et de\u00a0<em>Capsicum<\/em>.<br \/>\n<strong><img loading=\"lazy\" decoding=\"async\" title=\"\" src=\"http:\/\/www.nhco-nutrition.com\/images\/carre02_rose.gif\" alt=\"\" width=\"18\" height=\"10\" \/>Le complexe Cellulase 7P<\/strong>\u00a0: association exclusive de 7 plantes, dont le pissenlit, favorisant le drainage et l\u2019\u00e9limination de l\u2019exc\u00e8s d\u2019eau, et la vigne rouge.<br \/>\n<strong>CELLUSTEPPER<\/strong>\u2122\u00a0<strong>Soir<\/strong>\u00a0est compos\u00e9 de CLA 1000 (acide linol\u00e9ique conjugu\u00e9), sous une forme des plus concentr\u00e9es et purifi\u00e9es.<\/p>\n<table border=\"0\" width=\"100%\" cellspacing=\"0\" cellpadding=\"10\">\n<tbody>\n<tr>\n<td bgcolor=\"#eca4c8\" width=\"50%\"><strong>Conseils d\u2019utilisation<\/strong><\/td>\n<td bgcolor=\"#f5d5e6\" width=\"50%\"><strong>Pendant les repas<\/strong><\/td>\n<\/tr>\n<tr>\n<td bgcolor=\"#eca4c8\" width=\"50%\">Le matin<\/td>\n<td bgcolor=\"#f5d5e6\" width=\"50%\"><strong>2 g\u00e9lules vertes<\/strong><\/td>\n<\/tr>\n<tr>\n<td bgcolor=\"#eca4c8\" width=\"50%\">Le soir<\/td>\n<td bgcolor=\"#f5d5e6\" width=\"50%\"><strong>2 capsules CLA<\/strong><\/td>\n<\/tr>\n<\/tbody>\n<\/table>\n<table border=\"0\" width=\"100%\" cellspacing=\"0\" cellpadding=\"10\">\n<tbody>\n<tr>\n<td bgcolor=\"#db4599\">4 semaines \/ \u00c0 renouveler si n\u00e9cessaire.<\/td>\n<\/tr>\n<\/tbody>\n<\/table>\n<p><strong>Compl\u00e9ment alimentaire<\/strong><br \/>\n<strong>Ingr\u00e9dients g\u00e9lule Matin :<\/strong>\u00a0extrait de feuille de th\u00e9 vert\u00a0<em>(Camellia sinensis)<\/em>, extrait de graine de guarana\u00a0<em>(Paullinia cupana)<\/em>, L-Ph\u00e9nylalanine, L-Tyrosine, racine de pissenlit\u00a0<em>(Taraxacum officinale)<\/em>, sommit\u00e9 fleurie de reine des pr\u00e9s\u00a0<em>(Filipendula ulmaria)<\/em>, tige d\u2019ananas\u00a0<em>(Ananas comosus)<\/em>, extrait de papaye\u00a0<em>(Carica papaya)<\/em>, choline bitartrate, feuille d\u2019hamamelis\u00a0<em>(Hamamelis virginiana)<\/em>, pr\u00eale\u00a0<em>(Equisetum arvense)<\/em>, extrait de feuille de vigne rouge\u00a0<em>(Vitis vinifera)<\/em>, anti-agglom\u00e9rants : phosphate dicalcique et st\u00e9arate de Magn\u00e9sium v\u00e9g\u00e9tal, extrait de\u00a0<em>Capsicum frutescens<\/em>, picolinate de Chrome. G\u00e9lule : g\u00e9latine, colorant : complexes cuivriques de chlorophyllines.<br \/>\n<strong>Ingr\u00e9dients capsule Soir :<\/strong>\u00a0CLA (acide linol\u00e9ique conjugu\u00e9), antioxydant : extraits riches en tocoph\u00e9rols. Capsule : g\u00e9latine, humectant : glyc\u00e9rol.<\/p>\n<table border=\"0\" width=\"100%\" cellspacing=\"0\" cellpadding=\"10\">\n<tbody>\n<tr>\n<td bgcolor=\"#666666\"><strong>Composition moyenne pour 2 g\u00e9lules Matin\/jour (1320 mg)<\/strong><\/td>\n<\/tr>\n<\/tbody>\n<\/table>\n<table border=\"0\" width=\"100%\" cellspacing=\"0\" cellpadding=\"10\">\n<tbody>\n<tr>\n<td align=\"left\" bgcolor=\"#A2A2A2\" width=\"50\">Ingr\u00e9dients<\/td>\n<td align=\"right\" bgcolor=\"#A2A2A2\" width=\"20%\">Dosage<\/td>\n<\/tr>\n<tr>\n<td align=\"left\" bgcolor=\"#CCCCCC\"><strong>Complexe Leptopriv<\/strong><\/td>\n<td align=\"right\" bgcolor=\"#CCCCCC\"><strong>300 mg<\/strong><\/td>\n<\/tr>\n<\/tbody>\n<\/table>\n<table border=\"0\" width=\"100%\" cellspacing=\"0\" cellpadding=\"10\">\n<tbody>\n<tr>\n<td bgcolor=\"#f1efee\">\n<h5>L-Ph\u00e9nylalanine 150 mg, L-Tyrosine 100 mg, choline bitartrate 50 mg<\/h5>\n<\/td>\n<\/tr>\n<\/tbody>\n<\/table>\n<table border=\"0\" width=\"100%\" cellspacing=\"0\" cellpadding=\"10\">\n<tbody>\n<tr>\n<td align=\"left\" bgcolor=\"#CCCCCC\" width=\"50\"><strong>Complexe TGC 550<\/strong><\/td>\n<td align=\"right\" bgcolor=\"#CCCCCC\" width=\"20%\"><strong>510 mg<\/strong><\/td>\n<\/tr>\n<\/tbody>\n<\/table>\n<table border=\"0\" width=\"100%\" cellspacing=\"0\" cellpadding=\"10\">\n<tbody>\n<tr>\n<td bgcolor=\"#f1efee\">\n<h5>Extrait de th\u00e9 vert 250 mg, extrait de guarana 250 mg, extrait de capsicum 10 mg<\/h5>\n<\/td>\n<\/tr>\n<\/tbody>\n<\/table>\n<table border=\"0\" width=\"100%\" cellspacing=\"0\" cellpadding=\"10\">\n<tbody>\n<tr>\n<td align=\"left\" bgcolor=\"#CCCCCC\" width=\"50\"><strong>Complexe Cellulase 7P<\/strong><\/td>\n<td align=\"right\" bgcolor=\"#CCCCCC\" width=\"20%\"><strong>510 mg<\/strong><\/td>\n<\/tr>\n<\/tbody>\n<\/table>\n<table border=\"0\" width=\"100%\" cellspacing=\"0\" cellpadding=\"10\">\n<tbody>\n<tr>\n<td bgcolor=\"#f1efee\">\n<h5>Reine des pr\u00e9s 100 mg, pissenlit 100 mg, ananas 80 mg, extrait de papaye 80 mg, extrait de vigne rouge 50 mg, hamam\u00e9lis 50 mg, pr\u00eale 50 mg<\/h5>\n<\/td>\n<\/tr>\n<\/tbody>\n<\/table>\n<table border=\"0\" width=\"100%\" cellspacing=\"0\" cellpadding=\"10\">\n<tbody>\n<tr>\n<td align=\"left\" bgcolor=\"#CCCCCC\" width=\"50\"><strong>Chrome<\/strong>\u00a0(sous forme de picolinate) 62 % VNR*<\/td>\n<td align=\"right\" bgcolor=\"#CCCCCC\" width=\"20%\"><strong>25 \u03bcg<\/strong><\/td>\n<\/tr>\n<\/tbody>\n<\/table>\n<h5><em>* Valeurs Nutritionnelles de R\u00e9f\u00e9rence.<\/em><\/h5>\n<table border=\"0\" width=\"100%\" cellspacing=\"0\" cellpadding=\"10\">\n<tbody>\n<tr>\n<td bgcolor=\"#666666\"><strong>Composition moyenne pour 2 capsules Soir\/jour<\/strong><\/td>\n<\/tr>\n<\/tbody>\n<\/table>\n<table border=\"0\" width=\"100%\" cellspacing=\"0\" cellpadding=\"10\">\n<tbody>\n<tr>\n<td align=\"left\" bgcolor=\"#A2A2A2\" width=\"50\">Ingr\u00e9dients<\/td>\n<td align=\"right\" bgcolor=\"#A2A2A2\" width=\"20%\">Dosage<\/td>\n<\/tr>\n<tr>\n<td align=\"left\" bgcolor=\"#CCCCCC\"><strong>CLA 1000<\/strong>\u00a0(acide linol\u00e9ique conjugu\u00e9 \u00e0 80 %)<\/td>\n<td align=\"right\" bgcolor=\"#CCCCCC\"><strong>1 997 mg<\/strong><\/td>\n<\/tr>\n<\/tbody>\n<\/table>\n<h5>Ce compl\u00e9ment alimentaire n\u2019est pas un m\u00e9dicament. Il est recommand\u00e9 de respecter la dose journali\u00e8re indiqu\u00e9e, de le consommer dans le cadre d\u2019une alimentation vari\u00e9e et \u00e9quilibr\u00e9e et d\u2019un mode de vie sain et de le tenir hors de port\u00e9e des jeunes enfants. R\u00e9serv\u00e9 \u00e0 l\u2019adulte. Contient de la caf\u00e9ine, d\u00e9conseill\u00e9 aux enfants et aux femmes enceintes ou allaitantes (68 mg pour 2 g\u00e9lules Matin). D\u00e9conseill\u00e9 aux personnes souffrant d\u2019allergie aux d\u00e9riv\u00e9s salicyl\u00e9s.<\/h5>\n<h5>\u00c0 consommer de pr\u00e9f\u00e9rence avant la date indiqu\u00e9e sous l\u2019\u00e9tui. Bien refermer apr\u00e8s ouverture. \u00c0 conserver dans un endroit sec et frais.<\/h5>\n<p>Poids net : 117 g \u2013 Code ACL : 3401548700631<\/p>\n","protected":false},"excerpt":{"rendered":"<table border=\"0\" cellspacing=\"0\" cellpadding=\"0\">\n<tbody>\n<tr>\n<td valign=\"top\">\n<h1><strong>CelluStepper\u2122<\/strong><\/h1>\n<\/td>\n<\/tr>\n<tr>\n<td valign=\"top\" height=\"40\">\n<h5>TGC 550 \u2013 Cellulase 7P<br \/>\nComplexe Leptopriv<br \/>\nCLA 1000 concentr\u00e9<\/h5>\n<\/td>\n<\/tr>\n<\/tbody>\n<\/table>\n<h3><\/h3>\n<h3><strong>Zones cibl\u00e9es<br \/>\nHanches \u2013 Cuisses \u2013 Fessiers<\/strong><\/h3>\n<p><img loading=\"lazy\" decoding=\"async\" title=\"\" src=\"http:\/\/www.nhco-nutrition.com\/images\/carre02_rose.gif\" alt=\"\" width=\"18\" height=\"10\" \/>Association de deux formules pour une action cibl\u00e9e. La formule Matin renferme notamment deux acides amin\u00e9s L-Tyrosine et L-Ph\u00e9nylalanine, un extrait de guarana riche en caf\u00e9ine qui aide \u00e0 lutter contre les capitons de la peau, du Camellia sinensis qui contribue \u00e0 br\u00fbler les graisses et de la vigne rouge. La formule Soir contient du CLA 1000 concentr\u00e9.<\/p>\n<p><strong>56 g\u00e9lules vertes matin\u00a0GreenCaps\u2122\u00a0+ 56 capsules soir \u2013 1 mois<\/strong><\/p>\n","protected":false},"featured_media":2151,"comment_status":"open","ping_status":"closed","template":"","meta":[],"product_brand":[],"product_cat":[23],"product_tag":[],"class_list":{"0":"post-383","1":"product","2":"type-product","3":"status-publish","4":"has-post-thumbnail","6":"product_cat-23","7":"entry","9":"first","10":"instock","11":"taxable","12":"shipping-taxable","13":"purchasable","14":"product-type-simple"},"jetpack_sharing_enabled":true,"_links":{"self":[{"href":"https:\/\/healthstore.mc\/index.php\/wp-json\/wp\/v2\/product\/383","targetHints":{"allow":["GET"]}}],"collection":[{"href":"https:\/\/healthstore.mc\/index.php\/wp-json\/wp\/v2\/product"}],"about":[{"href":"https:\/\/healthstore.mc\/index.php\/wp-json\/wp\/v2\/types\/product"}],"replies":[{"embeddable":true,"href":"https:\/\/healthstore.mc\/index.php\/wp-json\/wp\/v2\/comments?post=383"}],"wp:featuredmedia":[{"embeddable":true,"href":"https:\/\/healthstore.mc\/index.php\/wp-json\/wp\/v2\/media\/2151"}],"wp:attachment":[{"href":"https:\/\/healthstore.mc\/index.php\/wp-json\/wp\/v2\/media?parent=383"}],"wp:term":[{"taxonomy":"product_brand","embeddable":true,"href":"https:\/\/healthstore.mc\/index.php\/wp-json\/wp\/v2\/product_brand?post=383"},{"taxonomy":"product_cat","embeddable":true,"href":"https:\/\/healthstore.mc\/index.php\/wp-json\/wp\/v2\/product_cat?post=383"},{"taxonomy":"product_tag","embeddable":true,"href":"https:\/\/healthstore.mc\/index.php\/wp-json\/wp\/v2\/product_tag?post=383"}],"curies":[{"name":"wp","href":"https:\/\/api.w.org\/{rel}","templated":true}]}}