{"id":391,"date":"2020-04-23T19:24:47","date_gmt":"2020-04-23T17:24:47","guid":{"rendered":"http:\/\/10.0.0.17\/wordpress\/produit\/l-intexyl-28gel28gel-2\/"},"modified":"2024-09-21T16:42:53","modified_gmt":"2024-09-21T14:42:53","slug":"l-intexyl-28gel28gel-2","status":"publish","type":"product","link":"https:\/\/healthstore.mc\/index.php\/product\/l-intexyl-28gel28gel-2\/","title":{"rendered":"L-Intexyl 28gel+28gel"},"content":{"rendered":"<p>Les manifestations ressenties, telles que les sensibilit\u00e9s abdominales, ballonnements, spasmes ou transit irr\u00e9gulier, peuvent avoir plusieurs origines, notamment un d\u00e9s\u00e9quilibre de la flore intestinale, certains modes de vie ou des intol\u00e9rances alimentaires.<br \/>\nLes Laboratoires\u00a0<strong>NHCO Nutrition<\/strong><sup>\u00ae<\/sup>\u00a0ont \u00e9labor\u00e9 deux formules, r\u00e9unies au sein d\u2019un compl\u00e9ment alimentaire,\u00a0<strong>L-Intexyl<\/strong>\u2122, pour r\u00e9pondre \u00e0 des besoins sp\u00e9cifiques d\u2019\u00e9quilibre du syst\u00e8me digestif.<\/p>\n<p>La g\u00e9lule verte du matin a \u00e9t\u00e9 \u00e9labor\u00e9e en associant des extraits de plantes reconnues, \u00e0 un acide amin\u00e9 semi-essentiel, la L-Glutamine, et \u00e0 du Zinc sous forme de bisglycinate.<br \/>\n<img loading=\"lazy\" decoding=\"async\" class=\"alignnone size-full wp-image-3308\" title=\"\" src=\"http:\/\/www.nhco-nutrition.com\/images\/carre02_vert.gif\" alt=\"\" width=\"18\" height=\"10\" \/>Le complexe\u00a0<strong>D-Spasm-460<\/strong>\u2122 contient une combinaison de fenouil, de menthe poivr\u00e9e et de camomille qui aide \u00e0 maintenir le confort digestif, \u00e0 r\u00e9duire les ballonnements et les g\u00e8nes l\u00e9g\u00e8res de la digestion.<br \/>\n<img loading=\"lazy\" decoding=\"async\" class=\"alignnone size-full wp-image-3308\" title=\"\" src=\"http:\/\/www.nhco-nutrition.com\/images\/carre02_vert.gif\" alt=\"\" width=\"18\" height=\"10\" \/>La camomille aide \u00e0 soutenir les actions contre les spasmes et les feuilles de menthe participent au maintien de l\u2019\u00e9quilibre intestinal.<br \/>\n<img loading=\"lazy\" decoding=\"async\" class=\"alignnone size-full wp-image-3308\" title=\"\" src=\"http:\/\/www.nhco-nutrition.com\/images\/carre02_vert.gif\" alt=\"\" width=\"18\" height=\"10\" \/>Le Zinc amino-ch\u00e9lat\u00e9 favorise le fonctionnement normal du syst\u00e8me immunitaire, notamment intestinal.<br \/>\n<img loading=\"lazy\" decoding=\"async\" class=\"alignnone size-full wp-image-3308\" title=\"\" src=\"http:\/\/www.nhco-nutrition.com\/images\/carre02_vert.gif\" alt=\"\" width=\"18\" height=\"10\" \/>La g\u00e9lule transparente du soir est compos\u00e9e de plusieurs souches de lactobacilles et bifidobact\u00e9ries. Ces diff\u00e9rentes esp\u00e8ces, leur proportion et leur quantit\u00e9 ont \u00e9t\u00e9 soigneusement choisies. Elles ont \u00e9t\u00e9 encapsul\u00e9es dans des\u00a0<strong>DR-Caps<\/strong>\u2122, une nouvelle g\u00e9n\u00e9ration de capsules qui favorisent la protection contre les environnements acides (notamment l\u2019estomac) et lib\u00e8rent progressivement leur contenu dans l\u2019intestin pour un effet optimis\u00e9.<\/p>\n<table border=\"0\" width=\"100%\" cellspacing=\"0\" cellpadding=\"10\">\n<tbody>\n<tr>\n<td bgcolor=\"#8acc9c\" width=\"40%\"><strong>Conseils d\u2019utilisation<\/strong><\/td>\n<td bgcolor=\"#cfe8d4\" width=\"30%\">Au lever<\/td>\n<td bgcolor=\"#f0fdf3\" width=\"30%\">Au coucher<\/td>\n<\/tr>\n<tr>\n<td bgcolor=\"#8acc9c\" width=\"40%\">La 1\u00e8re semaine<\/td>\n<td bgcolor=\"#cfe8d4\" width=\"30%\"><strong>2 g\u00e9lules vertes<\/strong><\/td>\n<td bgcolor=\"#f0fdf3\" width=\"30%\"><strong>2 g\u00e9lules transparentes<\/strong><\/td>\n<\/tr>\n<tr>\n<td bgcolor=\"#8acc9c\" width=\"40%\">Les autres semaines<\/td>\n<td bgcolor=\"#cfe8d4\" width=\"30%\"><strong>1 g\u00e9lule verte<\/strong><\/td>\n<td bgcolor=\"#f0fdf3\" width=\"30%\"><strong>1 g\u00e9lule transparente<br \/>\n<\/strong><\/td>\n<\/tr>\n<\/tbody>\n<\/table>\n<p>&nbsp;<\/p>\n<h5>Ce compl\u00e9ment alimentaire n\u2019est pas un m\u00e9dicament. Il est recommand\u00e9 de respecter les doses journali\u00e8res indiqu\u00e9es, de le consommer dans le cadre d\u2019une alimentation vari\u00e9e et \u00e9quilibr\u00e9e et d\u2019un mode de vie sain, de le tenir hors de port\u00e9e des jeunes enfants. R\u00e9serv\u00e9 \u00e0 l\u2019adulte except\u00e9 la femme enceinte ou allaitante. Les personnes sous contr\u00f4le m\u00e9dical doivent demander l\u2019avis de leur m\u00e9decin traitant, en particulier en cas de traitement anticoagulants.<\/h5>\n<h5>\u00c0 consommer de pr\u00e9f\u00e9rence avant la date indiqu\u00e9e sous l\u2019\u00e9tui. Bien refermer apr\u00e8s ouverture. \u00c0 conserver dans un endroit sec et frais.<\/h5>\n<p><strong>Compl\u00e9ment alimentaire<\/strong><br \/>\n<strong>Ingr\u00e9dients g\u00e9lules vertes GreenCaps\u2122 :<\/strong>\u00a0L-Glutamine, extrait de feuilles de menthe poivr\u00e9e (<em>Mentha piperita L.<\/em>), extrait de fleurs de camomille matricaire (<em>Matricaria chamomilla L.<\/em>), extrait de fruits de fenouil (<em>Foeniculum vulgare<\/em>), antiagglom\u00e9rants : carbonate et st\u00e9arate de Magn\u00e9sium, curcumine extraite de rhizomes de Curcuma (<em>Curcuma longa<\/em>), bisglycinate de Zinc. G\u00e9lule : hydroxypropylm\u00e9thylcellulose, colorant : complexes cuivriques de chlorophylline.<br \/>\n<strong>Ingr\u00e9dients g\u00e9lules transparentes DRCaps\u2122 :<\/strong>\u00a0Maltodextrine, C.I.B.L 25 (souches de Lactobacillus casei, Bifidobacterium infantis, Bif idobacterium bifidum et Bifidobacterium lactis (contient<strong>\u00a0lait<\/strong>,\u00a0<strong>soja<\/strong>)), LactoB 95:5\u2122 (Lactobacillus rhamnosus et Lactobacillus helveticus (contient :\u00a0<strong>soja<\/strong>))<strong>,<\/strong>\u00a0anti-agglom\u00e9rant : st\u00e9arate de Magn\u00e9sium v\u00e9g\u00e9tal, antioxydant : acide ascorbique. G\u00e9lule : hydroxypropylm\u00e9thylcellulose, \u00e9paississant : gomme gellane.<\/p>\n<p><strong>G\u00e9lules v\u00e9g\u00e9tales vertes GreenCaps\u2122 et transparentes DR-Caps\u2122<\/strong><\/p>\n<p>&nbsp;<\/p>\n<p><strong>Sans gluten et sans lactose.<\/strong><\/p>\n<table border=\"0\" width=\"100%\" cellspacing=\"0\" cellpadding=\"10\">\n<tbody>\n<tr>\n<td bgcolor=\"#666666\"><strong>Composition pour 2 g\u00e9lules vertes \/jour (811 mg)<\/strong><\/td>\n<\/tr>\n<\/tbody>\n<\/table>\n<table border=\"0\" width=\"100%\" cellspacing=\"0\" cellpadding=\"10\">\n<tbody>\n<tr>\n<td align=\"left\" bgcolor=\"#a2a2a2\" width=\"50\">Ingr\u00e9dients<\/td>\n<td align=\"right\" bgcolor=\"#a2a2a2\" width=\"20%\">Dosage<\/td>\n<\/tr>\n<tr>\n<td align=\"left\" bgcolor=\"#cccccc\"><strong>D-Spasm-460<\/strong><\/td>\n<td align=\"right\" bgcolor=\"#cccccc\"><strong>456 mg<\/strong><\/td>\n<\/tr>\n<\/tbody>\n<\/table>\n<table border=\"0\" width=\"100%\" cellspacing=\"0\" cellpadding=\"10\">\n<tbody>\n<tr>\n<td bgcolor=\"#f1efee\">\n<h5>Extraits de\u00a0<em>Mentha piperita<\/em>\u00a0225 mg, de\u00a0<em>Matricaria chamomilla<\/em>\u00a0135 mg et de\u00a0<em>Foeniculum vulgare<\/em>\u00a096 mg<\/h5>\n<\/td>\n<\/tr>\n<\/tbody>\n<\/table>\n<table border=\"0\" width=\"100%\" cellspacing=\"0\" cellpadding=\"10\">\n<tbody>\n<tr>\n<td align=\"left\" bgcolor=\"#cccccc\" width=\"50\"><strong>Complexe HBI-500<\/strong><\/td>\n<td align=\"right\" bgcolor=\"#cccccc\" width=\"20%\"><strong>355 mg<\/strong><\/td>\n<\/tr>\n<\/tbody>\n<\/table>\n<table border=\"0\" width=\"100%\" cellspacing=\"0\" cellpadding=\"10\">\n<tbody>\n<tr>\n<td bgcolor=\"#f1efee\">\n<h5>L-Glutamine 300 mg, Curcumine extraite de\u00a0<em>Curcuma longa<\/em>\u00a048 mg, Zinc (sous forme amino-ch\u00e9lat\u00e9e\u00ae) 7mg 70% VNR*<\/h5>\n<\/td>\n<\/tr>\n<\/tbody>\n<\/table>\n<h5><em>* Valeurs Nutritionnelles de R\u00e9f\u00e9rence.<\/em><\/h5>\n<p><strong>G\u00e9lules transparentes DR-Caps\u2122<\/strong><\/p>\n<table border=\"0\" width=\"100%\" cellspacing=\"0\" cellpadding=\"10\">\n<tbody>\n<tr>\n<td bgcolor=\"#666666\"><strong>Composition pour 2 g\u00e9lules transparentes DR-Caps\/jour (160 mg)<\/strong><\/td>\n<\/tr>\n<\/tbody>\n<\/table>\n<table border=\"0\" width=\"100%\" cellspacing=\"0\" cellpadding=\"10\">\n<tbody>\n<tr>\n<td align=\"left\" bgcolor=\"#a2a2a2\" width=\"50\">Ingr\u00e9dients<\/td>\n<td align=\"right\" bgcolor=\"#a2a2a2\" width=\"20%\">Dosage<\/td>\n<\/tr>\n<tr>\n<td align=\"left\" bgcolor=\"#cccccc\"><strong>C.I.B.L 25<\/strong><\/td>\n<td align=\"right\" bgcolor=\"#cccccc\"><strong>80 mg<\/strong><\/td>\n<\/tr>\n<\/tbody>\n<\/table>\n<table border=\"0\" width=\"100%\" cellspacing=\"0\" cellpadding=\"10\">\n<tbody>\n<tr>\n<td bgcolor=\"#f1efee\">\n<h5>7 milliards d\u2019UFC**<\/h5>\n<\/td>\n<\/tr>\n<\/tbody>\n<\/table>\n<table border=\"0\" width=\"100%\" cellspacing=\"0\" cellpadding=\"10\">\n<tbody>\n<tr>\n<td align=\"left\" bgcolor=\"#cccccc\" width=\"50\"><strong>LactoB 95:5<\/strong><\/td>\n<td align=\"right\" bgcolor=\"#cccccc\" width=\"20%\"><strong>80 mg<\/strong><\/td>\n<\/tr>\n<\/tbody>\n<\/table>\n<table border=\"0\" width=\"100%\" cellspacing=\"0\" cellpadding=\"10\">\n<tbody>\n<tr>\n<td bgcolor=\"#f1efee\">\n<h5>7 milliards d\u2019UFC**<\/h5>\n<\/td>\n<\/tr>\n<\/tbody>\n<\/table>\n<h5><em>* Valeurs Nutritionnelles de R\u00e9f\u00e9rence<br \/>\n** Unit\u00e9 formant colonie<\/em><\/h5>\n<p>&nbsp;<\/p>\n<p>Poids net : 24,6 g. \u2013 Code ACL : 3401521492034<\/p>\n","protected":false},"excerpt":{"rendered":"<table border=\"0\" cellspacing=\"0\" cellpadding=\"0\">\n<tbody>\n<tr>\n<td valign=\"top\">\n<h1><strong>L-Intexyl\u2122<\/strong><\/h1>\n<\/td>\n<\/tr>\n<tr>\n<td valign=\"top\" height=\"40\">\n<h5>L-Glutamine \u2013 Zinc HBI-500 et LactoB 95:5<br \/>\n(ZBE #2,140,636)<\/h5>\n<\/td>\n<\/tr>\n<\/tbody>\n<\/table>\n<h3><strong>Equilibre intestinal<\/strong><\/h3>\n<p><img loading=\"lazy\" decoding=\"async\" class=\"alignnone size-full wp-image-3308\" title=\"\" src=\"http:\/\/www.nhco-nutrition.com\/images\/carre02_vert.gif\" alt=\"\" width=\"18\" height=\"10\" \/>La\u00a0<strong>formule Matin<\/strong>\u00a0associe de la L-Glutamine \u00e0 une combinaison de fenouil, menthe poivr\u00e9e et camomille qui\u00a0<strong>aide \u00e0 maintenir l\u2019\u00e9quilibre intestinal et le confort digestif, r\u00e9duire les ballonnements et soutenir les actions contre les spasmes<\/strong>. Les feuilles de menthe\u00a0<strong>participent au maintien de l\u2019\u00e9quilibre intestinal<\/strong>. La formule Soir contient une association de souches de lactobacilles et bifidobact\u00e9ries.<\/p>\n<p><strong>2 x 28 g\u00e9lules v\u00e9g\u00e9tales \u2013 3 semaines<\/strong><\/p>\n","protected":false},"featured_media":2224,"comment_status":"open","ping_status":"closed","template":"","meta":[],"product_brand":[],"product_cat":[23],"product_tag":[],"class_list":{"0":"post-391","1":"product","2":"type-product","3":"status-publish","4":"has-post-thumbnail","6":"product_cat-23","7":"entry","9":"first","10":"instock","11":"taxable","12":"shipping-taxable","13":"purchasable","14":"product-type-simple"},"jetpack_sharing_enabled":true,"_links":{"self":[{"href":"https:\/\/healthstore.mc\/index.php\/wp-json\/wp\/v2\/product\/391","targetHints":{"allow":["GET"]}}],"collection":[{"href":"https:\/\/healthstore.mc\/index.php\/wp-json\/wp\/v2\/product"}],"about":[{"href":"https:\/\/healthstore.mc\/index.php\/wp-json\/wp\/v2\/types\/product"}],"replies":[{"embeddable":true,"href":"https:\/\/healthstore.mc\/index.php\/wp-json\/wp\/v2\/comments?post=391"}],"wp:featuredmedia":[{"embeddable":true,"href":"https:\/\/healthstore.mc\/index.php\/wp-json\/wp\/v2\/media\/2224"}],"wp:attachment":[{"href":"https:\/\/healthstore.mc\/index.php\/wp-json\/wp\/v2\/media?parent=391"}],"wp:term":[{"taxonomy":"product_brand","embeddable":true,"href":"https:\/\/healthstore.mc\/index.php\/wp-json\/wp\/v2\/product_brand?post=391"},{"taxonomy":"product_cat","embeddable":true,"href":"https:\/\/healthstore.mc\/index.php\/wp-json\/wp\/v2\/product_cat?post=391"},{"taxonomy":"product_tag","embeddable":true,"href":"https:\/\/healthstore.mc\/index.php\/wp-json\/wp\/v2\/product_tag?post=391"}],"curies":[{"name":"wp","href":"https:\/\/api.w.org\/{rel}","templated":true}]}}