{"id":392,"date":"2020-04-23T19:24:51","date_gmt":"2020-04-23T17:24:51","guid":{"rendered":"http:\/\/10.0.0.17\/wordpress\/produit\/thermoxyl-112gel-2\/"},"modified":"2024-09-21T16:42:54","modified_gmt":"2024-09-21T14:42:54","slug":"thermoxyl-112gel-2","status":"publish","type":"product","link":"https:\/\/healthstore.mc\/index.php\/product\/thermoxyl-112gel-2\/","title":{"rendered":"Thermoxyl 112gel"},"content":{"rendered":"<p>Pour vous aider \u00e0 combattre les kilos superflus ou r\u00e9sistants, en accompagnement de mesures di\u00e9t\u00e9tiques et sportives, le produit\u00a0<strong>THERMOXYL<\/strong>\u2122 des Laboratoires\u00a0<strong>NHCO Nutrition<\/strong><sup>\u00ae<\/sup>, est une solution minceur exclusive et enrichie en actifs.<\/p>\n<p><strong>THERMOXYL<\/strong>\u2122 associe 4 complexes aux actions minceurs cibl\u00e9es.<\/p>\n<p><img loading=\"lazy\" decoding=\"async\" class=\"size-full wp-image-16630 alignnone\" src=\"http:\/\/nhco-nutrition.com\/france\/wp-content\/uploads\/2017\/02\/carre03_bleuviolet.gif\" alt=\"\" width=\"18\" height=\"10\" \/>Au sein du complexe\u00a0<strong>\u00df-thermoxy max<\/strong>, l\u2019extrait de caf\u00e9 vert est associ\u00e9 au th\u00e9 vert, au capsicum et au guarana s\u00e9lectionn\u00e9s pour leur richesse en actifs. Ces derniers stimulent le d\u00e9stockage des graisses aidant \u00e0 combattre l\u2019exc\u00e8s de poids.<br \/>\n<strong><img loading=\"lazy\" decoding=\"async\" class=\"size-full wp-image-16630 alignnone\" src=\"http:\/\/nhco-nutrition.com\/france\/wp-content\/uploads\/2017\/02\/carre03_bleuviolet.gif\" alt=\"\" width=\"18\" height=\"10\" \/>Promyosine-700\u00a0<\/strong>associe l\u2019Arginine et la Leucine, deux acides amin\u00e9s entrant dans la composition des fibres musculaires et contribuant ainsi \u00e0 la tonicit\u00e9 de la silhouette.<br \/>\n<img loading=\"lazy\" decoding=\"async\" class=\"size-full wp-image-16630 alignnone\" src=\"http:\/\/nhco-nutrition.com\/france\/wp-content\/uploads\/2017\/02\/carre03_bleuviolet.gif\" alt=\"\" width=\"18\" height=\"10\" \/>Les extraits de cassis et de pissenlit, draineurs naturels, favorisent les fonctions d\u2019\u00e9limination de l\u2019eau de l\u2019organisme.<br \/>\n<img loading=\"lazy\" decoding=\"async\" class=\"size-full wp-image-16630 alignnone\" src=\"http:\/\/nhco-nutrition.com\/france\/wp-content\/uploads\/2017\/02\/carre03_bleuviolet.gif\" alt=\"\" width=\"18\" height=\"10\" \/>Enfin, les vitamines B1, B3 et B5 contribuent au m\u00e9tabolisme \u00e9nerg\u00e9tique normal de l\u2019organisme.<\/p>\n<table border=\"0\" width=\"100%\" cellspacing=\"0\" cellpadding=\"10\">\n<tbody>\n<tr>\n<td bgcolor=\"#c4b8e0\" width=\"42%\"><strong>Conseils d\u2019utilisation<\/strong><\/td>\n<td bgcolor=\"#ded8ee\" width=\"29%\">Matin<\/td>\n<td bgcolor=\"#c4b8e0\" width=\"29%\">Midi<\/td>\n<\/tr>\n<tr>\n<td bgcolor=\"#c4b8e0\">Pendant les repas<\/td>\n<td bgcolor=\"#ded8ee\"><strong>2 g\u00e9lules<\/strong><\/td>\n<td bgcolor=\"#c4b8e0\"><strong>2 g\u00e9lules<\/strong><\/td>\n<\/tr>\n<\/tbody>\n<\/table>\n<table border=\"0\" width=\"100%\" cellspacing=\"0\" cellpadding=\"10\">\n<tbody>\n<tr>\n<td bgcolor=\"#5c3896\">4 semaines<\/td>\n<\/tr>\n<\/tbody>\n<\/table>\n<h5><\/h5>\n<h5>Ce compl\u00e9ment alimentaire n\u2019est pas un m\u00e9dicament. Il est recommand\u00e9 de respecter la dose journali\u00e8re indiqu\u00e9e, de le consommer dans le cadre d\u2019une alimentation vari\u00e9e et \u00e9quilibr\u00e9e et d\u2019un mode de vie sain et de le tenir hors de port\u00e9e des jeunes enfants. R\u00e9serv\u00e9 \u00e0 l\u2019adulte except\u00e9 la femme enceinte ou allaitante. Les personnes sous contr\u00f4le m\u00e9dical ne devraient pas consommer ce produit sans en informer leur m\u00e9decin traitant.<\/h5>\n<h5>Bien refermer apr\u00e8s ouverture. \u00c0 conserver dans un endroit sec et frais.<\/h5>\n<p><strong>Compl\u00e9ment alimentaire<\/strong><br \/>\n<strong>Ingr\u00e9dients :\u00a0<\/strong>extrait de feuilles de th\u00e9 vert\u00a0<em>(Camellia sinensis)<\/em>, chlorhydrate de L-Arginine, extrait de graines de guarana\u00a0<em>(Paullinia cupana)<\/em>, L-Leucine, extrait de graines de caf\u00e9 vert (<em>Coffea arabica L<\/em>), extrait de feuilles de cassis\u00a0<em>(Ribes nigrum)<\/em>, extrait de feuilles de pissenlit\u00a0<em>(Taraxacum officinale)<\/em>, feuilles de fr\u00eane\u00a0<em>(Fraxinus excelsior)<\/em>, chlorhydrate de b\u00e9ta\u00efne, bitartrate de choline, inositol, anti-agglom\u00e9rant : st\u00e9arate de magn\u00e9sium v\u00e9g\u00e9tal, vitamine B3 (nicotinamide), bisglycinate de Zinc, extrait de piment\u00a0<em>(Capsicum annuum)<\/em>, vitamine B5 (pantoth\u00e9nate de calcium), vitamine B1 (chlorhydrate de thiamine), vitamine B6 (chlorhydrate de pyridoxine). G\u00e9lule : hydroxypropylm\u00e9thylcellulose, colorant : complexes cuivriques de chlorophyllines.<\/p>\n<p><strong>G\u00e9lules v\u00e9g\u00e9tales vertes GreenCaps\u2122<\/strong><\/p>\n<table border=\"0\" width=\"100%\" cellspacing=\"0\" cellpadding=\"10\">\n<tbody>\n<tr>\n<td bgcolor=\"#666666\"><strong>Composition moyenne pour 4 g\u00e9lules\/jour (2347 mg)<\/strong><\/td>\n<\/tr>\n<\/tbody>\n<\/table>\n<table border=\"0\" width=\"100%\" cellspacing=\"0\" cellpadding=\"10\">\n<tbody>\n<tr>\n<td align=\"left\" bgcolor=\"#a2a2a2\" width=\"50\">Ingr\u00e9dients<\/td>\n<td align=\"right\" bgcolor=\"#a2a2a2\" width=\"20%\">Dosage<\/td>\n<\/tr>\n<tr>\n<td align=\"left\" bgcolor=\"#cccccc\"><strong>\u03b2-thermoxy max<\/strong><\/td>\n<td align=\"right\" bgcolor=\"#cccccc\"><strong>1205 mg<\/strong><\/td>\n<\/tr>\n<\/tbody>\n<\/table>\n<table border=\"0\" width=\"100%\" cellspacing=\"0\" cellpadding=\"10\">\n<tbody>\n<tr>\n<td bgcolor=\"#f1efee\">\n<h5>Extrait de th\u00e9 vert 665 mg (dont 200 mg de polyph\u00e9nols), extrait de guarana 400 mg, extrait de graine de caf\u00e9 vert 120 mg (dont 50 mg d\u2019acide chlorog\u00e9nique), extrait de\u00a0<em>Capsicum<\/em>\u00a020 mg, Caf\u00e9ine totale : 126 mg<\/h5>\n<\/td>\n<\/tr>\n<\/tbody>\n<\/table>\n<table border=\"0\" width=\"100%\" cellspacing=\"0\" cellpadding=\"10\">\n<tbody>\n<tr>\n<td align=\"left\" bgcolor=\"#cccccc\" width=\"50\"><strong>Promyosine-700<\/strong><\/td>\n<td align=\"right\" bgcolor=\"#cccccc\" width=\"20%\"><strong>706 mg<\/strong><\/td>\n<\/tr>\n<\/tbody>\n<\/table>\n<table border=\"0\" width=\"100%\" cellspacing=\"0\" cellpadding=\"10\">\n<tbody>\n<tr>\n<td bgcolor=\"#f1efee\">\n<h5>L-Arginine pure 400 mg, L-Leucine 300 mg, Zinc (sous forme amino-ch\u00e9lat\u00e9e\u00ae) 5 mg (50% VNR*), vitamine B6 1,4 mg (100% VNR*)<\/h5>\n<\/td>\n<\/tr>\n<\/tbody>\n<\/table>\n<table border=\"0\" width=\"100%\" cellspacing=\"0\" cellpadding=\"10\">\n<tbody>\n<tr>\n<td align=\"left\" bgcolor=\"#cccccc\" width=\"50\"><strong>Complexe v\u00e9g\u00e9tal<\/strong><\/td>\n<td align=\"right\" bgcolor=\"#cccccc\" width=\"20%\"><strong>270 mg<\/strong><\/td>\n<\/tr>\n<\/tbody>\n<\/table>\n<table border=\"0\" width=\"100%\" cellspacing=\"0\" cellpadding=\"10\">\n<tbody>\n<tr>\n<td bgcolor=\"#f1efee\">\n<h5>Extrait de cassis 120 mg, extrait de pissenlit 100 mg, fr\u00eane 50 mg<\/h5>\n<\/td>\n<\/tr>\n<\/tbody>\n<\/table>\n<table border=\"0\" width=\"100%\" cellspacing=\"0\" cellpadding=\"10\">\n<tbody>\n<tr>\n<td align=\"left\" bgcolor=\"#cccccc\" width=\"50\"><strong>\u03b2-lipochol<\/strong><\/td>\n<td align=\"right\" bgcolor=\"#cccccc\" width=\"20%\"><strong>166 mg<\/strong><\/td>\n<\/tr>\n<\/tbody>\n<\/table>\n<table border=\"0\" width=\"100%\" cellspacing=\"0\" cellpadding=\"10\">\n<tbody>\n<tr>\n<td bgcolor=\"#f1efee\">\n<h5>Choline bitartrate 40 mg (\u00e9quivalent \u00e0 16 mg de choline), b\u00e9ta\u00efne HCl 40 mg (\u00e9quivalent \u00e0 29 mg de b\u00e9ta\u00efne), inositol 40 mg, vitamine B1 2,2 mg (200% VNR*), vitamine B3 32 mg (200% VNR*), vitamine B5 12 mg (200% VNR*)<\/h5>\n<\/td>\n<\/tr>\n<\/tbody>\n<\/table>\n<h5><em>* Valeurs Nutritionnelles de R\u00e9f\u00e9rence.<\/em><\/h5>\n<h5>Contient de la caf\u00e9ine, d\u00e9conseill\u00e9 aux enfants et aux femmes enceintes ou allaitantes (126 mg pour 4 g\u00e9lules).<\/h5>\n<p>Poids net : 79 g. \u2013 Code ACL : 3401560265989<\/p>\n","protected":false},"excerpt":{"rendered":"<table border=\"0\" cellspacing=\"0\" cellpadding=\"0\">\n<tbody>\n<tr>\n<td valign=\"top\">\n<h1><strong>Thermoxyl<\/strong>\u2122<\/h1>\n<\/td>\n<\/tr>\n<tr>\n<td valign=\"top\" height=\"50\">\n<h5>\u00df-thermoxy max, Promyosine-700<br \/>\n(HMF #2,010,265)<\/h5>\n<\/td>\n<\/tr>\n<\/tbody>\n<\/table>\n<h3><strong>Surpoids<br \/>\nBr\u00fbleur de graisses<\/strong><\/h3>\n<p><img loading=\"lazy\" decoding=\"async\" class=\"size-full wp-image-16630 alignnone\" src=\"http:\/\/nhco-nutrition.com\/france\/wp-content\/uploads\/2017\/02\/carre03_bleuviolet.gif\" alt=\"\" width=\"18\" height=\"10\" \/>V\u00e9ritable\u00a0<strong>concentr\u00e9 minceur<\/strong>, la formule de\u00a0<strong>THERMOXYL<\/strong>\u2122 renferme 17 ingr\u00e9dients actifs. Elle associe des extraits de th\u00e9 vert, de capsicum et de guarana stimulant le\u00a0<strong>d\u00e9stockage des graisses<\/strong>, aidant ainsi \u00e0 combattre les exc\u00e8s de poids, \u00e0 un extrait de cassis favorisant\u00a0<strong>l\u2019\u00e9limination<\/strong>\u00a0et \u00e0 la Leucine pour une silhouette tonifi\u00e9e.<\/p>\n<p><strong>112 g\u00e9lules GreenCaps\u2122 \u2013 4 semaines<\/strong><\/p>\n","protected":false},"featured_media":2271,"comment_status":"open","ping_status":"closed","template":"","meta":[],"product_brand":[],"product_cat":[23],"product_tag":[],"class_list":{"0":"post-392","1":"product","2":"type-product","3":"status-publish","4":"has-post-thumbnail","6":"product_cat-23","7":"entry","9":"first","10":"instock","11":"taxable","12":"shipping-taxable","13":"purchasable","14":"product-type-simple"},"jetpack_sharing_enabled":true,"_links":{"self":[{"href":"https:\/\/healthstore.mc\/index.php\/wp-json\/wp\/v2\/product\/392","targetHints":{"allow":["GET"]}}],"collection":[{"href":"https:\/\/healthstore.mc\/index.php\/wp-json\/wp\/v2\/product"}],"about":[{"href":"https:\/\/healthstore.mc\/index.php\/wp-json\/wp\/v2\/types\/product"}],"replies":[{"embeddable":true,"href":"https:\/\/healthstore.mc\/index.php\/wp-json\/wp\/v2\/comments?post=392"}],"wp:featuredmedia":[{"embeddable":true,"href":"https:\/\/healthstore.mc\/index.php\/wp-json\/wp\/v2\/media\/2271"}],"wp:attachment":[{"href":"https:\/\/healthstore.mc\/index.php\/wp-json\/wp\/v2\/media?parent=392"}],"wp:term":[{"taxonomy":"product_brand","embeddable":true,"href":"https:\/\/healthstore.mc\/index.php\/wp-json\/wp\/v2\/product_brand?post=392"},{"taxonomy":"product_cat","embeddable":true,"href":"https:\/\/healthstore.mc\/index.php\/wp-json\/wp\/v2\/product_cat?post=392"},{"taxonomy":"product_tag","embeddable":true,"href":"https:\/\/healthstore.mc\/index.php\/wp-json\/wp\/v2\/product_tag?post=392"}],"curies":[{"name":"wp","href":"https:\/\/api.w.org\/{rel}","templated":true}]}}