{"id":393,"date":"2020-04-23T19:24:55","date_gmt":"2020-04-23T17:24:55","guid":{"rendered":"http:\/\/10.0.0.17\/wordpress\/produit\/synapsyl-70gel-2\/"},"modified":"2024-09-21T16:42:56","modified_gmt":"2024-09-21T14:42:56","slug":"synapsyl-70gel-2","status":"publish","type":"product","link":"https:\/\/healthstore.mc\/index.php\/product\/synapsyl-70gel-2\/","title":{"rendered":"Synapsyl 70gel"},"content":{"rendered":"<p>Faire face \u00e0 des situations difficiles ou \u00e0 un mode de vie stressant peut perturber l\u2019\u00e9quilibre nerveux. Il en r\u00e9sulte une fatigue mentale et physique, un stress continu ou encore des baisses d\u2019humeur fr\u00e9quentes.<\/p>\n<p>Pour aider l\u2019organisme \u00e0 retrouver \u00e9quilibre, vitalit\u00e9 et bien-\u00eatre mental, certains nutriments agissent au c\u0153ur m\u00eame des cellules, favorisant la relaxation ou aidant \u00e0 mieux g\u00e9rer les situations de stress.<\/p>\n<p>Ces nutriments ont \u00e9t\u00e9 soigneusement associ\u00e9s au sein de\u00a0<strong>SYNAPSYL<\/strong>\u2122, une formule innovante des Laboratoires\u00a0<strong>NHCO Nutrition<\/strong>\u00ae gr\u00e2ce \u00e0 ses 3 complexes agissant \u00e0 diff\u00e9rents niveaux de r\u00e9gulation de l\u2019\u00e9quilibre nerveux.<\/p>\n<p><img loading=\"lazy\" decoding=\"async\" class=\"alignnone size-full wp-image-3308\" title=\"\" src=\"http:\/\/www.nhco-nutrition.com\/images\/carre02_bleusynapsyl.gif\" alt=\"\" width=\"18\" height=\"10\" \/>Le complexe\u00a0<strong>Neuramine SAD<\/strong>\u2122 contient du L-Tryptophane et de la L-Ph\u00e9nylalanine, acides amin\u00e9s essentiels, ainsi que des vitamines B3, B6 et B12 et du Magn\u00e9sium qui contribuent au fonctionnement normal du syst\u00e8me nerveux et \u00e0 des fonctions psychologiques normales.<br \/>\n<img loading=\"lazy\" decoding=\"async\" class=\"alignnone size-full wp-image-3308\" title=\"\" src=\"http:\/\/www.nhco-nutrition.com\/images\/carre02_bleusynapsyl.gif\" alt=\"\" width=\"18\" height=\"10\" \/>Le complexe\u00a0<strong>A.L.C. Neuroplex<\/strong>\u2122 associe l\u2019ac\u00e9tyl-L-Carnitine au rhodiola qui aide \u00e0 r\u00e9duire la fatigue li\u00e9e au stress, \u00e0 l\u2019\u00e9leuth\u00e9rocoque qui favorise la bonne humeur et au bacopa qui am\u00e9liore la r\u00e9sistance de l\u2019organisme face au stress.<br \/>\n<img loading=\"lazy\" decoding=\"async\" class=\"alignnone size-full wp-image-3308\" title=\"\" src=\"http:\/\/www.nhco-nutrition.com\/images\/carre02_bleusynapsyl.gif\" alt=\"\" width=\"18\" height=\"10\" \/>Enfin, les extraits d\u2019aub\u00e9pine et val\u00e9riane ont \u00e9t\u00e9 associ\u00e9s pour leur effet relaxant, la val\u00e9riane aidant \u00e9galement \u00e0 retrouver un bien-\u00eatre mental.<\/p>\n<table border=\"0\" width=\"100%\" cellspacing=\"0\" cellpadding=\"10\">\n<tbody>\n<tr>\n<td bgcolor=\"#d4e0f2\" width=\"60%\"><strong>Conseils d\u2019utilisation<\/strong><\/td>\n<td bgcolor=\"#e4e7f2\" width=\"20%\">Matin*<\/td>\n<td bgcolor=\"#d4e0f2\" width=\"20%\">Soir*<\/td>\n<\/tr>\n<tr>\n<td bgcolor=\"#d4e0f2\" width=\"60%\">Les 10 premiers jours<\/td>\n<td bgcolor=\"#e4e7f2\" width=\"20%\"><strong>2 g\u00e9lules<\/strong><\/td>\n<td bgcolor=\"#d4e0f2\" width=\"20%\"><strong>2 g\u00e9lules<\/strong><\/td>\n<\/tr>\n<tr>\n<td bgcolor=\"#d4e0f2\">Les 15 jours suivants<\/td>\n<td bgcolor=\"#e4e7f2\"><strong>2 g\u00e9lules<\/strong><\/td>\n<td bgcolor=\"#d4e0f2\"><\/td>\n<\/tr>\n<\/tbody>\n<\/table>\n<table border=\"0\" width=\"100%\" cellspacing=\"0\" cellpadding=\"10\">\n<tbody>\n<tr>\n<td bgcolor=\"#4f91cd\">\u00c0 renouveler si n\u00e9cessaire.<\/td>\n<\/tr>\n<\/tbody>\n<\/table>\n<h5><em>* En dehors des repas.<\/em><\/h5>\n<p>Ce produit convient aux v\u00e9g\u00e9tariens et aux v\u00e9g\u00e9taliens.<\/p>\n<h5>Ce compl\u00e9ment alimentaire n\u2019est pas un m\u00e9dicament. Il est recommand\u00e9 de respecter la dose journali\u00e8re indiqu\u00e9e, de le consommer dans le cadre d\u2019une alimentation vari\u00e9e et \u00e9quilibr\u00e9e, d\u2019un mode de vie sain, et de le tenir hors de port\u00e9e des jeunes enfants. R\u00e9serv\u00e9 \u00e0 l\u2019adulte except\u00e9 la femme enceinte ou allaitante. Les personnes sous contr\u00f4le m\u00e9dical doivent demander conseil \u00e0 leur m\u00e9decin traitant, en particulier celles sous antid\u00e9presseurs, somnif\u00e8res et autres s\u00e9datifs.<\/h5>\n<h5>\u00c0 consommer de pr\u00e9f\u00e9rence avant la date indiqu\u00e9e sous l\u2019\u00e9tui. Bien refermer apr\u00e8s ouverture. \u00c0 conserver dans un endroit sec et frais.<\/h5>\n<p><strong>Compl\u00e9ment alimentaire<\/strong><br \/>\n<strong>Ingr\u00e9dients :\u00a0<\/strong>bisglycinate de Magn\u00e9sium tamponn\u00e9, chlorhydrate d\u2019Ac\u00e9tyl-L-Carnitine, extrait de racine d\u2019\u00e9leuth\u00e9rocoque (Eleutherococcus senticosus), L-Ph\u00e9nylalanine, Taurine, extrait de sommit\u00e9 fleurie d\u2019aub\u00e9pine (Crataegus laevigata et monogyna), extrait de racine de val\u00e9riane (Valeriana officinalis), L-Tryptophane, extrait de racine de rhodiola (Rhodiola rosea), anti-agglom\u00e9rants : st\u00e9arate de magn\u00e9sium v\u00e9g\u00e9tal et carbonate de magn\u00e9sium, extrait de feuille de bacopa (Bacopa monnieri), bisglycinate de Zinc, vitamine B3 (nicotinamide), s\u00e9l\u00e9nom\u00e9thionine, vitamine B6 (chlorhydrate de pyridoxine), vitamine B12 (cyanocobalamine), vitamine D3 v\u00e9g\u00e9tale (chol\u00e9calcif\u00e9rol), vitamine B9 (acide folique). G\u00e9lule : hydroxypropylm\u00e9thylcellulose, colorant : complexes cuivriques de chlorophyllines.<\/p>\n<p><strong>G\u00e9lules v\u00e9g\u00e9tales vertes GreenCaps\u2122<\/strong><\/p>\n<table border=\"0\" width=\"100%\" cellspacing=\"0\" cellpadding=\"10\">\n<tbody>\n<tr>\n<td bgcolor=\"#666666\"><strong>Composition moyenne pour 4 g\u00e9lules\/jour (1952 mg)<\/strong><\/td>\n<\/tr>\n<\/tbody>\n<\/table>\n<table border=\"0\" width=\"100%\" cellspacing=\"0\" cellpadding=\"10\">\n<tbody>\n<tr>\n<td align=\"left\" bgcolor=\"#A2A2A2\" width=\"50\">Ingr\u00e9dients<\/td>\n<td align=\"right\" bgcolor=\"#A2A2A2\" width=\"20%\">Dosage<\/td>\n<\/tr>\n<tr>\n<td align=\"left\" bgcolor=\"#CCCCCC\"><strong>Neuramine SAD<\/strong><\/td>\n<td align=\"right\" bgcolor=\"#CCCCCC\"><strong>727 mg<\/strong><\/td>\n<\/tr>\n<\/tbody>\n<\/table>\n<table border=\"0\" width=\"100%\" cellspacing=\"0\" cellpadding=\"10\">\n<tbody>\n<tr>\n<td bgcolor=\"#f1efee\">\n<h5>L-Ph\u00e9nylalanine 250 mg, Taurine 250 mg, L-Tryptophane 100 mg, Magn\u00e9sium sous forme amino-ch\u00e9lat\u00e9e\u00ae\u00a0 112,5 mg (30 % VNR*), Zinc sous forme amino-ch\u00e9lat\u00e9e\u00ae 5 mg (50 % VNR*), vitamine B3 8 mg (50 % VNR*), vitamine B6 1,4 mg (100 % VNR*), vitamine B9 100 \u03bcg (50 % VNR*), vitamine B12 1,25 \u03bcg (50 % VNR*)<\/h5>\n<\/td>\n<\/tr>\n<\/tbody>\n<\/table>\n<table border=\"0\" width=\"100%\" cellspacing=\"0\" cellpadding=\"10\">\n<tbody>\n<tr>\n<td align=\"left\" bgcolor=\"#CCCCCC\" width=\"50\"><strong>A.L.C. Neuroplex<\/strong><\/td>\n<td align=\"right\" bgcolor=\"#CCCCCC\" width=\"20%\"><strong>945 mg<\/strong><\/td>\n<\/tr>\n<\/tbody>\n<\/table>\n<table border=\"0\" width=\"100%\" cellspacing=\"0\" cellpadding=\"10\">\n<tbody>\n<tr>\n<td bgcolor=\"#f1efee\">\n<h5>Ac\u00e9tyl-L-Carnitine 500 mg, extrait d\u2019\u00e9leuth\u00e9rocoque 300 mg, extrait de rhodiola 95 mg, extrait de bacopa 50 mg<\/h5>\n<\/td>\n<\/tr>\n<\/tbody>\n<\/table>\n<table border=\"0\" width=\"100%\" cellspacing=\"0\" cellpadding=\"10\">\n<tbody>\n<tr>\n<td align=\"left\" bgcolor=\"#CCCCCC\" width=\"50\"><strong>Anaxyl D3<\/strong><\/td>\n<td align=\"right\" bgcolor=\"#CCCCCC\" width=\"20%\"><strong>280 mg<\/strong><\/td>\n<\/tr>\n<\/tbody>\n<\/table>\n<table border=\"0\" width=\"100%\" cellspacing=\"0\" cellpadding=\"10\">\n<tbody>\n<tr>\n<td bgcolor=\"#f1efee\">\n<h5>Extrait d\u2019aub\u00e9pine\u00a0<em>(Crataegus sp.)<\/em>\u00a0160 mg, extrait de val\u00e9riane\u00a0<em>(Valeriana officinalis)<\/em>\u00a0120 mg, S\u00e9l\u00e9nium sous forme de s\u00e9l\u00e9nom\u00e9thionine 27,5 \u03bcg (50 % VNR*), vitamine D3 2,5 \u03bcg (50 % VNR*)<\/h5>\n<\/td>\n<\/tr>\n<\/tbody>\n<\/table>\n<h5><em>* Valeurs Nutritionnelles de R\u00e9f\u00e9rence.<\/em><\/h5>\n<p>&nbsp;<\/p>\n<p>Poids net : 52 g. \u2013 Code ACL : 3401560095463<\/p>\n","protected":false},"excerpt":{"rendered":"<table border=\"0\" cellspacing=\"0\" cellpadding=\"0\">\n<tbody>\n<tr>\n<td valign=\"top\">\n<h1><strong>Synapsyl\u2122<\/strong><\/h1>\n<\/td>\n<\/tr>\n<tr>\n<td valign=\"top\" height=\"40\">\n<h5>Neuramine SAD \u2013 A.L.C. Neuroplex<\/h5>\n<\/td>\n<\/tr>\n<\/tbody>\n<\/table>\n<h3><strong>Equilibre nerveux<\/strong><\/h3>\n<p><img loading=\"lazy\" decoding=\"async\" class=\"alignnone size-full wp-image-3308\" title=\"\" src=\"http:\/\/www.nhco-nutrition.com\/images\/carre02_bleusynapsyl.gif\" alt=\"\" width=\"18\" height=\"10\" \/>Concentre de l\u2019ac\u00e9tyl-L-Carnitine et du L-Tryptophane, de la val\u00e9riane qui favorise la\u00a0<strong>relaxation<\/strong>\u00a0et le\u00a0<strong>bien-\u00eatre<\/strong>\u00a0<strong>mental<\/strong>, du bacopa am\u00e9liorant la\u00a0<strong>r\u00e9sistance face au stress<\/strong>\u00a0et du Magn\u00e9sium qui contribue \u00e0 l\u2019<strong>\u00e9quilibre nerveux<\/strong>\u00a0et \u00e0 des fonctions psychologiques normales.<\/p>\n<p><strong>70 g\u00e9lules GreenCaps\u2122 \u2013 25 \/ 35 jours<\/strong><\/p>\n","protected":false},"featured_media":2266,"comment_status":"open","ping_status":"closed","template":"","meta":[],"product_brand":[],"product_cat":[23],"product_tag":[],"class_list":{"0":"post-393","1":"product","2":"type-product","3":"status-publish","4":"has-post-thumbnail","6":"product_cat-23","7":"entry","9":"first","10":"instock","11":"taxable","12":"shipping-taxable","13":"purchasable","14":"product-type-simple"},"jetpack_sharing_enabled":true,"_links":{"self":[{"href":"https:\/\/healthstore.mc\/index.php\/wp-json\/wp\/v2\/product\/393","targetHints":{"allow":["GET"]}}],"collection":[{"href":"https:\/\/healthstore.mc\/index.php\/wp-json\/wp\/v2\/product"}],"about":[{"href":"https:\/\/healthstore.mc\/index.php\/wp-json\/wp\/v2\/types\/product"}],"replies":[{"embeddable":true,"href":"https:\/\/healthstore.mc\/index.php\/wp-json\/wp\/v2\/comments?post=393"}],"wp:featuredmedia":[{"embeddable":true,"href":"https:\/\/healthstore.mc\/index.php\/wp-json\/wp\/v2\/media\/2266"}],"wp:attachment":[{"href":"https:\/\/healthstore.mc\/index.php\/wp-json\/wp\/v2\/media?parent=393"}],"wp:term":[{"taxonomy":"product_brand","embeddable":true,"href":"https:\/\/healthstore.mc\/index.php\/wp-json\/wp\/v2\/product_brand?post=393"},{"taxonomy":"product_cat","embeddable":true,"href":"https:\/\/healthstore.mc\/index.php\/wp-json\/wp\/v2\/product_cat?post=393"},{"taxonomy":"product_tag","embeddable":true,"href":"https:\/\/healthstore.mc\/index.php\/wp-json\/wp\/v2\/product_tag?post=393"}],"curies":[{"name":"wp","href":"https:\/\/api.w.org\/{rel}","templated":true}]}}