{"id":405,"date":"2020-04-23T19:25:53","date_gmt":"2020-04-23T17:25:53","guid":{"rendered":"http:\/\/10.0.0.17\/wordpress\/produit\/zinc-84gels-2\/"},"modified":"2024-09-21T16:43:47","modified_gmt":"2024-09-21T14:43:47","slug":"zinc-84gels-2","status":"publish","type":"product","link":"https:\/\/healthstore.mc\/index.php\/product\/zinc-84gels-2\/","title":{"rendered":"Zinc 84gels"},"content":{"rendered":"<p>Les min\u00e9raux\u00a0amino-ch\u00e9lat\u00e9s\u2122 sont des mol\u00e9cules liant un min\u00e9ral \u00e0 des acides amin\u00e9s par des proc\u00e9d\u00e9s brevet\u00e9s. Cette innovation technique favorise leur assimilation par rapport \u00e0 d\u2019autres formes de min\u00e9raux.<\/p>\n<p><img loading=\"lazy\" decoding=\"async\" class=\"aligncenter wp-image-17010 size-full\" src=\"https:\/\/nhco-nutrition.com\/france\/wp-content\/uploads\/2018\/09\/zinc-intro2.png\" sizes=\"auto, (max-width: 350px) 100vw, 350px\" srcset=\"https:\/\/nhco-nutrition.com\/france\/wp-content\/uploads\/2018\/09\/zinc-intro2.png 350w, https:\/\/nhco-nutrition.com\/france\/wp-content\/uploads\/2018\/09\/zinc-intro2-300x234.png 300w\" alt=\"\" width=\"350\" height=\"273\" \/><\/p>\n<p>Le Zinc est un oligo-\u00e9l\u00e9ment essentiel \u00e0 l\u2019organisme.<br \/>\nIl intervient notamment pour le maintien d\u2019une peau normale et du bon fonctionnement du syst\u00e8me immunitaire. Chez les hommes, le Zinc contribue au maintien d\u2019un taux normal de testost\u00e9rone dans le sang.<\/p>\n<p><img loading=\"lazy\" decoding=\"async\" class=\"alignnone size-full wp-image-17011\" src=\"https:\/\/nhco-nutrition.com\/france\/wp-content\/uploads\/2018\/09\/zinc-introfrdef.png\" sizes=\"auto, (max-width: 340px) 100vw, 340px\" srcset=\"https:\/\/nhco-nutrition.com\/france\/wp-content\/uploads\/2018\/09\/zinc-introfrdef.png 340w, https:\/\/nhco-nutrition.com\/france\/wp-content\/uploads\/2018\/09\/zinc-introfrdef-300x97.png 300w\" alt=\"\" width=\"340\" height=\"110\" \/><\/p>\n<table border=\"0\" width=\"100%\" cellspacing=\"0\" cellpadding=\"10\">\n<tbody>\n<tr>\n<td bgcolor=\"#bca590\" width=\"70%\"><strong>Conseils d\u2019utilisation<\/strong><\/td>\n<td bgcolor=\"#dfd3c8\" width=\"30%\"><strong>1 g\u00e9lule le soir<\/strong><\/td>\n<\/tr>\n<\/tbody>\n<\/table>\n<table border=\"0\" width=\"100%\" cellspacing=\"0\" cellpadding=\"10\">\n<tbody>\n<tr>\n<td bgcolor=\"#a5876f\">12 semaines \/ A renouveler si n\u00e9cessaire.<\/td>\n<\/tr>\n<\/tbody>\n<\/table>\n<p>&nbsp;<\/p>\n<p>Ce produit convient aux v\u00e9g\u00e9tariens et aux v\u00e9g\u00e9taliens.<br \/>\nSans gluten, sans lactose.<\/p>\n<h5>\u00c0 consommer de pr\u00e9f\u00e9rence avant la date indiqu\u00e9e sous le pilulier. Bien refermer apr\u00e8s ouverture. \u00c0 conserver dans un endroit sec et frais.<br \/>\nCe compl\u00e9ment alimentaire n\u2019est pas un m\u00e9dicament. Il est recommand\u00e9 de respecter la dose journali\u00e8re indiqu\u00e9e, de le consommer dans le cadre d\u2019une alimentation vari\u00e9e et \u00e9quilibr\u00e9e et d\u2019un mode de vie sain, de le tenir hors de port\u00e9e des jeunes enfants. R\u00e9serv\u00e9 \u00e0 l\u2019adulte, except\u00e9 la femme enceinte ou allaitante.<\/h5>\n<p><strong>Compl\u00e9ment alimentaire<\/strong><br \/>\n<strong>Ingredients :<\/strong>\u00a0agent de charge : cellulose microcristalline, bisglycinate de Zinc, vitamine B5 (D-pantoth\u00e9nate de calcium), anti-agglom\u00e9rant : st\u00e9arate de magn\u00e9sium v\u00e9g\u00e9tal. G\u00e9lule : hydroxypropylm\u00e9thylcellulose.<\/p>\n<p><strong>G\u00e9lules v\u00e9g\u00e9tales ClearCaps\u2122<\/strong><\/p>\n<table border=\"0\" width=\"100%\" cellspacing=\"0\" cellpadding=\"10\">\n<tbody>\n<tr>\n<td bgcolor=\"#666666\"><strong>Composition moyenne pour 1 g\u00e9lule par jour<\/strong><\/td>\n<\/tr>\n<\/tbody>\n<\/table>\n<table border=\"0\" width=\"100%\" cellspacing=\"0\" cellpadding=\"10\">\n<tbody>\n<tr>\n<td align=\"left\" bgcolor=\"#A2A2A2\" width=\"60\">Ingr\u00e9dients<\/td>\n<td align=\"right\" bgcolor=\"#A2A2A2\" width=\"20%\">Dosage<\/td>\n<td align=\"right\" bgcolor=\"#A2A2A2\" width=\"20%\">VNR*<\/td>\n<\/tr>\n<tr>\n<td align=\"left\" bgcolor=\"#CCCCCC\" width=\"60\"><strong>Zinc \u00e9l\u00e9ment<\/strong><\/td>\n<td align=\"right\" bgcolor=\"#CCCCCC\" width=\"20%\">15 mg<\/td>\n<td align=\"right\" bgcolor=\"#CCCCCC\">150 %<\/td>\n<\/tr>\n<tr>\n<td align=\"left\" bgcolor=\"#e9e9e9\" width=\"60\"><strong>Vitamine B5<\/strong><\/td>\n<td align=\"right\" bgcolor=\"#e9e9e9\" width=\"20%\">36 mg<\/td>\n<td align=\"right\" bgcolor=\"#e9e9e9\">600 %<\/td>\n<\/tr>\n<\/tbody>\n<\/table>\n<h5><em>* Valeurs Nutritionnelles de R\u00e9f\u00e9rence.<\/em><\/h5>\n<p>&nbsp;<\/p>\n<p>Poids net : 42 g. \u2013 Code ACL : 6112822<\/p>\n","protected":false},"excerpt":{"rendered":"<h1>Zinc<\/h1>\n<p><img loading=\"lazy\" decoding=\"async\" class=\"size-full wp-image-16293 alignleft\" src=\"http:\/\/nhco-nutrition.com\/france\/wp-content\/uploads\/2016\/11\/cart-amino-chelate-fr.png\" sizes=\"auto, (max-width: 306px) 100vw, 306px\" srcset=\"https:\/\/nhco-nutrition.com\/france\/wp-content\/uploads\/2016\/11\/cart-amino-chelate-fr.png 306w, https:\/\/nhco-nutrition.com\/france\/wp-content\/uploads\/2016\/11\/cart-amino-chelate-fr-300x26.png 300w\" alt=\"cart-amino-chelate-fr\" width=\"306\" height=\"27\" \/><\/p>\n<p>&nbsp;<\/p>\n<p>84 g\u00e9lules v\u00e9g\u00e9tales ClearCaps\u2122<\/p>\n","protected":false},"featured_media":2288,"comment_status":"open","ping_status":"closed","template":"","meta":[],"product_brand":[],"product_cat":[23],"product_tag":[],"class_list":{"0":"post-405","1":"product","2":"type-product","3":"status-publish","4":"has-post-thumbnail","6":"product_cat-23","7":"entry","9":"first","10":"instock","11":"taxable","12":"shipping-taxable","13":"purchasable","14":"product-type-simple"},"jetpack_sharing_enabled":true,"_links":{"self":[{"href":"https:\/\/healthstore.mc\/index.php\/wp-json\/wp\/v2\/product\/405","targetHints":{"allow":["GET"]}}],"collection":[{"href":"https:\/\/healthstore.mc\/index.php\/wp-json\/wp\/v2\/product"}],"about":[{"href":"https:\/\/healthstore.mc\/index.php\/wp-json\/wp\/v2\/types\/product"}],"replies":[{"embeddable":true,"href":"https:\/\/healthstore.mc\/index.php\/wp-json\/wp\/v2\/comments?post=405"}],"wp:featuredmedia":[{"embeddable":true,"href":"https:\/\/healthstore.mc\/index.php\/wp-json\/wp\/v2\/media\/2288"}],"wp:attachment":[{"href":"https:\/\/healthstore.mc\/index.php\/wp-json\/wp\/v2\/media?parent=405"}],"wp:term":[{"taxonomy":"product_brand","embeddable":true,"href":"https:\/\/healthstore.mc\/index.php\/wp-json\/wp\/v2\/product_brand?post=405"},{"taxonomy":"product_cat","embeddable":true,"href":"https:\/\/healthstore.mc\/index.php\/wp-json\/wp\/v2\/product_cat?post=405"},{"taxonomy":"product_tag","embeddable":true,"href":"https:\/\/healthstore.mc\/index.php\/wp-json\/wp\/v2\/product_tag?post=405"}],"curies":[{"name":"wp","href":"https:\/\/api.w.org\/{rel}","templated":true}]}}