{"id":59,"date":"2020-04-11T13:25:59","date_gmt":"2020-04-11T11:25:59","guid":{"rendered":"http:\/\/10.0.0.17\/wordpress\/?post_type=product&#038;p=56"},"modified":"2024-09-21T16:35:02","modified_gmt":"2024-09-21T14:35:02","slug":"triveplex","status":"publish","type":"product","link":"https:\/\/healthstore.mc\/index.php\/product\/triveplex\/","title":{"rendered":"Triveplex 84gels"},"content":{"rendered":"<p>Parmi les facteurs pouvant agir sur l\u2019accumulation des graisses abdominales, on retrouve l\u2019\u00e2ge, la concentration en certaines hormones ou une alimentation trop riche. Cet \u00e9tat est fr\u00e9quemment accentu\u00e9 par la pr\u00e9sence de ballonnements et, d\u00e8s lors, le ventre prend un volume plus important. Pour aider \u00e0 r\u00e9duire ces rondeurs, il est n\u00e9cessaire d\u2019agir \u00e0 la fois en profondeur sur la sph\u00e8re digestive, mais \u00e9galement en luttant contre le stockage des graisses abdominales.<\/p>\n<p><strong>TRIVEPLEX\u2122<\/strong>\u00a0a \u00e9t\u00e9 sp\u00e9cialement con\u00e7u par les Laboratoires\u00a0<strong>NHCO Nutrition<\/strong>\u00ae qui ont mis au point 3 complexes sp\u00e9cifiques :<br \/>\n<img loading=\"lazy\" decoding=\"async\" title=\"\" src=\"http:\/\/www.nhco-nutrition.com\/images\/carre02_violet.gif\" alt=\"\" width=\"18\" height=\"10\" \/>Le\u00a0<strong>complexe v\u00e9g\u00e9tal thermodrainant<\/strong>\u00a0r\u00e9unit plusieurs actifs extraits de plantes, notamment le th\u00e9 vert qui, par augmentation des d\u00e9penses \u00e9nerg\u00e9tiques de l\u2019organisme (thermogen\u00e8se) et combustion des acides gras, stimule le d\u00e9stockage des graisses.<br \/>\n<img loading=\"lazy\" decoding=\"async\" title=\"\" src=\"http:\/\/www.nhco-nutrition.com\/images\/carre02_violet.gif\" alt=\"\" width=\"18\" height=\"10\" \/><strong>Intexine Complex<\/strong>\u00a0associe des ingr\u00e9dients reconnus tels que le fenouil \u00e0 l\u2019effet drainant, qui aide \u00e9galement \u00e0 diminuer les ballonnements, le charbon v\u00e9g\u00e9tal, l\u2019ang\u00e9lique et 5 souches microencapsul\u00e9es de Lactobacilles et Bifidobact\u00e9ries.<br \/>\n<img loading=\"lazy\" decoding=\"async\" title=\"\" src=\"http:\/\/www.nhco-nutrition.com\/images\/carre02_violet.gif\" alt=\"\" width=\"18\" height=\"10\" \/>L\u2019<strong>Abdosteat VP 300<\/strong>\u00a0associe la L-Glutamine au Zinc qui participe \u00e0 la synth\u00e8se prot\u00e9ique normale, notamment celle li\u00e9e aux muscles, et \u00e0 la vitamine B6 qui contribue au m\u00e9tabolisme \u00e9nerg\u00e9tique normal.<br \/>\nEn compl\u00e9ment de mesures di\u00e9t\u00e9tiques, l\u2019action drainante combin\u00e9e aux effets thermog\u00e9niques et m\u00e9taboliques vous aide \u00e0 retrouver un ventre plat et raffermi.<\/p>\n<table border=\"0\" width=\"100%\" cellspacing=\"0\" cellpadding=\"10\">\n<tbody>\n<tr>\n<td bgcolor=\"#c4b8e0\" width=\"50%\"><strong>Conseils d\u2019utilisation<\/strong><\/td>\n<td bgcolor=\"#ded8ee\" width=\"25%\">Matin<\/td>\n<td bgcolor=\"#c4b8e0\" width=\"25%\">Midi<\/td>\n<\/tr>\n<tr>\n<td bgcolor=\"#c4b8e0\">Phase d\u2019attaque de 14 jours<\/td>\n<td bgcolor=\"#ded8ee\"><strong>2 g\u00e9lules*<\/strong><\/td>\n<td bgcolor=\"#c4b8e0\"><strong>2 g\u00e9lules*<\/strong><\/td>\n<\/tr>\n<tr>\n<td bgcolor=\"#c4b8e0\">Phase de suivi<\/td>\n<td bgcolor=\"#ded8ee\"><strong>2 g\u00e9lules*<\/strong><\/td>\n<td bgcolor=\"#c4b8e0\"><\/td>\n<\/tr>\n<\/tbody>\n<\/table>\n<table border=\"0\" width=\"100%\" cellspacing=\"0\" cellpadding=\"10\">\n<tbody>\n<tr>\n<td bgcolor=\"#9152a1\">Programme de 4 semaines. Renouvelable.<\/td>\n<\/tr>\n<\/tbody>\n<\/table>\n<p>* A consommer pendant les repas.<\/p>\n<p>Ce produit convient aux v\u00e9g\u00e9tariens et aux v\u00e9g\u00e9taliens.<\/p>\n<h5>Contient de la caf\u00e9ine, d\u00e9conseill\u00e9 aux enfants et aux femmes enceintes (55 mg pour 4 g\u00e9lules).<\/h5>\n<h5>Ce compl\u00e9ment alimentaire n\u2019est pas un m\u00e9dicament. Il est recommand\u00e9 de respecter la dose journali\u00e8re indiqu\u00e9e, de le consommer pendant les repas dans le cadre d\u2019une alimentation vari\u00e9e et \u00e9quilibr\u00e9e et d\u2019un mode de vie sain et de le tenir hors de port\u00e9e des jeunes enfants. R\u00e9serv\u00e9 \u00e0 l\u2019adulte. Les personnes sous contr\u00f4le m\u00e9dical doivent demander conseil \u00e0 leur m\u00e9decin traitant.<\/h5>\n<h5>\u00c0 consommer de pr\u00e9f\u00e9rence avant la date indiqu\u00e9e sous l\u2019\u00e9tui. Bien refermer apr\u00e8s ouverture. \u00c0 conserver dans un endroit sec et frais.<\/h5>\n<p><strong>Compl\u00e9ment alimentaire<\/strong><br \/>\n<strong>Ingr\u00e9dients :<\/strong>\u00a0chlorhydrate de L-Arginine, extrait de feuilles de th\u00e9 vert (Camellia sinensis), extrait de graines de guarana (Paullinia cupana), L-Glutamine, choline bitartrate, anti-agglom\u00e9rants : phosphate dicalcique et st\u00e9arate de magn\u00e9sium v\u00e9g\u00e9tal, agents de charge : cellulose microcristalline et phosphate tricalcique, souches microencapsul\u00e9es de Lactobacillus plantarum, Bifidobacterium breve, Lactobacillus casei, Lactobacillus rhamnosus et Bifidobacterium\u00a0 longum, argile verte, fruits de fenouil (Foeniculum vulgare), fructo-oligosaccharides (FOS), racines de pissenlit (Taraxacum officinale), extrait de racines d\u2019ang\u00e9lique (Angelica archangelica), charbon v\u00e9g\u00e9tal, bisglycinate de Zinc, vitamine B6 (chlorhydrate de pyridoxine), picolinate de chrome. G\u00e9lule : hydroxypropylm\u00e9thylcellulose, colorant : complexes cuivriques de chlorophyllines.<\/p>\n<p><strong>G\u00e9lules v\u00e9g\u00e9tales vertes GreenCaps\u2122<\/strong><\/p>\n<table border=\"0\" width=\"100%\" cellspacing=\"0\" cellpadding=\"10\">\n<tbody>\n<tr>\n<td bgcolor=\"#666666\"><strong>Composition moyenne pour 4 g\u00e9lules\/jour (1724 mg)<\/strong><\/td>\n<\/tr>\n<\/tbody>\n<\/table>\n<table border=\"0\" width=\"100%\" cellspacing=\"0\" cellpadding=\"10\">\n<tbody>\n<tr>\n<td align=\"left\" bgcolor=\"#A2A2A2\" width=\"50\">Ingr\u00e9dients<\/td>\n<td align=\"right\" bgcolor=\"#A2A2A2\" width=\"50%\">Dosage<\/td>\n<\/tr>\n<tr>\n<td align=\"left\" bgcolor=\"#CCCCCC\"><strong>Complexe thermodrainant<\/strong><\/td>\n<td align=\"right\" bgcolor=\"#CCCCCC\"><strong>720 mg<\/strong><\/td>\n<\/tr>\n<\/tbody>\n<\/table>\n<table border=\"0\" width=\"100%\" cellspacing=\"0\" cellpadding=\"10\">\n<tbody>\n<tr>\n<td bgcolor=\"#f1efee\">\n<h5>Extrait de th\u00e9 vert 300 mg, extrait de guarana 180 mg, choline bitartrate 150 mg (\u00e9quivalent \u00e0 60 mg de choline), pissenlit 90 mg<\/h5>\n<\/td>\n<\/tr>\n<\/tbody>\n<\/table>\n<table border=\"0\" width=\"100%\" cellspacing=\"0\" cellpadding=\"10\">\n<tbody>\n<tr>\n<td align=\"left\" bgcolor=\"#CCCCCC\" width=\"50\"><strong>Intexine complex<\/strong><\/td>\n<td align=\"right\" bgcolor=\"#CCCCCC\" width=\"50%\"><strong>516 mg<\/strong><\/td>\n<\/tr>\n<\/tbody>\n<\/table>\n<table border=\"0\" width=\"100%\" cellspacing=\"0\" cellpadding=\"10\">\n<tbody>\n<tr>\n<td bgcolor=\"#f1efee\">\n<h5>Lactobacilles et Bifidobact\u00e9ries (100 millions d\u2019UFC*) 106 mg, FOS 100 mg, fenouil 100 mg, argile 100 mg, extrait d\u2019ang\u00e9lique 70 mg, charbon 40 mg<\/h5>\n<\/td>\n<\/tr>\n<\/tbody>\n<\/table>\n<table border=\"0\" width=\"100%\" cellspacing=\"0\" cellpadding=\"10\">\n<tbody>\n<tr>\n<td align=\"left\" bgcolor=\"#CCCCCC\" width=\"50\"><strong>Abdosteat VP 300<\/strong><\/td>\n<td align=\"right\" bgcolor=\"#CCCCCC\" width=\"50%\"><strong>488 mg<\/strong><\/td>\n<\/tr>\n<\/tbody>\n<\/table>\n<table border=\"0\" width=\"100%\" cellspacing=\"0\" cellpadding=\"10\">\n<tbody>\n<tr>\n<td bgcolor=\"#f1efee\">\n<h5>L-Arginine HCl 300 mg (\u00e9quivalent \u00e0 250 mg de L-Arginine), L-Glutamine 180 mg, Zinc sous forme amino-ch\u00e9lat\u00e9e\u00ae 7 mg (70 % VNR**), vitamine B6 1,4 mg (100 % VNR**)<\/h5>\n<\/td>\n<\/tr>\n<\/tbody>\n<\/table>\n<table border=\"0\" width=\"100%\" cellspacing=\"0\" cellpadding=\"10\">\n<tbody>\n<tr>\n<td align=\"left\" bgcolor=\"#CCCCCC\" width=\"70\"><strong>Chrome\u00a0<\/strong>sous forme de picolinate (62 % VNR**) 25 \u00b5g<\/td>\n<td align=\"right\" bgcolor=\"#CCCCCC\" width=\"30%\"><strong>25 \u03bcg<\/strong><\/td>\n<\/tr>\n<\/tbody>\n<\/table>\n<h5><em>* Unit\u00e9 Formant Colonie<br \/>\n**\u00a0<\/em><em>Valeurs Nutritionnelles de R\u00e9f\u00e9rence.<\/em><\/h5>\n<h5>Contient de la caf\u00e9ine, d\u00e9conseill\u00e9 aux enfants et aux femmes enceintes (55 mg pour 4 g\u00e9lules).<\/h5>\n<p>&nbsp;<\/p>\n<p>Poids net : 48 g. \u2013 Code ACL : 3401548679777<\/p>\n","protected":false},"excerpt":{"rendered":"<table border=\"0\" cellspacing=\"0\" cellpadding=\"0\">\n<tbody>\n<tr>\n<td valign=\"top\">\n<h1><strong>Triveplex\u2122<\/strong><\/h1>\n<\/td>\n<\/tr>\n<tr>\n<td valign=\"top\" height=\"40\">\n<h5>Intexine complex \u2013 Abdosteat VP 300<\/h5>\n<\/td>\n<\/tr>\n<\/tbody>\n<\/table>\n<h3><strong>Ventre plat 3 actions<\/strong><\/h3>\n<p><img loading=\"lazy\" decoding=\"async\" title=\"\" src=\"http:\/\/www.nhco-nutrition.com\/images\/carre02_violet.gif\" alt=\"\" width=\"18\" height=\"10\" \/>Renferme 19 actifs sp\u00e9cifiques pour aider \u00e0 retrouver un\u00a0<strong>ventre plat et raffermi<\/strong>, notamment des acides amin\u00e9s, du fenouil\u00a0<strong>drainant<\/strong>, qui aide \u00e9galement \u00e0\u00a0<strong>diminuer les ballonnements<\/strong>, du th\u00e9 vert stimulant le\u00a0<strong>d\u00e9stockage des graisses<\/strong>.<\/p>\n<p><strong>84 g\u00e9lules GreenCaps\u2122 \u2013 4 semaines<\/strong><\/p>\n","protected":false},"featured_media":2228,"comment_status":"open","ping_status":"closed","template":"","meta":[],"product_brand":[],"product_cat":[23],"product_tag":[],"class_list":{"0":"post-59","1":"product","2":"type-product","3":"status-publish","4":"has-post-thumbnail","6":"product_cat-23","7":"entry","9":"first","10":"instock","11":"taxable","12":"shipping-taxable","13":"purchasable","14":"product-type-simple"},"jetpack_sharing_enabled":true,"_links":{"self":[{"href":"https:\/\/healthstore.mc\/index.php\/wp-json\/wp\/v2\/product\/59","targetHints":{"allow":["GET"]}}],"collection":[{"href":"https:\/\/healthstore.mc\/index.php\/wp-json\/wp\/v2\/product"}],"about":[{"href":"https:\/\/healthstore.mc\/index.php\/wp-json\/wp\/v2\/types\/product"}],"replies":[{"embeddable":true,"href":"https:\/\/healthstore.mc\/index.php\/wp-json\/wp\/v2\/comments?post=59"}],"wp:featuredmedia":[{"embeddable":true,"href":"https:\/\/healthstore.mc\/index.php\/wp-json\/wp\/v2\/media\/2228"}],"wp:attachment":[{"href":"https:\/\/healthstore.mc\/index.php\/wp-json\/wp\/v2\/media?parent=59"}],"wp:term":[{"taxonomy":"product_brand","embeddable":true,"href":"https:\/\/healthstore.mc\/index.php\/wp-json\/wp\/v2\/product_brand?post=59"},{"taxonomy":"product_cat","embeddable":true,"href":"https:\/\/healthstore.mc\/index.php\/wp-json\/wp\/v2\/product_cat?post=59"},{"taxonomy":"product_tag","embeddable":true,"href":"https:\/\/healthstore.mc\/index.php\/wp-json\/wp\/v2\/product_tag?post=59"}],"curies":[{"name":"wp","href":"https:\/\/api.w.org\/{rel}","templated":true}]}}