{"id":7026,"date":"2022-12-30T18:53:06","date_gmt":"2022-12-30T17:53:06","guid":{"rendered":"https:\/\/healthstore.mc\/?post_type=product&#038;p=7026"},"modified":"2024-09-21T16:41:15","modified_gmt":"2024-09-21T14:41:15","slug":"liftrepair-patchs-yeux-5x3ml","status":"publish","type":"product","link":"https:\/\/healthstore.mc\/index.php\/product\/liftrepair-patchs-yeux-5x3ml\/","title":{"rendered":"Lift&#038;Repair patchs yeux 5x3ml"},"content":{"rendered":"<p>Avec l&rsquo;\u00e2ge, le regard para\u00eet souvent fatigu\u00e9, m\u00eame apr\u00e8s une bonne nuit de sommeil : rides, ridules, cernes, poches&#8230;sont plus visibles. Les patchs Lift Contour des Yeux LIFT &amp; REPAIR apportent au regard un effet liftant-jeunesse \u00e0 effet d\u00e9froissant instantan\u00e9. Id\u00e9al pour sublimer le regard avant de sortir le soir, ou pour effacer les signes de fatigue le matin.<\/p>\n","protected":false},"excerpt":{"rendered":"<h2 class=\"h5 product-keyword\">LE SOIN EXPRESS LIFTING DU REGARD<\/h2>\n","protected":false},"featured_media":7027,"comment_status":"open","ping_status":"closed","template":"","meta":[],"product_brand":[],"product_cat":[34],"product_tag":[],"class_list":{"0":"post-7026","1":"product","2":"type-product","3":"status-publish","4":"has-post-thumbnail","6":"product_cat-34","7":"entry","9":"first","10":"outofstock","11":"taxable","12":"shipping-taxable","13":"purchasable","14":"product-type-simple"},"jetpack_sharing_enabled":true,"_links":{"self":[{"href":"https:\/\/healthstore.mc\/index.php\/wp-json\/wp\/v2\/product\/7026","targetHints":{"allow":["GET"]}}],"collection":[{"href":"https:\/\/healthstore.mc\/index.php\/wp-json\/wp\/v2\/product"}],"about":[{"href":"https:\/\/healthstore.mc\/index.php\/wp-json\/wp\/v2\/types\/product"}],"replies":[{"embeddable":true,"href":"https:\/\/healthstore.mc\/index.php\/wp-json\/wp\/v2\/comments?post=7026"}],"wp:featuredmedia":[{"embeddable":true,"href":"https:\/\/healthstore.mc\/index.php\/wp-json\/wp\/v2\/media\/7027"}],"wp:attachment":[{"href":"https:\/\/healthstore.mc\/index.php\/wp-json\/wp\/v2\/media?parent=7026"}],"wp:term":[{"taxonomy":"product_brand","embeddable":true,"href":"https:\/\/healthstore.mc\/index.php\/wp-json\/wp\/v2\/product_brand?post=7026"},{"taxonomy":"product_cat","embeddable":true,"href":"https:\/\/healthstore.mc\/index.php\/wp-json\/wp\/v2\/product_cat?post=7026"},{"taxonomy":"product_tag","embeddable":true,"href":"https:\/\/healthstore.mc\/index.php\/wp-json\/wp\/v2\/product_tag?post=7026"}],"curies":[{"name":"wp","href":"https:\/\/api.w.org\/{rel}","templated":true}]}}