{"id":886,"date":"2020-10-27T18:24:17","date_gmt":"2020-10-27T17:24:17","guid":{"rendered":"http:\/\/34.65.96.88\/index.php\/product\/intens-propolis-lotion-200ml\/"},"modified":"2024-09-21T16:43:01","modified_gmt":"2024-09-21T14:43:01","slug":"intens-propolis-lotion-200ml","status":"publish","type":"product","link":"https:\/\/healthstore.mc\/index.php\/product\/intens-propolis-lotion-200ml\/","title":{"rendered":"Intens Propolis + lotion 200ml"},"content":{"rendered":"<p>Cette lotion-s\u00e9rum aide \u00e0 diminuer les marques r\u00e9siduelles li\u00e9es aux imperfections, matifie la peau et resserre visiblement les pores. Texture fra\u00eeche et l\u00e9g\u00e8re. Fini non gras et non collant.<\/p>\n<p>\u2022 Apaise et aide \u00e0 diminuer les sensations d&rsquo;inconfort li\u00e9es aux imperfections.<\/p>\n<p>\u2022 R\u00e9duit visiblement les marques r\u00e9siduelles li\u00e9es aux imperfections pour un teint lumineux et homog\u00e8ne.<\/p>\n<p>\u2022 Matifie et affine le grain de peau : gr\u00e2ce au zinc reconnu pour ses propri\u00e9t\u00e9s astringentes et absorbante, les zones de brillances sont diminu\u00e9es et les pores visiblement resserr\u00e9s.<\/p>\n<p>Peaux adultes \u00e0 imperfections.<\/p>\n<p>Appliquer matin et soir \u00e0 l&rsquo;aide d&rsquo;un coton sur la peau propre et s\u00e8che du visage et du cou. Eviter le contour des yeux. Destin\u00e9 aux adultes. La collection INTENSIVE s&rsquo;utilise en alternance avec les soins habituels ou en compl\u00e9ment d&rsquo;actes esth\u00e9tiques.<\/p>\n<p>La peau est imm\u00e9diatement purifi\u00e9e. Jour apr\u00e8s jour, les marques r\u00e9siduelles s&rsquo;estompent, la peau est matifi\u00e9e, le grain de peau est affin\u00e9. La peau est lisse et nette.<\/p>\n","protected":false},"excerpt":{"rendered":"<p>LOTION-S\u00c9RUM INTENSIVE PROPOLIS +\u00a0<span class=\"product-contenance\">130ML<\/span><\/p>\n","protected":false},"featured_media":2708,"comment_status":"open","ping_status":"closed","template":"","meta":[],"product_brand":[],"product_cat":[34],"product_tag":[],"class_list":{"0":"post-886","1":"product","2":"type-product","3":"status-publish","4":"has-post-thumbnail","6":"product_cat-34","7":"entry","9":"first","10":"instock","11":"taxable","12":"shipping-taxable","13":"purchasable","14":"product-type-simple"},"jetpack_sharing_enabled":true,"_links":{"self":[{"href":"https:\/\/healthstore.mc\/index.php\/wp-json\/wp\/v2\/product\/886","targetHints":{"allow":["GET"]}}],"collection":[{"href":"https:\/\/healthstore.mc\/index.php\/wp-json\/wp\/v2\/product"}],"about":[{"href":"https:\/\/healthstore.mc\/index.php\/wp-json\/wp\/v2\/types\/product"}],"replies":[{"embeddable":true,"href":"https:\/\/healthstore.mc\/index.php\/wp-json\/wp\/v2\/comments?post=886"}],"wp:featuredmedia":[{"embeddable":true,"href":"https:\/\/healthstore.mc\/index.php\/wp-json\/wp\/v2\/media\/2708"}],"wp:attachment":[{"href":"https:\/\/healthstore.mc\/index.php\/wp-json\/wp\/v2\/media?parent=886"}],"wp:term":[{"taxonomy":"product_brand","embeddable":true,"href":"https:\/\/healthstore.mc\/index.php\/wp-json\/wp\/v2\/product_brand?post=886"},{"taxonomy":"product_cat","embeddable":true,"href":"https:\/\/healthstore.mc\/index.php\/wp-json\/wp\/v2\/product_cat?post=886"},{"taxonomy":"product_tag","embeddable":true,"href":"https:\/\/healthstore.mc\/index.php\/wp-json\/wp\/v2\/product_tag?post=886"}],"curies":[{"name":"wp","href":"https:\/\/api.w.org\/{rel}","templated":true}]}}