{"id":892,"date":"2020-10-27T18:24:19","date_gmt":"2020-10-27T17:24:19","guid":{"rendered":"http:\/\/34.65.96.88\/index.php\/product\/excellage-yeux-15ml\/"},"modified":"2024-09-21T16:30:04","modified_gmt":"2024-09-21T14:30:04","slug":"excellage-yeux-15ml","status":"publish","type":"product","link":"https:\/\/healthstore.mc\/index.php\/product\/excellage-yeux-15ml\/","title":{"rendered":"Excellage yeux 15ml"},"content":{"rendered":"<p>Ouvre, agrandit et repose le regard. Nourrit, redensifie durablement et redonne \u00e9clat au contour des yeux.<br \/>\nTexture cr\u00e8me soyeuse au toucher poudr\u00e9.<br \/>\n&#8211; Redensifie et ouvre le regard : la Technologie REPAIR+, associ\u00e9e \u00e0 un peptide biomim\u00e9tique restructure, r\u00e9g\u00e9n\u00e8re et raffermit la peau.<br \/>\nEn compl\u00e9ment, un trio d\u2019actifs anti-fatigue puissant permet de rafraichir le regard. Plus dense et repos\u00e9, le regard s\u2019agrandit, il parait plus jeune.<\/p>\n<p>&#8211; Nourrit : l\u2019huile de cam\u00e9lia, noble et pr\u00e9cieuse, se r\u00e9colte une fois par an sur l\u2019\u00eele de Jeju, class\u00e9e au patrimoine mondial de l\u2019UNESCO.<br \/>\nRiche en om\u00e9ga 3-6-9, elle nourrit intens\u00e9ment la peau et assure une meilleure coh\u00e9sion cellulaire au niveau de l\u2019\u00e9piderme.<\/p>\n<p>&#8211; Redonne \u00e9clat : un glycobiopolym\u00e8re d\u2019origine v\u00e9g\u00e9tale, lissant du microrelief, am\u00e9liore visiblement le grain de peau et ravive son \u00e9clat naturel.<\/p>\n<p>&#8211; Prot\u00e8ge du stress oxydatif : la technologie brevet\u00e9e GLOBAL CELLULAR PROTECTION neutralise les radicaux libres, prot\u00e8ge la peau<br \/>\ndu photo-vieillissement et des agressions environnementales.<\/p>\n","protected":false},"excerpt":{"rendered":"<p>EXCELLAGE<br \/>\nCONTOUR DES YEUX EXCELLAGE 15 ML<\/p>\n","protected":false},"featured_media":1190,"comment_status":"open","ping_status":"closed","template":"","meta":[],"product_brand":[],"product_cat":[34],"product_tag":[],"class_list":{"0":"post-892","1":"product","2":"type-product","3":"status-publish","4":"has-post-thumbnail","6":"product_cat-34","7":"entry","9":"first","10":"instock","11":"taxable","12":"shipping-taxable","13":"purchasable","14":"product-type-simple"},"jetpack_sharing_enabled":true,"_links":{"self":[{"href":"https:\/\/healthstore.mc\/index.php\/wp-json\/wp\/v2\/product\/892","targetHints":{"allow":["GET"]}}],"collection":[{"href":"https:\/\/healthstore.mc\/index.php\/wp-json\/wp\/v2\/product"}],"about":[{"href":"https:\/\/healthstore.mc\/index.php\/wp-json\/wp\/v2\/types\/product"}],"replies":[{"embeddable":true,"href":"https:\/\/healthstore.mc\/index.php\/wp-json\/wp\/v2\/comments?post=892"}],"wp:featuredmedia":[{"embeddable":true,"href":"https:\/\/healthstore.mc\/index.php\/wp-json\/wp\/v2\/media\/1190"}],"wp:attachment":[{"href":"https:\/\/healthstore.mc\/index.php\/wp-json\/wp\/v2\/media?parent=892"}],"wp:term":[{"taxonomy":"product_brand","embeddable":true,"href":"https:\/\/healthstore.mc\/index.php\/wp-json\/wp\/v2\/product_brand?post=892"},{"taxonomy":"product_cat","embeddable":true,"href":"https:\/\/healthstore.mc\/index.php\/wp-json\/wp\/v2\/product_cat?post=892"},{"taxonomy":"product_tag","embeddable":true,"href":"https:\/\/healthstore.mc\/index.php\/wp-json\/wp\/v2\/product_tag?post=892"}],"curies":[{"name":"wp","href":"https:\/\/api.w.org\/{rel}","templated":true}]}}