{"id":894,"date":"2020-10-27T18:24:20","date_gmt":"2020-10-27T17:24:20","guid":{"rendered":"http:\/\/34.65.96.88\/index.php\/product\/derm-repair-serum-30ml\/"},"modified":"2024-09-21T16:30:11","modified_gmt":"2024-09-21T14:30:11","slug":"derm-repair-serum-30ml","status":"publish","type":"product","link":"https:\/\/healthstore.mc\/index.php\/product\/derm-repair-serum-30ml\/","title":{"rendered":"Derm Repair Serum 30ml"},"content":{"rendered":"<p>Le vieillissement photo-induit de la peau se pr\u00e9sente sous de nombreuses formes. Si certaines sont pr\u00e9matur\u00e9es, d&rsquo;autres n&rsquo;apparaissent qu&rsquo;apr\u00e8s plusieurs ann\u00e9es.<br \/>\nLes premiers signes visibles seront l&rsquo;apparition de l\u00e9sions qui n&rsquo;ont pas \u00e9t\u00e9 constat\u00e9es auparavant, telles que les rides, la perte de fermet\u00e9 et d\u2019\u00e9lasticit\u00e9 de la peau.<\/p>\n<p>Le S\u00e9rum Derm Repair, hautement concentr\u00e9 en actifs r\u00e9g\u00e9n\u00e9rants, stimule la synth\u00e8se des fibres dermiques et optimise leur fonctionnalit\u00e9, pour restructurer et renforcer les tissus de soutien de la peau.<\/p>\n<p>Utilis\u00e9 matin et soir pendant et apr\u00e8s une p\u00e9riode d\u2019exposition au soleil, ce s\u00e9rum permet de r\u00e9parer la peau l\u00e9s\u00e9e ou abim\u00e9e.<br \/>\nCorrige les rides avant qu&rsquo;elles ne se forment, gr\u00e2ce \u00e0 son action stimulante de la production des fibres de collag\u00e8ne.<br \/>\nRaffermit durablement la peau.<\/p>\n","protected":false},"excerpt":{"rendered":"<p>DERM REPAIR<br \/>\nS\u00c9RUM DERM REPAIR 30 ML<\/p>\n","protected":false},"featured_media":1060,"comment_status":"open","ping_status":"closed","template":"","meta":[],"product_brand":[],"product_cat":[34],"product_tag":[],"class_list":{"0":"post-894","1":"product","2":"type-product","3":"status-publish","4":"has-post-thumbnail","6":"product_cat-34","7":"entry","9":"first","10":"instock","11":"taxable","12":"shipping-taxable","13":"purchasable","14":"product-type-simple"},"jetpack_sharing_enabled":true,"_links":{"self":[{"href":"https:\/\/healthstore.mc\/index.php\/wp-json\/wp\/v2\/product\/894","targetHints":{"allow":["GET"]}}],"collection":[{"href":"https:\/\/healthstore.mc\/index.php\/wp-json\/wp\/v2\/product"}],"about":[{"href":"https:\/\/healthstore.mc\/index.php\/wp-json\/wp\/v2\/types\/product"}],"replies":[{"embeddable":true,"href":"https:\/\/healthstore.mc\/index.php\/wp-json\/wp\/v2\/comments?post=894"}],"wp:featuredmedia":[{"embeddable":true,"href":"https:\/\/healthstore.mc\/index.php\/wp-json\/wp\/v2\/media\/1060"}],"wp:attachment":[{"href":"https:\/\/healthstore.mc\/index.php\/wp-json\/wp\/v2\/media?parent=894"}],"wp:term":[{"taxonomy":"product_brand","embeddable":true,"href":"https:\/\/healthstore.mc\/index.php\/wp-json\/wp\/v2\/product_brand?post=894"},{"taxonomy":"product_cat","embeddable":true,"href":"https:\/\/healthstore.mc\/index.php\/wp-json\/wp\/v2\/product_cat?post=894"},{"taxonomy":"product_tag","embeddable":true,"href":"https:\/\/healthstore.mc\/index.php\/wp-json\/wp\/v2\/product_tag?post=894"}],"curies":[{"name":"wp","href":"https:\/\/api.w.org\/{rel}","templated":true}]}}