{"id":903,"date":"2020-10-27T18:24:23","date_gmt":"2020-10-27T17:24:23","guid":{"rendered":"http:\/\/34.65.96.88\/index.php\/product\/adaptasun-cr-pn-fort-50ml\/"},"modified":"2024-09-21T16:31:01","modified_gmt":"2024-09-21T14:31:01","slug":"adaptasun-cr-pn-fort-50ml","status":"publish","type":"product","link":"https:\/\/healthstore.mc\/index.php\/product\/adaptasun-cr-pn-fort-50ml\/","title":{"rendered":"AdaptaSun cr pn fort 50ml"},"content":{"rendered":"<p>ADAPTASUN VISAGE SOLEIL FORT optimise la protection cellulaire et pr\u00e9vient le photovieillissement gr\u00e2ce \u00e0 la technologie brevet\u00e9e GLOBAL CELLULAR PROTECTION.<br \/>\nStimule, sublime et intensifie le h\u00e2le des peaux qui bronzent naturellement.<br \/>\nTexture cr\u00e8me onctueuse et d\u00e9licate.<br \/>\nStimule le bronzage naturel pour un r\u00e9sultat plus rapide, plus durable, et plus intense.<br \/>\nPr\u00e9vient le photo-vieillissement et les taches brunes : prot\u00e8ge l&rsquo;ADN, pr\u00e9vient les dommages cellulaires gr\u00e2ce \u00e0 la technologie brevet\u00e9e Global Cellular Protection.<br \/>\nActive le processus naturel de pigmentation : le bronzage est lumineux, intense, longue dur\u00e9e.<br \/>\nPeaux tol\u00e9rantes au soleil, bronzent facilement avec de rares coups de soleil.<br \/>\nR\u00e9serv\u00e9 aux expositions \u00e0 un soleil fort (haute montagne, tropiques, bateau, exposition prolong\u00e9e).<br \/>\nAppliquer sur le corps 20 minutes avant l\u2019exposition. Renouveler l\u2019application toutes les 2 heures.<br \/>\nUn confort et une qualit\u00e9 de bronzage exceptionnels.<br \/>\nLa peau s\u2019adapte plus rapidement au soleil pour un bronzage plus intense et plus durable.<br \/>\nAu fil des utilisations, la peau est plus douce, velout\u00e9e.<\/p>\n","protected":false},"excerpt":{"rendered":"<p>ADAPTASUN<br \/>\nADAPTASUN \u2013 CR\u00c8ME VISAGE SOLEIL FORT 50 ML<\/p>\n","protected":false},"featured_media":1009,"comment_status":"open","ping_status":"closed","template":"","meta":[],"product_brand":[],"product_cat":[34],"product_tag":[],"class_list":{"0":"post-903","1":"product","2":"type-product","3":"status-publish","4":"has-post-thumbnail","6":"product_cat-34","7":"entry","9":"first","10":"instock","11":"taxable","12":"shipping-taxable","13":"purchasable","14":"product-type-simple"},"jetpack_sharing_enabled":true,"_links":{"self":[{"href":"https:\/\/healthstore.mc\/index.php\/wp-json\/wp\/v2\/product\/903","targetHints":{"allow":["GET"]}}],"collection":[{"href":"https:\/\/healthstore.mc\/index.php\/wp-json\/wp\/v2\/product"}],"about":[{"href":"https:\/\/healthstore.mc\/index.php\/wp-json\/wp\/v2\/types\/product"}],"replies":[{"embeddable":true,"href":"https:\/\/healthstore.mc\/index.php\/wp-json\/wp\/v2\/comments?post=903"}],"wp:featuredmedia":[{"embeddable":true,"href":"https:\/\/healthstore.mc\/index.php\/wp-json\/wp\/v2\/media\/1009"}],"wp:attachment":[{"href":"https:\/\/healthstore.mc\/index.php\/wp-json\/wp\/v2\/media?parent=903"}],"wp:term":[{"taxonomy":"product_brand","embeddable":true,"href":"https:\/\/healthstore.mc\/index.php\/wp-json\/wp\/v2\/product_brand?post=903"},{"taxonomy":"product_cat","embeddable":true,"href":"https:\/\/healthstore.mc\/index.php\/wp-json\/wp\/v2\/product_cat?post=903"},{"taxonomy":"product_tag","embeddable":true,"href":"https:\/\/healthstore.mc\/index.php\/wp-json\/wp\/v2\/product_tag?post=903"}],"curies":[{"name":"wp","href":"https:\/\/api.w.org\/{rel}","templated":true}]}}