{"id":915,"date":"2020-10-27T18:24:28","date_gmt":"2020-10-27T17:24:28","guid":{"rendered":"http:\/\/34.65.96.88\/index.php\/product\/white-conc-a-taches-roll-on-9ml\/"},"modified":"2024-09-21T16:32:42","modified_gmt":"2024-09-21T14:32:42","slug":"white-conc-a-taches-roll-on-9ml","status":"publish","type":"product","link":"https:\/\/healthstore.mc\/index.php\/product\/white-conc-a-taches-roll-on-9ml\/","title":{"rendered":"White conc a-taches roll-on 9ml"},"content":{"rendered":"<p>Hyper-concentr\u00e9 en actifs \u00e9claircissants, ce roll-on ultra-cibl\u00e9 r\u00e9duit l&rsquo;intensit\u00e9 et la taille des taches pigmentaires localis\u00e9es.<br \/>\nLe teint est plus homog\u00e8ne et lumineux.<br \/>\n\u00c9claircit, clarifie et diminue la taille et l&rsquo;intensit\u00e9 des taches pigmentaires.<\/p>\n","protected":false},"excerpt":{"rendered":"<p>ESTHE-WHITE SYSTEM<br \/>\nCONCENTR\u00c9 ANTI-TACHE CIBLE 9 ML<\/p>\n","protected":false},"featured_media":1223,"comment_status":"open","ping_status":"closed","template":"","meta":[],"product_brand":[],"product_cat":[34],"product_tag":[],"class_list":{"0":"post-915","1":"product","2":"type-product","3":"status-publish","4":"has-post-thumbnail","6":"product_cat-34","7":"entry","9":"first","10":"outofstock","11":"taxable","12":"shipping-taxable","13":"purchasable","14":"product-type-simple"},"jetpack_sharing_enabled":true,"_links":{"self":[{"href":"https:\/\/healthstore.mc\/index.php\/wp-json\/wp\/v2\/product\/915","targetHints":{"allow":["GET"]}}],"collection":[{"href":"https:\/\/healthstore.mc\/index.php\/wp-json\/wp\/v2\/product"}],"about":[{"href":"https:\/\/healthstore.mc\/index.php\/wp-json\/wp\/v2\/types\/product"}],"replies":[{"embeddable":true,"href":"https:\/\/healthstore.mc\/index.php\/wp-json\/wp\/v2\/comments?post=915"}],"wp:featuredmedia":[{"embeddable":true,"href":"https:\/\/healthstore.mc\/index.php\/wp-json\/wp\/v2\/media\/1223"}],"wp:attachment":[{"href":"https:\/\/healthstore.mc\/index.php\/wp-json\/wp\/v2\/media?parent=915"}],"wp:term":[{"taxonomy":"product_brand","embeddable":true,"href":"https:\/\/healthstore.mc\/index.php\/wp-json\/wp\/v2\/product_brand?post=915"},{"taxonomy":"product_cat","embeddable":true,"href":"https:\/\/healthstore.mc\/index.php\/wp-json\/wp\/v2\/product_cat?post=915"},{"taxonomy":"product_tag","embeddable":true,"href":"https:\/\/healthstore.mc\/index.php\/wp-json\/wp\/v2\/product_tag?post=915"}],"curies":[{"name":"wp","href":"https:\/\/api.w.org\/{rel}","templated":true}]}}