{"id":938,"date":"2020-10-27T18:24:35","date_gmt":"2020-10-27T17:24:35","guid":{"rendered":"http:\/\/34.65.96.88\/index.php\/product\/auto-bronz-intense-gele-150ml\/"},"modified":"2023-01-10T16:18:53","modified_gmt":"2023-01-10T15:18:53","slug":"auto-bronz-intense-gele-150ml","status":"publish","type":"product","link":"https:\/\/healthstore.mc\/index.php\/product\/auto-bronz-intense-gele-150ml\/","title":{"rendered":"Auto Bronz Intense gel\u00e9e 150ml"},"content":{"rendered":"<p>Une gel\u00e9e corps auto-bronzante pour un h\u00e2le intense au fini tr\u00e8s naturel, sans trace.<br \/>\nConvient aux carnations mates.<br \/>\nHydrate et pr\u00e9serve la jeunesse de la peau.<br \/>\nRecr\u00e9e l\u2019illusion parfaite d&rsquo;un bronzage naturel et uniforme.<\/p>\n","protected":false},"excerpt":{"rendered":"<p>AUTO-BRONZANT GEL\u00c9E CORPS H\u00c2LE INTENSE 150 ML<\/p>\n","protected":false},"featured_media":1039,"comment_status":"open","ping_status":"closed","template":"","meta":[],"product_brand":[],"product_cat":[34],"product_tag":[],"class_list":{"0":"post-938","1":"product","2":"type-product","3":"status-publish","4":"has-post-thumbnail","6":"product_cat-34","7":"entry","9":"first","10":"outofstock","11":"taxable","12":"shipping-taxable","13":"purchasable","14":"product-type-simple"},"jetpack_sharing_enabled":true,"_links":{"self":[{"href":"https:\/\/healthstore.mc\/index.php\/wp-json\/wp\/v2\/product\/938","targetHints":{"allow":["GET"]}}],"collection":[{"href":"https:\/\/healthstore.mc\/index.php\/wp-json\/wp\/v2\/product"}],"about":[{"href":"https:\/\/healthstore.mc\/index.php\/wp-json\/wp\/v2\/types\/product"}],"replies":[{"embeddable":true,"href":"https:\/\/healthstore.mc\/index.php\/wp-json\/wp\/v2\/comments?post=938"}],"wp:featuredmedia":[{"embeddable":true,"href":"https:\/\/healthstore.mc\/index.php\/wp-json\/wp\/v2\/media\/1039"}],"wp:attachment":[{"href":"https:\/\/healthstore.mc\/index.php\/wp-json\/wp\/v2\/media?parent=938"}],"wp:term":[{"taxonomy":"product_brand","embeddable":true,"href":"https:\/\/healthstore.mc\/index.php\/wp-json\/wp\/v2\/product_brand?post=938"},{"taxonomy":"product_cat","embeddable":true,"href":"https:\/\/healthstore.mc\/index.php\/wp-json\/wp\/v2\/product_cat?post=938"},{"taxonomy":"product_tag","embeddable":true,"href":"https:\/\/healthstore.mc\/index.php\/wp-json\/wp\/v2\/product_tag?post=938"}],"curies":[{"name":"wp","href":"https:\/\/api.w.org\/{rel}","templated":true}]}}