{"id":969,"date":"2020-10-27T18:24:47","date_gmt":"2020-10-27T17:24:47","guid":{"rendered":"http:\/\/34.65.96.88\/index.php\/product\/lift-soin-lissant-yeux-15ml\/"},"modified":"2024-09-21T16:37:33","modified_gmt":"2024-09-21T14:37:33","slug":"lift-soin-lissant-yeux-15ml","status":"publish","type":"product","link":"https:\/\/healthstore.mc\/index.php\/product\/lift-soin-lissant-yeux-15ml\/","title":{"rendered":"Lift soin lissant yeux 15ml"},"content":{"rendered":"<p>D\u00e8s l\u2019application, ce soin lisse et estompe rides et pattes d\u2019oie.<br \/>\nLe contour des yeux retrouve durablement fermet\u00e9 et tonicit\u00e9.<br \/>\nTexture gel frais et liftant.<br \/>\nUn effet tenseur imm\u00e9diat en surface et un lissage du micro-relief cutan\u00e9.<br \/>\nR\u00e9pare en profondeur, restructure, r\u00e9g\u00e9n\u00e8re et raffermit la peau.<\/p>\n","protected":false},"excerpt":{"rendered":"<p>LIFT &#038; REPAIR<br \/>\nSOIN LISSANT CONTOUR DES YEUX 15 ML<\/p>\n","protected":false},"featured_media":1164,"comment_status":"open","ping_status":"closed","template":"","meta":[],"product_brand":[],"product_cat":[34],"product_tag":[],"class_list":{"0":"post-969","1":"product","2":"type-product","3":"status-publish","4":"has-post-thumbnail","6":"product_cat-34","7":"entry","9":"first","10":"outofstock","11":"taxable","12":"shipping-taxable","13":"purchasable","14":"product-type-simple"},"jetpack_sharing_enabled":true,"_links":{"self":[{"href":"https:\/\/healthstore.mc\/index.php\/wp-json\/wp\/v2\/product\/969","targetHints":{"allow":["GET"]}}],"collection":[{"href":"https:\/\/healthstore.mc\/index.php\/wp-json\/wp\/v2\/product"}],"about":[{"href":"https:\/\/healthstore.mc\/index.php\/wp-json\/wp\/v2\/types\/product"}],"replies":[{"embeddable":true,"href":"https:\/\/healthstore.mc\/index.php\/wp-json\/wp\/v2\/comments?post=969"}],"wp:featuredmedia":[{"embeddable":true,"href":"https:\/\/healthstore.mc\/index.php\/wp-json\/wp\/v2\/media\/1164"}],"wp:attachment":[{"href":"https:\/\/healthstore.mc\/index.php\/wp-json\/wp\/v2\/media?parent=969"}],"wp:term":[{"taxonomy":"product_brand","embeddable":true,"href":"https:\/\/healthstore.mc\/index.php\/wp-json\/wp\/v2\/product_brand?post=969"},{"taxonomy":"product_cat","embeddable":true,"href":"https:\/\/healthstore.mc\/index.php\/wp-json\/wp\/v2\/product_cat?post=969"},{"taxonomy":"product_tag","embeddable":true,"href":"https:\/\/healthstore.mc\/index.php\/wp-json\/wp\/v2\/product_tag?post=969"}],"curies":[{"name":"wp","href":"https:\/\/api.w.org\/{rel}","templated":true}]}}