{"id":971,"date":"2020-10-27T18:24:48","date_gmt":"2020-10-27T17:24:48","guid":{"rendered":"http:\/\/34.65.96.88\/index.php\/product\/minceur-morpho-fitness-100ml\/"},"modified":"2024-09-21T16:37:44","modified_gmt":"2024-09-21T14:37:44","slug":"minceur-morpho-fitness-100ml","status":"publish","type":"product","link":"https:\/\/healthstore.mc\/index.php\/product\/minceur-morpho-fitness-100ml\/","title":{"rendered":"Minceur morpho fitness 100ml"},"content":{"rendered":"<p>Ce gel fluide activateur de minceur potentialise et prolonge les r\u00e9sultats minceur.<br \/>\nIl optimise les effets b\u00e9n\u00e9fiques d&rsquo;une activit\u00e9 physique, m\u00eame mod\u00e9r\u00e9e, ou d&rsquo;un massage minceur.<br \/>\nD\u00e9stocke intensivement et rapidement les graisses : la caf\u00e9ine, actif minceur de r\u00e9f\u00e9rence, r\u00e9duit les rondeurs localis\u00e9es.<br \/>\nPr\u00e9vient le restockage des graisses : l\u2019effet yoyo est ainsi mieux ma\u00eetris\u00e9.<br \/>\nOptimise le br\u00fblage des graisses : permet de consommer l\u2019\u00e9nergie au lieu de la stocker pour des r\u00e9sultats minceur prolong\u00e9s.<\/p>\n","protected":false},"excerpt":{"rendered":"<p>MINCEUR<br \/>\nMORPHO FITNESS 100 ML<\/p>\n","protected":false},"featured_media":1171,"comment_status":"open","ping_status":"closed","template":"","meta":[],"product_brand":[],"product_cat":[34],"product_tag":[],"class_list":{"0":"post-971","1":"product","2":"type-product","3":"status-publish","4":"has-post-thumbnail","6":"product_cat-34","7":"entry","9":"first","10":"instock","11":"taxable","12":"shipping-taxable","13":"purchasable","14":"product-type-simple"},"jetpack_sharing_enabled":true,"_links":{"self":[{"href":"https:\/\/healthstore.mc\/index.php\/wp-json\/wp\/v2\/product\/971","targetHints":{"allow":["GET"]}}],"collection":[{"href":"https:\/\/healthstore.mc\/index.php\/wp-json\/wp\/v2\/product"}],"about":[{"href":"https:\/\/healthstore.mc\/index.php\/wp-json\/wp\/v2\/types\/product"}],"replies":[{"embeddable":true,"href":"https:\/\/healthstore.mc\/index.php\/wp-json\/wp\/v2\/comments?post=971"}],"wp:featuredmedia":[{"embeddable":true,"href":"https:\/\/healthstore.mc\/index.php\/wp-json\/wp\/v2\/media\/1171"}],"wp:attachment":[{"href":"https:\/\/healthstore.mc\/index.php\/wp-json\/wp\/v2\/media?parent=971"}],"wp:term":[{"taxonomy":"product_brand","embeddable":true,"href":"https:\/\/healthstore.mc\/index.php\/wp-json\/wp\/v2\/product_brand?post=971"},{"taxonomy":"product_cat","embeddable":true,"href":"https:\/\/healthstore.mc\/index.php\/wp-json\/wp\/v2\/product_cat?post=971"},{"taxonomy":"product_tag","embeddable":true,"href":"https:\/\/healthstore.mc\/index.php\/wp-json\/wp\/v2\/product_tag?post=971"}],"curies":[{"name":"wp","href":"https:\/\/api.w.org\/{rel}","templated":true}]}}