{"id":979,"date":"2020-10-27T18:24:53","date_gmt":"2020-10-27T17:24:53","guid":{"rendered":"http:\/\/34.65.96.88\/index.php\/product\/esthes-poudre-soin-teintee-15g\/"},"modified":"2024-09-21T16:38:52","modified_gmt":"2024-09-21T14:38:52","slug":"esthes-poudre-soin-teintee-15g","status":"publish","type":"product","link":"https:\/\/healthstore.mc\/index.php\/product\/esthes-poudre-soin-teintee-15g\/","title":{"rendered":"EstheS Poudre Ensoleillante 15g"},"content":{"rendered":"<p>Sa texture \u201cpoudre de soie\u201d non dess\u00e9chante unifie et \u00e9claire le teint d&rsquo;un voile de soleil subtil et tr\u00e8s lumineux.<br \/>\nSublime le teint, reproduit l\u2019illusion du bronzage.<br \/>\nAnti-radicalaire<br \/>\nLa pr\u00e9sence d&rsquo;\u00e9crans min\u00e9raux prot\u00e8ge l\u00e9g\u00e8rement du soleil.<\/p>\n","protected":false},"excerpt":{"rendered":"<p>REFLETS DE SOLEIL<br \/>\nPOUDRE ENSOLEILLANTE 15 GR<\/p>\n","protected":false},"featured_media":1152,"comment_status":"open","ping_status":"closed","template":"","meta":[],"product_brand":[],"product_cat":[34],"product_tag":[],"class_list":{"0":"post-979","1":"product","2":"type-product","3":"status-publish","4":"has-post-thumbnail","6":"product_cat-34","7":"entry","9":"first","10":"outofstock","11":"taxable","12":"shipping-taxable","13":"purchasable","14":"product-type-simple"},"jetpack_sharing_enabled":true,"_links":{"self":[{"href":"https:\/\/healthstore.mc\/index.php\/wp-json\/wp\/v2\/product\/979","targetHints":{"allow":["GET"]}}],"collection":[{"href":"https:\/\/healthstore.mc\/index.php\/wp-json\/wp\/v2\/product"}],"about":[{"href":"https:\/\/healthstore.mc\/index.php\/wp-json\/wp\/v2\/types\/product"}],"replies":[{"embeddable":true,"href":"https:\/\/healthstore.mc\/index.php\/wp-json\/wp\/v2\/comments?post=979"}],"wp:featuredmedia":[{"embeddable":true,"href":"https:\/\/healthstore.mc\/index.php\/wp-json\/wp\/v2\/media\/1152"}],"wp:attachment":[{"href":"https:\/\/healthstore.mc\/index.php\/wp-json\/wp\/v2\/media?parent=979"}],"wp:term":[{"taxonomy":"product_brand","embeddable":true,"href":"https:\/\/healthstore.mc\/index.php\/wp-json\/wp\/v2\/product_brand?post=979"},{"taxonomy":"product_cat","embeddable":true,"href":"https:\/\/healthstore.mc\/index.php\/wp-json\/wp\/v2\/product_cat?post=979"},{"taxonomy":"product_tag","embeddable":true,"href":"https:\/\/healthstore.mc\/index.php\/wp-json\/wp\/v2\/product_tag?post=979"}],"curies":[{"name":"wp","href":"https:\/\/api.w.org\/{rel}","templated":true}]}}