{"id":980,"date":"2020-10-27T18:24:53","date_gmt":"2020-10-27T17:24:53","guid":{"rendered":"http:\/\/34.65.96.88\/index.php\/product\/adaptasun-lait-ps-modr-200ml\/"},"modified":"2023-01-10T16:19:09","modified_gmt":"2023-01-10T15:19:09","slug":"adaptasun-lait-ps-modere-200ml","status":"publish","type":"product","link":"https:\/\/healthstore.mc\/index.php\/product\/adaptasun-lait-ps-modere-200ml\/","title":{"rendered":"AdaptaSun lait ps mod\u00e9r\u00e9 200ml"},"content":{"rendered":"<p>ADAPTASUN LAIT CORPS PEAUX SENSIBLES optimise la protection cellulaire et pr\u00e9vient le photovieillissement gr\u00e2ce \u00e0 la technologie brevet\u00e9e GLOBAL CELLULAR PROTECTION.<br \/>\nStimule, sublime et intensifie le h\u00e2le des peaux claires ou d\u00e9licates, qui bronzent difficilement.<br \/>\nLes peaux sensibles retrouvent, avec mod\u00e9ration, le plaisir du soleil en minimisant les risques de r\u00e9action cutan\u00e9e.<br \/>\nTexture lait onctueux et d\u00e9licat.<br \/>\nStimule le bronzage naturel pour un r\u00e9sultat plus rapide, plus durable, et plus intense.<br \/>\nPr\u00e9vient le photo-vieillissement et les taches brunes : prot\u00e8ge l&rsquo;ADN, pr\u00e9vient les dommages cellulaires gr\u00e2ce \u00e0 la technologie brevet\u00e9e Global Cellular Protection.<br \/>\nActive le processus naturel de pigmentation : le bronzage est lumineux, intense, longue dur\u00e9e.<\/p>\n","protected":false},"excerpt":{"rendered":"<p>ADAPTASUN PEAUX SENSIBLES<br \/>\nADAPTASUN \u2013 LAIT CORPS SOLEIL MOD\u00c9R\u00c9 \u2013 PEAU SENSIBLE 200 ML<\/p>\n","protected":false},"featured_media":1023,"comment_status":"open","ping_status":"closed","template":"","meta":[],"product_brand":[],"product_cat":[34],"product_tag":[],"class_list":{"0":"post-980","1":"product","2":"type-product","3":"status-publish","4":"has-post-thumbnail","6":"product_cat-34","7":"entry","9":"first","10":"instock","11":"taxable","12":"shipping-taxable","13":"purchasable","14":"product-type-simple"},"jetpack_sharing_enabled":true,"_links":{"self":[{"href":"https:\/\/healthstore.mc\/index.php\/wp-json\/wp\/v2\/product\/980","targetHints":{"allow":["GET"]}}],"collection":[{"href":"https:\/\/healthstore.mc\/index.php\/wp-json\/wp\/v2\/product"}],"about":[{"href":"https:\/\/healthstore.mc\/index.php\/wp-json\/wp\/v2\/types\/product"}],"replies":[{"embeddable":true,"href":"https:\/\/healthstore.mc\/index.php\/wp-json\/wp\/v2\/comments?post=980"}],"wp:featuredmedia":[{"embeddable":true,"href":"https:\/\/healthstore.mc\/index.php\/wp-json\/wp\/v2\/media\/1023"}],"wp:attachment":[{"href":"https:\/\/healthstore.mc\/index.php\/wp-json\/wp\/v2\/media?parent=980"}],"wp:term":[{"taxonomy":"product_brand","embeddable":true,"href":"https:\/\/healthstore.mc\/index.php\/wp-json\/wp\/v2\/product_brand?post=980"},{"taxonomy":"product_cat","embeddable":true,"href":"https:\/\/healthstore.mc\/index.php\/wp-json\/wp\/v2\/product_cat?post=980"},{"taxonomy":"product_tag","embeddable":true,"href":"https:\/\/healthstore.mc\/index.php\/wp-json\/wp\/v2\/product_tag?post=980"}],"curies":[{"name":"wp","href":"https:\/\/api.w.org\/{rel}","templated":true}]}}