{"id":985,"date":"2020-10-27T18:24:55","date_gmt":"2020-10-27T17:24:55","guid":{"rendered":"http:\/\/34.65.96.88\/index.php\/product\/white-mousse-150ml\/"},"modified":"2024-09-21T16:39:11","modified_gmt":"2024-09-21T14:39:11","slug":"white-mousse-150ml","status":"publish","type":"product","link":"https:\/\/healthstore.mc\/index.php\/product\/white-mousse-150ml\/","title":{"rendered":"White Mousse 150ml"},"content":{"rendered":"<p>Pour insuffler un nouvel \u00e9clat \u00e0 votre peau, cette mousse nettoyante assure un nettoyage \u00e9claircissant tout en l\u00e9g\u00e8ret\u00e9.<br \/>\nSa formulation en parfaite affinit\u00e9 avec la peau concilie pr\u00e9servation du capital jeunesse et homog\u00e9n\u00e9it\u00e9 du teint.<br \/>\nUn pur d\u00e9lice qui r\u00e9v\u00e8le jour apr\u00e8s jour une peau plus nette, plus lumineuse.<br \/>\nR\u00e9gule la formation de m\u00e9lanine.<br \/>\nEntretient le capital jeunesse de la peau.<br \/>\nNettoie en parfaite osmose avec la peau.<\/p>\n","protected":false},"excerpt":{"rendered":"<p>ESTHE-WHITE SYSTEM<br \/>\nMOUSSE NETTOYANTE \u00c9CLAIRCISSANTE JEUNESSE 150 ML<\/p>\n","protected":false},"featured_media":1150,"comment_status":"open","ping_status":"closed","template":"","meta":[],"product_brand":[],"product_cat":[34],"product_tag":[],"class_list":{"0":"post-985","1":"product","2":"type-product","3":"status-publish","4":"has-post-thumbnail","6":"product_cat-34","7":"entry","9":"first","10":"outofstock","11":"taxable","12":"shipping-taxable","13":"purchasable","14":"product-type-simple"},"jetpack_sharing_enabled":true,"_links":{"self":[{"href":"https:\/\/healthstore.mc\/index.php\/wp-json\/wp\/v2\/product\/985","targetHints":{"allow":["GET"]}}],"collection":[{"href":"https:\/\/healthstore.mc\/index.php\/wp-json\/wp\/v2\/product"}],"about":[{"href":"https:\/\/healthstore.mc\/index.php\/wp-json\/wp\/v2\/types\/product"}],"replies":[{"embeddable":true,"href":"https:\/\/healthstore.mc\/index.php\/wp-json\/wp\/v2\/comments?post=985"}],"wp:featuredmedia":[{"embeddable":true,"href":"https:\/\/healthstore.mc\/index.php\/wp-json\/wp\/v2\/media\/1150"}],"wp:attachment":[{"href":"https:\/\/healthstore.mc\/index.php\/wp-json\/wp\/v2\/media?parent=985"}],"wp:term":[{"taxonomy":"product_brand","embeddable":true,"href":"https:\/\/healthstore.mc\/index.php\/wp-json\/wp\/v2\/product_brand?post=985"},{"taxonomy":"product_cat","embeddable":true,"href":"https:\/\/healthstore.mc\/index.php\/wp-json\/wp\/v2\/product_cat?post=985"},{"taxonomy":"product_tag","embeddable":true,"href":"https:\/\/healthstore.mc\/index.php\/wp-json\/wp\/v2\/product_tag?post=985"}],"curies":[{"name":"wp","href":"https:\/\/api.w.org\/{rel}","templated":true}]}}