{"id":993,"date":"2020-10-27T18:24:58","date_gmt":"2020-10-27T17:24:58","guid":{"rendered":"http:\/\/34.65.96.88\/index.php\/product\/photo-reverse-medium-50ml\/"},"modified":"2024-09-21T16:40:58","modified_gmt":"2024-09-21T14:40:58","slug":"photo-reverse-medium-50ml","status":"publish","type":"product","link":"https:\/\/healthstore.mc\/index.php\/product\/photo-reverse-medium-50ml\/","title":{"rendered":"Photo Reverse medium 50ml"},"content":{"rendered":"<p>Photo Reverse Teint\u00e9 Beige M\u00e9dium est un soin solaire anti-taches haute protection \u00e9claircissant, pr\u00e9ventif et correcteur des hyperpigmentations.<br \/>\nProt\u00e8ge des rayons UVB et UVA, inhibe le processus de pigmentation, et permet un \u00e9claircissement progressif de la peau.<br \/>\nPr\u00e9vient le photo-vieillissement et les taches brunes : prot\u00e8ge l&rsquo;ADN, pr\u00e9vient les dommages cellulaires gr\u00e2ce \u00e0 la technologie brevet\u00e9e Global Cellular Protection.<\/p>\n","protected":false},"excerpt":{"rendered":"<p>OINS PEAUX HYPERPIGMENT\u00c9ES<br \/>\nPHOTO REVERSE TEINT\u00c9 BEIGE M\u00c9DIUM<\/p>\n","protected":false},"featured_media":1148,"comment_status":"open","ping_status":"closed","template":"","meta":[],"product_brand":[],"product_cat":[34],"product_tag":[],"class_list":{"0":"post-993","1":"product","2":"type-product","3":"status-publish","4":"has-post-thumbnail","6":"product_cat-34","7":"entry","9":"first","10":"instock","11":"taxable","12":"shipping-taxable","13":"purchasable","14":"product-type-simple"},"jetpack_sharing_enabled":true,"_links":{"self":[{"href":"https:\/\/healthstore.mc\/index.php\/wp-json\/wp\/v2\/product\/993","targetHints":{"allow":["GET"]}}],"collection":[{"href":"https:\/\/healthstore.mc\/index.php\/wp-json\/wp\/v2\/product"}],"about":[{"href":"https:\/\/healthstore.mc\/index.php\/wp-json\/wp\/v2\/types\/product"}],"replies":[{"embeddable":true,"href":"https:\/\/healthstore.mc\/index.php\/wp-json\/wp\/v2\/comments?post=993"}],"wp:featuredmedia":[{"embeddable":true,"href":"https:\/\/healthstore.mc\/index.php\/wp-json\/wp\/v2\/media\/1148"}],"wp:attachment":[{"href":"https:\/\/healthstore.mc\/index.php\/wp-json\/wp\/v2\/media?parent=993"}],"wp:term":[{"taxonomy":"product_brand","embeddable":true,"href":"https:\/\/healthstore.mc\/index.php\/wp-json\/wp\/v2\/product_brand?post=993"},{"taxonomy":"product_cat","embeddable":true,"href":"https:\/\/healthstore.mc\/index.php\/wp-json\/wp\/v2\/product_cat?post=993"},{"taxonomy":"product_tag","embeddable":true,"href":"https:\/\/healthstore.mc\/index.php\/wp-json\/wp\/v2\/product_tag?post=993"}],"curies":[{"name":"wp","href":"https:\/\/api.w.org\/{rel}","templated":true}]}}